{"id":17663,"date":"2023-10-03T14:04:57","date_gmt":"2023-10-03T18:04:57","guid":{"rendered":"https:\/\/thebusinesscouncil.ca\/?post_type=staff&#038;p=17663"},"modified":"2025-10-01T11:22:31","modified_gmt":"2025-10-01T15:22:31","slug":"mark-camilleri","status":"publish","type":"staff","link":"https:\/\/www.thebusinesscouncil.ca\/fr\/equipe\/mark-camilleri\/","title":{"rendered":"Mark Camilleri"},"content":{"rendered":"\n<p>Bas\u00e9 \u00e0 Bruxelles, Mark conseille le Conseil sur les activit\u00e9s europ\u00e9ennes et les questions pertinentes pour les entreprises canadiennes.<\/p>\n\n\n\n<p>Mark est un avocat qui compte plus de 20&nbsp;ans d\u2019exp\u00e9rience en droit des soci\u00e9t\u00e9s, en droit commercial et en droit r\u00e9glementaire dans l\u2019Union europ\u00e9enne, au Canada et au Royaume-Uni. Il est le fondateur et le directeur de Camilleri Law, un cabinet d\u2019avocats sp\u00e9cialis\u00e9 dans la r\u00e9glementation europ\u00e9enne, situ\u00e9 \u00e0 Bruxelles.&nbsp; Il est \u00e9galement cofondateur et pr\u00e9sident de l\u2019Association Canada-UE pour le commerce et les investissements \u00e0 Bruxelles, un organisme \u00e0 but non lucratif et qui vise \u00e0 faire progresser les relations \u00e9conomiques et commerciales entre le Canada et l\u2019UE.<\/p>\n\n\n\n<p>Il est membre \u00e0 part enti\u00e8re des barreaux de Bruxelles (Belgique\/UE), de l\u2019Ontario (Canada) et de l\u2019Angleterre (Royaume-Uni).&nbsp; Il est \u00e9galement titulaire de la certification Certified Information Privacy Professional Europe (CIPP\/E) et membre de l\u2019International Association of Privacy Professionals. De 2017 \u00e0 2022, il a enseign\u00e9 \u00e0 la facult\u00e9 de droit de la KU Leuven.<\/p>\n\n\n\n<p>Mark est titulaire d\u2019un LL.M. en droit europ\u00e9en de la KU Leuven, d\u2019un LL.B.\/MBA de l\u2019Universit\u00e9 Dalhousie et d\u2019un B.A. en relations internationales de l\u2019Universit\u00e9 de Toronto.<\/p>\n","protected":false},"featured_media":17560,"template":"","team":[],"class_list":["post-17663","staff","type-staff","status-publish","has-post-thumbnail","hentry"],"acf":[],"yoast_head":"<!-- This site is optimized with the Yoast SEO plugin v27.1.1 - https:\/\/yoast.com\/product\/yoast-seo-wordpress\/ -->\n<title>Mark Camilleri | Business Council of Canada<\/title>\n<meta name=\"robots\" content=\"noindex, follow\" \/>\n<meta property=\"og:locale\" content=\"fr_FR\" \/>\n<meta property=\"og:type\" content=\"article\" \/>\n<meta property=\"og:title\" content=\"Mark Camilleri | Business Council of Canada\" \/>\n<meta property=\"og:description\" content=\"Bas\u00e9 \u00e0 Bruxelles, Mark conseille le Conseil sur les activit\u00e9s europ\u00e9ennes et les questions pertinentes pour les entreprises canadiennes. Mark est un avocat qui compte plus de 20&nbsp;ans d\u2019exp\u00e9rience en droit des soci\u00e9t\u00e9s, en droit commercial et en droit r\u00e9glementaire...\" \/>\n<meta property=\"og:url\" content=\"https:\/\/www.thebusinesscouncil.ca\/fr\/equipe\/mark-camilleri\/\" \/>\n<meta property=\"og:site_name\" content=\"Business Council of Canada\" \/>\n<meta property=\"article:modified_time\" content=\"2025-10-01T15:22:31+00:00\" \/>\n<meta property=\"og:image\" content=\"https:\/\/www.thebusinesscouncil.ca\/wp-content\/uploads\/2023\/09\/Mark-Camilleri-png-2-e1694620873405.png\" \/>\n\t<meta property=\"og:image:width\" content=\"380\" \/>\n\t<meta property=\"og:image:height\" content=\"400\" \/>\n\t<meta property=\"og:image:type\" content=\"image\/png\" \/>\n<meta name=\"twitter:card\" content=\"summary_large_image\" \/>\n<meta name=\"twitter:site\" content=\"@BizCouncilofCan\" \/>\n<script type=\"application\/ld+json\" class=\"yoast-schema-graph\">{\"@context\":\"https:\/\/schema.org\",\"@graph\":[{\"@type\":[\"WebPage\",\"ItemPage\"],\"@id\":\"https:\/\/www.thebusinesscouncil.ca\/fr\/equipe\/mark-camilleri\/\",\"url\":\"https:\/\/www.thebusinesscouncil.ca\/fr\/equipe\/mark-camilleri\/\",\"name\":\"Mark Camilleri | Business Council of Canada\",\"isPartOf\":{\"@id\":\"https:\/\/www.thebusinesscouncil.ca\/#website\"},\"primaryImageOfPage\":{\"@id\":\"https:\/\/www.thebusinesscouncil.ca\/fr\/equipe\/mark-camilleri\/#primaryimage\"},\"image\":{\"@id\":\"https:\/\/www.thebusinesscouncil.ca\/fr\/equipe\/mark-camilleri\/#primaryimage\"},\"thumbnailUrl\":\"https:\/\/www.thebusinesscouncil.ca\/wp-content\/uploads\/2023\/09\/Mark-Camilleri-png-2-e1694620873405.png\",\"datePublished\":\"2023-10-03T18:04:57+00:00\",\"dateModified\":\"2025-10-01T15:22:31+00:00\",\"breadcrumb\":{\"@id\":\"https:\/\/www.thebusinesscouncil.ca\/fr\/equipe\/mark-camilleri\/#breadcrumb\"},\"inLanguage\":\"fr-FR\",\"potentialAction\":[{\"@type\":\"ReadAction\",\"target\":[\"https:\/\/www.thebusinesscouncil.ca\/fr\/equipe\/mark-camilleri\/\"]}]},{\"@type\":\"ImageObject\",\"inLanguage\":\"fr-FR\",\"@id\":\"https:\/\/www.thebusinesscouncil.ca\/fr\/equipe\/mark-camilleri\/#primaryimage\",\"url\":\"https:\/\/www.thebusinesscouncil.ca\/wp-content\/uploads\/2023\/09\/Mark-Camilleri-png-2-e1694620873405.png\",\"contentUrl\":\"https:\/\/www.thebusinesscouncil.ca\/wp-content\/uploads\/2023\/09\/Mark-Camilleri-png-2-e1694620873405.png\",\"width\":380,\"height\":400},{\"@type\":\"BreadcrumbList\",\"@id\":\"https:\/\/www.thebusinesscouncil.ca\/fr\/equipe\/mark-camilleri\/#breadcrumb\",\"itemListElement\":[{\"@type\":\"ListItem\",\"position\":1,\"name\":\"Home\",\"item\":\"https:\/\/www.thebusinesscouncil.ca\/fr\/\"},{\"@type\":\"ListItem\",\"position\":2,\"name\":\"Mark Camilleri\"}]},{\"@type\":\"WebSite\",\"@id\":\"https:\/\/www.thebusinesscouncil.ca\/#website\",\"url\":\"https:\/\/www.thebusinesscouncil.ca\/\",\"name\":\"Business Council of Canada\",\"description\":\"\",\"publisher\":{\"@id\":\"https:\/\/www.thebusinesscouncil.ca\/#organization\"},\"potentialAction\":[{\"@type\":\"SearchAction\",\"target\":{\"@type\":\"EntryPoint\",\"urlTemplate\":\"https:\/\/www.thebusinesscouncil.ca\/?s={search_term_string}\"},\"query-input\":{\"@type\":\"PropertyValueSpecification\",\"valueRequired\":true,\"valueName\":\"search_term_string\"}}],\"inLanguage\":\"fr-FR\"},{\"@type\":\"Organization\",\"@id\":\"https:\/\/www.thebusinesscouncil.ca\/#organization\",\"name\":\"Business Council of Canada\",\"url\":\"https:\/\/www.thebusinesscouncil.ca\/\",\"logo\":{\"@type\":\"ImageObject\",\"inLanguage\":\"fr-FR\",\"@id\":\"https:\/\/www.thebusinesscouncil.ca\/#\/schema\/logo\/image\/\",\"url\":\"https:\/\/www.thebusinesscouncil.ca\/wp-content\/uploads\/2020\/10\/Business-Council-of-Canada-Generic.png\",\"contentUrl\":\"https:\/\/www.thebusinesscouncil.ca\/wp-content\/uploads\/2020\/10\/Business-Council-of-Canada-Generic.png\",\"width\":1440,\"height\":900,\"caption\":\"Business Council of Canada\"},\"image\":{\"@id\":\"https:\/\/www.thebusinesscouncil.ca\/#\/schema\/logo\/image\/\"},\"sameAs\":[\"https:\/\/x.com\/BizCouncilofCan\",\"https:\/\/www.linkedin.com\/company\/business-council-of-canda\",\"https:\/\/www.youtube.com\/user\/CdnCEOCouncil\"]}]}<\/script>\n<!-- \/ Yoast SEO plugin. -->","yoast_head_json":{"title":"Mark Camilleri | Business Council of Canada","robots":{"index":"noindex","follow":"follow"},"og_locale":"fr_FR","og_type":"article","og_title":"Mark Camilleri | Business Council of Canada","og_description":"Bas\u00e9 \u00e0 Bruxelles, Mark conseille le Conseil sur les activit\u00e9s europ\u00e9ennes et les questions pertinentes pour les entreprises canadiennes. Mark est un avocat qui compte plus de 20&nbsp;ans d\u2019exp\u00e9rience en droit des soci\u00e9t\u00e9s, en droit commercial et en droit r\u00e9glementaire...","og_url":"https:\/\/www.thebusinesscouncil.ca\/fr\/equipe\/mark-camilleri\/","og_site_name":"Business Council of Canada","article_modified_time":"2025-10-01T15:22:31+00:00","og_image":[{"width":380,"height":400,"url":"https:\/\/www.thebusinesscouncil.ca\/wp-content\/uploads\/2023\/09\/Mark-Camilleri-png-2-e1694620873405.png","type":"image\/png"}],"twitter_card":"summary_large_image","twitter_site":"@BizCouncilofCan","schema":{"@context":"https:\/\/schema.org","@graph":[{"@type":["WebPage","ItemPage"],"@id":"https:\/\/www.thebusinesscouncil.ca\/fr\/equipe\/mark-camilleri\/","url":"https:\/\/www.thebusinesscouncil.ca\/fr\/equipe\/mark-camilleri\/","name":"Mark Camilleri | Business Council of Canada","isPartOf":{"@id":"https:\/\/www.thebusinesscouncil.ca\/#website"},"primaryImageOfPage":{"@id":"https:\/\/www.thebusinesscouncil.ca\/fr\/equipe\/mark-camilleri\/#primaryimage"},"image":{"@id":"https:\/\/www.thebusinesscouncil.ca\/fr\/equipe\/mark-camilleri\/#primaryimage"},"thumbnailUrl":"https:\/\/www.thebusinesscouncil.ca\/wp-content\/uploads\/2023\/09\/Mark-Camilleri-png-2-e1694620873405.png","datePublished":"2023-10-03T18:04:57+00:00","dateModified":"2025-10-01T15:22:31+00:00","breadcrumb":{"@id":"https:\/\/www.thebusinesscouncil.ca\/fr\/equipe\/mark-camilleri\/#breadcrumb"},"inLanguage":"fr-FR","potentialAction":[{"@type":"ReadAction","target":["https:\/\/www.thebusinesscouncil.ca\/fr\/equipe\/mark-camilleri\/"]}]},{"@type":"ImageObject","inLanguage":"fr-FR","@id":"https:\/\/www.thebusinesscouncil.ca\/fr\/equipe\/mark-camilleri\/#primaryimage","url":"https:\/\/www.thebusinesscouncil.ca\/wp-content\/uploads\/2023\/09\/Mark-Camilleri-png-2-e1694620873405.png","contentUrl":"https:\/\/www.thebusinesscouncil.ca\/wp-content\/uploads\/2023\/09\/Mark-Camilleri-png-2-e1694620873405.png","width":380,"height":400},{"@type":"BreadcrumbList","@id":"https:\/\/www.thebusinesscouncil.ca\/fr\/equipe\/mark-camilleri\/#breadcrumb","itemListElement":[{"@type":"ListItem","position":1,"name":"Home","item":"https:\/\/www.thebusinesscouncil.ca\/fr\/"},{"@type":"ListItem","position":2,"name":"Mark Camilleri"}]},{"@type":"WebSite","@id":"https:\/\/www.thebusinesscouncil.ca\/#website","url":"https:\/\/www.thebusinesscouncil.ca\/","name":"Business Council of Canada","description":"","publisher":{"@id":"https:\/\/www.thebusinesscouncil.ca\/#organization"},"potentialAction":[{"@type":"SearchAction","target":{"@type":"EntryPoint","urlTemplate":"https:\/\/www.thebusinesscouncil.ca\/?s={search_term_string}"},"query-input":{"@type":"PropertyValueSpecification","valueRequired":true,"valueName":"search_term_string"}}],"inLanguage":"fr-FR"},{"@type":"Organization","@id":"https:\/\/www.thebusinesscouncil.ca\/#organization","name":"Business Council of Canada","url":"https:\/\/www.thebusinesscouncil.ca\/","logo":{"@type":"ImageObject","inLanguage":"fr-FR","@id":"https:\/\/www.thebusinesscouncil.ca\/#\/schema\/logo\/image\/","url":"https:\/\/www.thebusinesscouncil.ca\/wp-content\/uploads\/2020\/10\/Business-Council-of-Canada-Generic.png","contentUrl":"https:\/\/www.thebusinesscouncil.ca\/wp-content\/uploads\/2020\/10\/Business-Council-of-Canada-Generic.png","width":1440,"height":900,"caption":"Business Council of Canada"},"image":{"@id":"https:\/\/www.thebusinesscouncil.ca\/#\/schema\/logo\/image\/"},"sameAs":["https:\/\/x.com\/BizCouncilofCan","https:\/\/www.linkedin.com\/company\/business-council-of-canda","https:\/\/www.youtube.com\/user\/CdnCEOCouncil"]}]}},"publishpress_future_workflow_manual_trigger":{"enabledWorkflows":[]},"_links":{"self":[{"href":"https:\/\/www.thebusinesscouncil.ca\/fr\/wp-json\/wp\/v2\/staff\/17663","targetHints":{"allow":["GET"]}}],"collection":[{"href":"https:\/\/www.thebusinesscouncil.ca\/fr\/wp-json\/wp\/v2\/staff"}],"about":[{"href":"https:\/\/www.thebusinesscouncil.ca\/fr\/wp-json\/wp\/v2\/types\/staff"}],"wp:featuredmedia":[{"embeddable":true,"href":"https:\/\/www.thebusinesscouncil.ca\/fr\/wp-json\/wp\/v2\/media\/17560"}],"wp:attachment":[{"href":"https:\/\/www.thebusinesscouncil.ca\/fr\/wp-json\/wp\/v2\/media?parent=17663"}],"wp:term":[{"taxonomy":"team","embeddable":true,"href":"https:\/\/www.thebusinesscouncil.ca\/fr\/wp-json\/wp\/v2\/team?post=17663"}],"curies":[{"name":"wp","href":"https:\/\/api.w.org\/{rel}","templated":true}]}}

<p>Basé à Bruxelles, Mark conseille le Conseil sur les activités européennes et les questions pertinentes pour les entreprises canadiennes.</p>



<p>Mark est un avocat qui compte plus de 20&nbsp;ans d’expérience en droit des sociétés, en droit commercial et en droit réglementaire dans l’Union européenne, au Canada et au Royaume-Uni. Il est le fondateur et le directeur de Camilleri Law, un cabinet d’avocats spécialisé dans la réglementation européenne, situé à Bruxelles.&nbsp; Il est également cofondateur et président de l’Association Canada-UE pour le commerce et les investissements à Bruxelles, un organisme à but non lucratif et qui vise à faire progresser les relations économiques et commerciales entre le Canada et l’UE.</p>



<p>Il est membre à part entière des barreaux de Bruxelles (Belgique/UE), de l’Ontario (Canada) et de l’Angleterre (Royaume-Uni).&nbsp; Il est également titulaire de la certification Certified Information Privacy Professional Europe (CIPP/E) et membre de l’International Association of Privacy Professionals. De 2017 à 2022, il a enseigné à la faculté de droit de la KU Leuven.</p>



<p>Mark est titulaire d’un LL.M. en droit européen de la KU Leuven, d’un LL.B./MBA de l’Université Dalhousie et d’un B.A. en relations internationales de l’Université de Toronto.</p>

<!-- This site is optimized with the Yoast SEO plugin v27.1.1 - https://yoast.com/product/yoast-seo-wordpress/ -->
<title>Mark Camilleri | Business Council of Canada</title>
<meta name="robots" content="noindex, follow" />
<meta property="og:locale" content="fr_FR" />
<meta property="og:type" content="article" />
<meta property="og:title" content="Mark Camilleri | Business Council of Canada" />
<meta property="og:description" content="Basé à Bruxelles, Mark conseille le Conseil sur les activités européennes et les questions pertinentes pour les entreprises canadiennes. Mark est un avocat qui compte plus de 20&nbsp;ans d’expérience en droit des sociétés, en droit commercial et en droit réglementaire..." />
<meta property="og:url" content="https://www.thebusinesscouncil.ca/fr/equipe/mark-camilleri/" />
<meta property="og:site_name" content="Business Council of Canada" />
<meta property="article:modified_time" content="2025-10-01T15:22:31+00:00" />
<meta property="og:image" content="https://www.thebusinesscouncil.ca/wp-content/uploads/2023/09/Mark-Camilleri-png-2-e1694620873405.png" />
	<meta property="og:image:width" content="380" />
	<meta property="og:image:height" content="400" />
	<meta property="og:image:type" content="image/png" />
<meta name="twitter:card" content="summary_large_image" />
<meta name="twitter:site" content="@BizCouncilofCan" />
<script type="application/ld+json" class="yoast-schema-graph">{"@context":"https://schema.org","@graph":[{"@type":["WebPage","ItemPage"],"@id":"https://www.thebusinesscouncil.ca/fr/equipe/mark-camilleri/","url":"https://www.thebusinesscouncil.ca/fr/equipe/mark-camilleri/","name":"Mark Camilleri | Business Council of Canada","isPartOf":{"@id":"https://www.thebusinesscouncil.ca/#website"},"primaryImageOfPage":{"@id":"https://www.thebusinesscouncil.ca/fr/equipe/mark-camilleri/#primaryimage"},"image":{"@id":"https://www.thebusinesscouncil.ca/fr/equipe/mark-camilleri/#primaryimage"},"thumbnailUrl":"https://www.thebusinesscouncil.ca/wp-content/uploads/2023/09/Mark-Camilleri-png-2-e1694620873405.png","datePublished":"2023-10-03T18:04:57+00:00","dateModified":"2025-10-01T15:22:31+00:00","breadcrumb":{"@id":"https://www.thebusinesscouncil.ca/fr/equipe/mark-camilleri/#breadcrumb"},"inLanguage":"fr-FR","potentialAction":[{"@type":"ReadAction","target":["https://www.thebusinesscouncil.ca/fr/equipe/mark-camilleri/"]}]},{"@type":"ImageObject","inLanguage":"fr-FR","@id":"https://www.thebusinesscouncil.ca/fr/equipe/mark-camilleri/#primaryimage","url":"https://www.thebusinesscouncil.ca/wp-content/uploads/2023/09/Mark-Camilleri-png-2-e1694620873405.png","contentUrl":"https://www.thebusinesscouncil.ca/wp-content/uploads/2023/09/Mark-Camilleri-png-2-e1694620873405.png","width":380,"height":400},{"@type":"BreadcrumbList","@id":"https://www.thebusinesscouncil.ca/fr/equipe/mark-camilleri/#breadcrumb","itemListElement":[{"@type":"ListItem","position":1,"name":"Home","item":"https://www.thebusinesscouncil.ca/fr/"},{"@type":"ListItem","position":2,"name":"Mark Camilleri"}]},{"@type":"WebSite","@id":"https://www.thebusinesscouncil.ca/#website","url":"https://www.thebusinesscouncil.ca/","name":"Business Council of Canada","description":"","publisher":{"@id":"https://www.thebusinesscouncil.ca/#organization"},"potentialAction":[{"@type":"SearchAction","target":{"@type":"EntryPoint","urlTemplate":"https://www.thebusinesscouncil.ca/?s={search_term_string}"},"query-input":{"@type":"PropertyValueSpecification","valueRequired":true,"valueName":"search_term_string"}}],"inLanguage":"fr-FR"},{"@type":"Organization","@id":"https://www.thebusinesscouncil.ca/#organization","name":"Business Council of Canada","url":"https://www.thebusinesscouncil.ca/","logo":{"@type":"ImageObject","inLanguage":"fr-FR","@id":"https://www.thebusinesscouncil.ca/#/schema/logo/image/","url":"https://www.thebusinesscouncil.ca/wp-content/uploads/2020/10/Business-Council-of-Canada-Generic.png","contentUrl":"https://www.thebusinesscouncil.ca/wp-content/uploads/2020/10/Business-Council-of-Canada-Generic.png","width":1440,"height":900,"caption":"Business Council of Canada"},"image":{"@id":"https://www.thebusinesscouncil.ca/#/schema/logo/image/"},"sameAs":["https://x.com/BizCouncilofCan","https://www.linkedin.com/company/business-council-of-canda","https://www.youtube.com/user/CdnCEOCouncil"]}]}</script>
<!-- / Yoast SEO plugin. -->

Basé à Bruxelles, Mark conseille le Conseil sur les activités européennes et les questions pertinentes pour les entreprises canadiennes. Mark est un avocat qui compte plus de 20&nbsp;ans d’expérience en droit des sociétés, en droit commercial et en droit réglementaire...
