{"id":5839,"date":"2020-04-28T18:13:00","date_gmt":"2020-04-28T18:13:00","guid":{"rendered":"https:\/\/www.thebusinesscouncil.ca\/?post_type=publication&#038;p=5839"},"modified":"2020-11-05T14:17:35","modified_gmt":"2020-11-05T14:17:35","slug":"modalites-de-reouverture-de-certains-secteurs-de-leconomie","status":"publish","type":"publication","link":"https:\/\/www.thebusinesscouncil.ca\/fr\/publication\/modalites-de-reouverture-de-certains-secteurs-de-leconomie\/","title":{"rendered":"Modalit\u00e9s de r\u00e9ouverture de certains secteurs de l\u2019\u00e9conomie"},"content":{"rendered":"\n<p>Au nom de plusieurs des plus grands employeurs du Qu\u00e9bec, nous remercions le premier ministre Francois Legault,\u00a0 ministre Fitzgibbon et le gouvernement du Qu\u00e9bec pour la pr\u00e9sentation de leur plan de relance pour red\u00e9marrer progressivement les activit\u00e9s dans le milieu de la construction, le secteur manufacturier et certains commerces.<\/p>\n\n\n\n<p>Nous appr\u00e9cions l\u2019engagement du premier ministre d\u2019augmenter le nombre de tests quotidiens de d\u00e9pistage de la COVID-19, y compris dans la population g\u00e9n\u00e9rale. Des tests et des recherches g\u00e9n\u00e9ralis\u00e9s sont essentiels pour restaurer la confiance du public et assurer un red\u00e9marrage \u00e9conomique s\u00fbr.<\/p>\n","protected":false},"author":3,"featured_media":5446,"template":"","post_types":[104],"topics":[76,83],"class_list":["post-5839","publication","type-publication","status-publish","has-post-thumbnail","hentry","post_types-declarations"],"acf":[],"yoast_head":"<!-- This site is optimized with the Yoast SEO plugin v27.1.1 - https:\/\/yoast.com\/product\/yoast-seo-wordpress\/ -->\n<title>Modalit\u00e9s de r\u00e9ouverture de certains secteurs de l\u2019\u00e9conomie | Business Council of Canada<\/title>\n<meta name=\"robots\" content=\"index, follow, max-snippet:-1, max-image-preview:large, max-video-preview:-1\" \/>\n<link rel=\"canonical\" href=\"https:\/\/www.thebusinesscouncil.ca\/fr\/publication\/modalites-de-reouverture-de-certains-secteurs-de-leconomie\/\" \/>\n<meta property=\"og:locale\" content=\"fr_FR\" \/>\n<meta property=\"og:type\" content=\"article\" \/>\n<meta property=\"og:title\" content=\"Modalit\u00e9s de r\u00e9ouverture de certains secteurs de l\u2019\u00e9conomie | Business Council of Canada\" \/>\n<meta property=\"og:description\" content=\"Au nom de plusieurs des plus grands employeurs du Qu\u00e9bec, nous remercions le premier ministre Francois Legault,\u00a0 ministre Fitzgibbon et le gouvernement du Qu\u00e9bec pour la pr\u00e9sentation de leur plan de relance pour red\u00e9marrer progressivement les activit\u00e9s dans le milieu...\" \/>\n<meta property=\"og:url\" content=\"https:\/\/www.thebusinesscouncil.ca\/fr\/publication\/modalites-de-reouverture-de-certains-secteurs-de-leconomie\/\" \/>\n<meta property=\"og:site_name\" content=\"Business Council of Canada\" \/>\n<meta property=\"article:modified_time\" content=\"2020-11-05T14:17:35+00:00\" \/>\n<meta property=\"og:image\" content=\"https:\/\/www.thebusinesscouncil.ca\/wp-content\/uploads\/2020\/10\/De\u0301clarations.png\" \/>\n\t<meta property=\"og:image:width\" content=\"1440\" \/>\n\t<meta property=\"og:image:height\" content=\"900\" \/>\n\t<meta property=\"og:image:type\" content=\"image\/png\" \/>\n<meta name=\"twitter:card\" content=\"summary_large_image\" \/>\n<meta name=\"twitter:site\" content=\"@BizCouncilofCan\" \/>\n<script type=\"application\/ld+json\" class=\"yoast-schema-graph\">{\"@context\":\"https:\/\/schema.org\",\"@graph\":[{\"@type\":\"WebPage\",\"@id\":\"https:\/\/www.thebusinesscouncil.ca\/fr\/publication\/modalites-de-reouverture-de-certains-secteurs-de-leconomie\/\",\"url\":\"https:\/\/www.thebusinesscouncil.ca\/fr\/publication\/modalites-de-reouverture-de-certains-secteurs-de-leconomie\/\",\"name\":\"Modalit\u00e9s de r\u00e9ouverture de certains secteurs de l\u2019\u00e9conomie | Business Council of Canada\",\"isPartOf\":{\"@id\":\"https:\/\/www.thebusinesscouncil.ca\/#website\"},\"primaryImageOfPage\":{\"@id\":\"https:\/\/www.thebusinesscouncil.ca\/fr\/publication\/modalites-de-reouverture-de-certains-secteurs-de-leconomie\/#primaryimage\"},\"image\":{\"@id\":\"https:\/\/www.thebusinesscouncil.ca\/fr\/publication\/modalites-de-reouverture-de-certains-secteurs-de-leconomie\/#primaryimage\"},\"thumbnailUrl\":\"https:\/\/www.thebusinesscouncil.ca\/wp-content\/uploads\/2020\/10\/De\u0301clarations.png\",\"datePublished\":\"2020-04-28T18:13:00+00:00\",\"dateModified\":\"2020-11-05T14:17:35+00:00\",\"breadcrumb\":{\"@id\":\"https:\/\/www.thebusinesscouncil.ca\/fr\/publication\/modalites-de-reouverture-de-certains-secteurs-de-leconomie\/#breadcrumb\"},\"inLanguage\":\"fr-FR\",\"potentialAction\":[{\"@type\":\"ReadAction\",\"target\":[\"https:\/\/www.thebusinesscouncil.ca\/fr\/publication\/modalites-de-reouverture-de-certains-secteurs-de-leconomie\/\"]}]},{\"@type\":\"ImageObject\",\"inLanguage\":\"fr-FR\",\"@id\":\"https:\/\/www.thebusinesscouncil.ca\/fr\/publication\/modalites-de-reouverture-de-certains-secteurs-de-leconomie\/#primaryimage\",\"url\":\"https:\/\/www.thebusinesscouncil.ca\/wp-content\/uploads\/2020\/10\/De\u0301clarations.png\",\"contentUrl\":\"https:\/\/www.thebusinesscouncil.ca\/wp-content\/uploads\/2020\/10\/De\u0301clarations.png\",\"width\":1440,\"height\":900},{\"@type\":\"BreadcrumbList\",\"@id\":\"https:\/\/www.thebusinesscouncil.ca\/fr\/publication\/modalites-de-reouverture-de-certains-secteurs-de-leconomie\/#breadcrumb\",\"itemListElement\":[{\"@type\":\"ListItem\",\"position\":1,\"name\":\"Home\",\"item\":\"https:\/\/www.thebusinesscouncil.ca\/fr\/\"},{\"@type\":\"ListItem\",\"position\":2,\"name\":\"Modalit\u00e9s de r\u00e9ouverture de certains secteurs de l\u2019\u00e9conomie\"}]},{\"@type\":\"WebSite\",\"@id\":\"https:\/\/www.thebusinesscouncil.ca\/#website\",\"url\":\"https:\/\/www.thebusinesscouncil.ca\/\",\"name\":\"Business Council of Canada\",\"description\":\"\",\"publisher\":{\"@id\":\"https:\/\/www.thebusinesscouncil.ca\/#organization\"},\"potentialAction\":[{\"@type\":\"SearchAction\",\"target\":{\"@type\":\"EntryPoint\",\"urlTemplate\":\"https:\/\/www.thebusinesscouncil.ca\/?s={search_term_string}\"},\"query-input\":{\"@type\":\"PropertyValueSpecification\",\"valueRequired\":true,\"valueName\":\"search_term_string\"}}],\"inLanguage\":\"fr-FR\"},{\"@type\":\"Organization\",\"@id\":\"https:\/\/www.thebusinesscouncil.ca\/#organization\",\"name\":\"Business Council of Canada\",\"url\":\"https:\/\/www.thebusinesscouncil.ca\/\",\"logo\":{\"@type\":\"ImageObject\",\"inLanguage\":\"fr-FR\",\"@id\":\"https:\/\/www.thebusinesscouncil.ca\/#\/schema\/logo\/image\/\",\"url\":\"https:\/\/www.thebusinesscouncil.ca\/wp-content\/uploads\/2020\/10\/Business-Council-of-Canada-Generic.png\",\"contentUrl\":\"https:\/\/www.thebusinesscouncil.ca\/wp-content\/uploads\/2020\/10\/Business-Council-of-Canada-Generic.png\",\"width\":1440,\"height\":900,\"caption\":\"Business Council of Canada\"},\"image\":{\"@id\":\"https:\/\/www.thebusinesscouncil.ca\/#\/schema\/logo\/image\/\"},\"sameAs\":[\"https:\/\/x.com\/BizCouncilofCan\",\"https:\/\/www.linkedin.com\/company\/business-council-of-canda\",\"https:\/\/www.youtube.com\/user\/CdnCEOCouncil\"]}]}<\/script>\n<!-- \/ Yoast SEO plugin. -->","yoast_head_json":{"title":"Modalit\u00e9s de r\u00e9ouverture de certains secteurs de l\u2019\u00e9conomie | Business Council of Canada","robots":{"index":"index","follow":"follow","max-snippet":"max-snippet:-1","max-image-preview":"max-image-preview:large","max-video-preview":"max-video-preview:-1"},"canonical":"https:\/\/www.thebusinesscouncil.ca\/fr\/publication\/modalites-de-reouverture-de-certains-secteurs-de-leconomie\/","og_locale":"fr_FR","og_type":"article","og_title":"Modalit\u00e9s de r\u00e9ouverture de certains secteurs de l\u2019\u00e9conomie | Business Council of Canada","og_description":"Au nom de plusieurs des plus grands employeurs du Qu\u00e9bec, nous remercions le premier ministre Francois Legault,\u00a0 ministre Fitzgibbon et le gouvernement du Qu\u00e9bec pour la pr\u00e9sentation de leur plan de relance pour red\u00e9marrer progressivement les activit\u00e9s dans le milieu...","og_url":"https:\/\/www.thebusinesscouncil.ca\/fr\/publication\/modalites-de-reouverture-de-certains-secteurs-de-leconomie\/","og_site_name":"Business Council of Canada","article_modified_time":"2020-11-05T14:17:35+00:00","og_image":[{"width":1440,"height":900,"url":"https:\/\/www.thebusinesscouncil.ca\/wp-content\/uploads\/2020\/10\/De\u0301clarations.png","type":"image\/png"}],"twitter_card":"summary_large_image","twitter_site":"@BizCouncilofCan","schema":{"@context":"https:\/\/schema.org","@graph":[{"@type":"WebPage","@id":"https:\/\/www.thebusinesscouncil.ca\/fr\/publication\/modalites-de-reouverture-de-certains-secteurs-de-leconomie\/","url":"https:\/\/www.thebusinesscouncil.ca\/fr\/publication\/modalites-de-reouverture-de-certains-secteurs-de-leconomie\/","name":"Modalit\u00e9s de r\u00e9ouverture de certains secteurs de l\u2019\u00e9conomie | Business Council of Canada","isPartOf":{"@id":"https:\/\/www.thebusinesscouncil.ca\/#website"},"primaryImageOfPage":{"@id":"https:\/\/www.thebusinesscouncil.ca\/fr\/publication\/modalites-de-reouverture-de-certains-secteurs-de-leconomie\/#primaryimage"},"image":{"@id":"https:\/\/www.thebusinesscouncil.ca\/fr\/publication\/modalites-de-reouverture-de-certains-secteurs-de-leconomie\/#primaryimage"},"thumbnailUrl":"https:\/\/www.thebusinesscouncil.ca\/wp-content\/uploads\/2020\/10\/De\u0301clarations.png","datePublished":"2020-04-28T18:13:00+00:00","dateModified":"2020-11-05T14:17:35+00:00","breadcrumb":{"@id":"https:\/\/www.thebusinesscouncil.ca\/fr\/publication\/modalites-de-reouverture-de-certains-secteurs-de-leconomie\/#breadcrumb"},"inLanguage":"fr-FR","potentialAction":[{"@type":"ReadAction","target":["https:\/\/www.thebusinesscouncil.ca\/fr\/publication\/modalites-de-reouverture-de-certains-secteurs-de-leconomie\/"]}]},{"@type":"ImageObject","inLanguage":"fr-FR","@id":"https:\/\/www.thebusinesscouncil.ca\/fr\/publication\/modalites-de-reouverture-de-certains-secteurs-de-leconomie\/#primaryimage","url":"https:\/\/www.thebusinesscouncil.ca\/wp-content\/uploads\/2020\/10\/De\u0301clarations.png","contentUrl":"https:\/\/www.thebusinesscouncil.ca\/wp-content\/uploads\/2020\/10\/De\u0301clarations.png","width":1440,"height":900},{"@type":"BreadcrumbList","@id":"https:\/\/www.thebusinesscouncil.ca\/fr\/publication\/modalites-de-reouverture-de-certains-secteurs-de-leconomie\/#breadcrumb","itemListElement":[{"@type":"ListItem","position":1,"name":"Home","item":"https:\/\/www.thebusinesscouncil.ca\/fr\/"},{"@type":"ListItem","position":2,"name":"Modalit\u00e9s de r\u00e9ouverture de certains secteurs de l\u2019\u00e9conomie"}]},{"@type":"WebSite","@id":"https:\/\/www.thebusinesscouncil.ca\/#website","url":"https:\/\/www.thebusinesscouncil.ca\/","name":"Business Council of Canada","description":"","publisher":{"@id":"https:\/\/www.thebusinesscouncil.ca\/#organization"},"potentialAction":[{"@type":"SearchAction","target":{"@type":"EntryPoint","urlTemplate":"https:\/\/www.thebusinesscouncil.ca\/?s={search_term_string}"},"query-input":{"@type":"PropertyValueSpecification","valueRequired":true,"valueName":"search_term_string"}}],"inLanguage":"fr-FR"},{"@type":"Organization","@id":"https:\/\/www.thebusinesscouncil.ca\/#organization","name":"Business Council of Canada","url":"https:\/\/www.thebusinesscouncil.ca\/","logo":{"@type":"ImageObject","inLanguage":"fr-FR","@id":"https:\/\/www.thebusinesscouncil.ca\/#\/schema\/logo\/image\/","url":"https:\/\/www.thebusinesscouncil.ca\/wp-content\/uploads\/2020\/10\/Business-Council-of-Canada-Generic.png","contentUrl":"https:\/\/www.thebusinesscouncil.ca\/wp-content\/uploads\/2020\/10\/Business-Council-of-Canada-Generic.png","width":1440,"height":900,"caption":"Business Council of Canada"},"image":{"@id":"https:\/\/www.thebusinesscouncil.ca\/#\/schema\/logo\/image\/"},"sameAs":["https:\/\/x.com\/BizCouncilofCan","https:\/\/www.linkedin.com\/company\/business-council-of-canda","https:\/\/www.youtube.com\/user\/CdnCEOCouncil"]}]}},"publishpress_future_workflow_manual_trigger":{"enabledWorkflows":[]},"_links":{"self":[{"href":"https:\/\/www.thebusinesscouncil.ca\/fr\/wp-json\/wp\/v2\/publication\/5839","targetHints":{"allow":["GET"]}}],"collection":[{"href":"https:\/\/www.thebusinesscouncil.ca\/fr\/wp-json\/wp\/v2\/publication"}],"about":[{"href":"https:\/\/www.thebusinesscouncil.ca\/fr\/wp-json\/wp\/v2\/types\/publication"}],"author":[{"embeddable":true,"href":"https:\/\/www.thebusinesscouncil.ca\/fr\/wp-json\/wp\/v2\/users\/3"}],"wp:featuredmedia":[{"embeddable":true,"href":"https:\/\/www.thebusinesscouncil.ca\/fr\/wp-json\/wp\/v2\/media\/5446"}],"wp:attachment":[{"href":"https:\/\/www.thebusinesscouncil.ca\/fr\/wp-json\/wp\/v2\/media?parent=5839"}],"wp:term":[{"taxonomy":"post_types","embeddable":true,"href":"https:\/\/www.thebusinesscouncil.ca\/fr\/wp-json\/wp\/v2\/post_types?post=5839"},{"taxonomy":"topics","embeddable":true,"href":"https:\/\/www.thebusinesscouncil.ca\/fr\/wp-json\/wp\/v2\/topics?post=5839"}],"curies":[{"name":"wp","href":"https:\/\/api.w.org\/{rel}","templated":true}]}}

Modalités de réouverture de certains secteurs de l’économie

<p>Au nom de plusieurs des plus grands employeurs du Québec, nous remercions le premier ministre Francois Legault,  ministre Fitzgibbon et le gouvernement du Québec pour la présentation de leur plan de relance pour redémarrer progressivement les activités dans le milieu de la construction, le secteur manufacturier et certains commerces.</p>



<p>Nous apprécions l’engagement du premier ministre d’augmenter le nombre de tests quotidiens de dépistage de la COVID-19, y compris dans la population générale. Des tests et des recherches généralisés sont essentiels pour restaurer la confiance du public et assurer un redémarrage économique sûr.</p>

<!-- This site is optimized with the Yoast SEO plugin v27.1.1 - https://yoast.com/product/yoast-seo-wordpress/ -->
<title>Modalités de réouverture de certains secteurs de l’économie | Business Council of Canada</title>
<meta name="robots" content="index, follow, max-snippet:-1, max-image-preview:large, max-video-preview:-1" />
<link rel="canonical" href="https://www.thebusinesscouncil.ca/fr/publication/modalites-de-reouverture-de-certains-secteurs-de-leconomie/" />
<meta property="og:locale" content="fr_FR" />
<meta property="og:type" content="article" />
<meta property="og:title" content="Modalités de réouverture de certains secteurs de l’économie | Business Council of Canada" />
<meta property="og:description" content="Au nom de plusieurs des plus grands employeurs du Québec, nous remercions le premier ministre Francois Legault,  ministre Fitzgibbon et le gouvernement du Québec pour la présentation de leur plan de relance pour redémarrer progressivement les activités dans le milieu..." />
<meta property="og:url" content="https://www.thebusinesscouncil.ca/fr/publication/modalites-de-reouverture-de-certains-secteurs-de-leconomie/" />
<meta property="og:site_name" content="Business Council of Canada" />
<meta property="article:modified_time" content="2020-11-05T14:17:35+00:00" />
<meta property="og:image" content="https://www.thebusinesscouncil.ca/wp-content/uploads/2020/10/Déclarations.png" />
	<meta property="og:image:width" content="1440" />
	<meta property="og:image:height" content="900" />
	<meta property="og:image:type" content="image/png" />
<meta name="twitter:card" content="summary_large_image" />
<meta name="twitter:site" content="@BizCouncilofCan" />
<script type="application/ld+json" class="yoast-schema-graph">{"@context":"https://schema.org","@graph":[{"@type":"WebPage","@id":"https://www.thebusinesscouncil.ca/fr/publication/modalites-de-reouverture-de-certains-secteurs-de-leconomie/","url":"https://www.thebusinesscouncil.ca/fr/publication/modalites-de-reouverture-de-certains-secteurs-de-leconomie/","name":"Modalités de réouverture de certains secteurs de l’économie | Business Council of Canada","isPartOf":{"@id":"https://www.thebusinesscouncil.ca/#website"},"primaryImageOfPage":{"@id":"https://www.thebusinesscouncil.ca/fr/publication/modalites-de-reouverture-de-certains-secteurs-de-leconomie/#primaryimage"},"image":{"@id":"https://www.thebusinesscouncil.ca/fr/publication/modalites-de-reouverture-de-certains-secteurs-de-leconomie/#primaryimage"},"thumbnailUrl":"https://www.thebusinesscouncil.ca/wp-content/uploads/2020/10/Déclarations.png","datePublished":"2020-04-28T18:13:00+00:00","dateModified":"2020-11-05T14:17:35+00:00","breadcrumb":{"@id":"https://www.thebusinesscouncil.ca/fr/publication/modalites-de-reouverture-de-certains-secteurs-de-leconomie/#breadcrumb"},"inLanguage":"fr-FR","potentialAction":[{"@type":"ReadAction","target":["https://www.thebusinesscouncil.ca/fr/publication/modalites-de-reouverture-de-certains-secteurs-de-leconomie/"]}]},{"@type":"ImageObject","inLanguage":"fr-FR","@id":"https://www.thebusinesscouncil.ca/fr/publication/modalites-de-reouverture-de-certains-secteurs-de-leconomie/#primaryimage","url":"https://www.thebusinesscouncil.ca/wp-content/uploads/2020/10/Déclarations.png","contentUrl":"https://www.thebusinesscouncil.ca/wp-content/uploads/2020/10/Déclarations.png","width":1440,"height":900},{"@type":"BreadcrumbList","@id":"https://www.thebusinesscouncil.ca/fr/publication/modalites-de-reouverture-de-certains-secteurs-de-leconomie/#breadcrumb","itemListElement":[{"@type":"ListItem","position":1,"name":"Home","item":"https://www.thebusinesscouncil.ca/fr/"},{"@type":"ListItem","position":2,"name":"Modalités de réouverture de certains secteurs de l’économie"}]},{"@type":"WebSite","@id":"https://www.thebusinesscouncil.ca/#website","url":"https://www.thebusinesscouncil.ca/","name":"Business Council of Canada","description":"","publisher":{"@id":"https://www.thebusinesscouncil.ca/#organization"},"potentialAction":[{"@type":"SearchAction","target":{"@type":"EntryPoint","urlTemplate":"https://www.thebusinesscouncil.ca/?s={search_term_string}"},"query-input":{"@type":"PropertyValueSpecification","valueRequired":true,"valueName":"search_term_string"}}],"inLanguage":"fr-FR"},{"@type":"Organization","@id":"https://www.thebusinesscouncil.ca/#organization","name":"Business Council of Canada","url":"https://www.thebusinesscouncil.ca/","logo":{"@type":"ImageObject","inLanguage":"fr-FR","@id":"https://www.thebusinesscouncil.ca/#/schema/logo/image/","url":"https://www.thebusinesscouncil.ca/wp-content/uploads/2020/10/Business-Council-of-Canada-Generic.png","contentUrl":"https://www.thebusinesscouncil.ca/wp-content/uploads/2020/10/Business-Council-of-Canada-Generic.png","width":1440,"height":900,"caption":"Business Council of Canada"},"image":{"@id":"https://www.thebusinesscouncil.ca/#/schema/logo/image/"},"sameAs":["https://x.com/BizCouncilofCan","https://www.linkedin.com/company/business-council-of-canda","https://www.youtube.com/user/CdnCEOCouncil"]}]}</script>
<!-- / Yoast SEO plugin. -->

Modalités de réouverture de certains secteurs de l’économie | Business Council of Canada

Au nom de plusieurs des plus grands employeurs du Québec, nous remercions le premier ministre Francois Legault,  ministre Fitzgibbon et le gouvernement du Québec pour la présentation de leur plan de relance pour redémarrer progressivement les activités dans le milieu...
