{"id":5703,"date":"2020-05-11T20:57:00","date_gmt":"2020-05-11T20:57:00","guid":{"rendered":"https:\/\/www.thebusinesscouncil.ca\/?post_type=publication&#038;p=5703"},"modified":"2020-11-04T16:44:59","modified_gmt":"2020-11-04T16:44:59","slug":"declaration-concernant-lannonce-au-sujet-du-credit-durgence-pour-les-grands-employeurs","status":"publish","type":"publication","link":"https:\/\/www.thebusinesscouncil.ca\/fr\/publication\/declaration-concernant-lannonce-au-sujet-du-credit-durgence-pour-les-grands-employeurs\/","title":{"rendered":"D\u00e9claration concernant l\u2019annonce au sujet du Cr\u00e9dit d\u2019urgence pour les grands employeurs"},"content":{"rendered":"\n<p><strong>D\u00e9claration de Goldy Hyder, pr\u00e9sident et chef de la direction du Conseil canadien des affaires, suite \u00e0 l\u2019annonce aujourd\u2019hui du gouvernement du Canada concernant de nouvelles mesures de soutien aux employeurs de grandes et moyennes entreprises:<\/strong><\/p>\n\n\n\n<p>Les entreprises canadiennes de toutes tailles ont \u00e9t\u00e9 gravement touch\u00e9es par la pand\u00e9mie de la COVID-19. Nous saluons cette importante mesure prise par le gouvernement f\u00e9d\u00e9ral pour fournir un financement provisoire aux employeurs, grands et moyens, dont les besoins ne peuvent \u00eatre satisfaits par le financement conventionnel.<\/p>\n\n\n\n<p>La priorit\u00e9 de nos membres tout au long de l\u2019urgence sanitaire a \u00e9t\u00e9 de pr\u00e9server autant d\u2019emplois que possible. Les plus grandes entreprises canadiennes ont toujours d\u00e9montr\u00e9 un niveau \u00e9lev\u00e9 d\u2019engagement envers leurs employ\u00e9s et les collectivit\u00e9s au sein desquelles elles op\u00e8rent. Ils sont des leaders mondiaux en mati\u00e8re de pratiques environnementales durables, de gouvernance d\u2019entreprise et de responsabilit\u00e9 sociale des entreprises.<\/p>\n\n\n\n<p>Nous sommes impatients d\u2019obtenir des d\u00e9tails suppl\u00e9mentaires sur les mesures d\u00e9voil\u00e9es aujourd\u2019hui, mais il n\u2019y a aucun doute sur la n\u00e9cessit\u00e9 de cette aide.<\/p>\n","protected":false},"author":3,"featured_media":5446,"template":"","post_types":[104],"topics":[83,67],"class_list":["post-5703","publication","type-publication","status-publish","has-post-thumbnail","hentry","post_types-declarations"],"acf":[],"yoast_head":"<!-- This site is optimized with the Yoast SEO plugin v27.1.1 - https:\/\/yoast.com\/product\/yoast-seo-wordpress\/ -->\n<title>D\u00e9claration concernant l\u2019annonce au sujet du Cr\u00e9dit d\u2019urgence pour les grands employeurs | Business Council of Canada<\/title>\n<meta name=\"robots\" content=\"index, follow, max-snippet:-1, max-image-preview:large, max-video-preview:-1\" \/>\n<link rel=\"canonical\" href=\"https:\/\/www.thebusinesscouncil.ca\/fr\/publication\/declaration-concernant-lannonce-au-sujet-du-credit-durgence-pour-les-grands-employeurs\/\" \/>\n<meta property=\"og:locale\" content=\"fr_FR\" \/>\n<meta property=\"og:type\" content=\"article\" \/>\n<meta property=\"og:title\" content=\"D\u00e9claration concernant l\u2019annonce au sujet du Cr\u00e9dit d\u2019urgence pour les grands employeurs | Business Council of Canada\" \/>\n<meta property=\"og:description\" content=\"D\u00e9claration de Goldy Hyder, pr\u00e9sident et chef de la direction du Conseil canadien des affaires, suite \u00e0 l\u2019annonce aujourd\u2019hui du gouvernement du Canada concernant de nouvelles mesures de soutien aux employeurs de grandes et moyennes entreprises: Les entreprises canadiennes de...\" \/>\n<meta property=\"og:url\" content=\"https:\/\/www.thebusinesscouncil.ca\/fr\/publication\/declaration-concernant-lannonce-au-sujet-du-credit-durgence-pour-les-grands-employeurs\/\" \/>\n<meta property=\"og:site_name\" content=\"Business Council of Canada\" \/>\n<meta property=\"article:modified_time\" content=\"2020-11-04T16:44:59+00:00\" \/>\n<meta property=\"og:image\" content=\"https:\/\/www.thebusinesscouncil.ca\/wp-content\/uploads\/2020\/10\/De\u0301clarations.png\" \/>\n\t<meta property=\"og:image:width\" content=\"1440\" \/>\n\t<meta property=\"og:image:height\" content=\"900\" \/>\n\t<meta property=\"og:image:type\" content=\"image\/png\" \/>\n<meta name=\"twitter:card\" content=\"summary_large_image\" \/>\n<meta name=\"twitter:site\" content=\"@BizCouncilofCan\" \/>\n<script type=\"application\/ld+json\" class=\"yoast-schema-graph\">{\"@context\":\"https:\/\/schema.org\",\"@graph\":[{\"@type\":\"WebPage\",\"@id\":\"https:\/\/www.thebusinesscouncil.ca\/fr\/publication\/declaration-concernant-lannonce-au-sujet-du-credit-durgence-pour-les-grands-employeurs\/\",\"url\":\"https:\/\/www.thebusinesscouncil.ca\/fr\/publication\/declaration-concernant-lannonce-au-sujet-du-credit-durgence-pour-les-grands-employeurs\/\",\"name\":\"D\u00e9claration concernant l\u2019annonce au sujet du Cr\u00e9dit d\u2019urgence pour les grands employeurs | Business Council of Canada\",\"isPartOf\":{\"@id\":\"https:\/\/www.thebusinesscouncil.ca\/#website\"},\"primaryImageOfPage\":{\"@id\":\"https:\/\/www.thebusinesscouncil.ca\/fr\/publication\/declaration-concernant-lannonce-au-sujet-du-credit-durgence-pour-les-grands-employeurs\/#primaryimage\"},\"image\":{\"@id\":\"https:\/\/www.thebusinesscouncil.ca\/fr\/publication\/declaration-concernant-lannonce-au-sujet-du-credit-durgence-pour-les-grands-employeurs\/#primaryimage\"},\"thumbnailUrl\":\"https:\/\/www.thebusinesscouncil.ca\/wp-content\/uploads\/2020\/10\/De\u0301clarations.png\",\"datePublished\":\"2020-05-11T20:57:00+00:00\",\"dateModified\":\"2020-11-04T16:44:59+00:00\",\"breadcrumb\":{\"@id\":\"https:\/\/www.thebusinesscouncil.ca\/fr\/publication\/declaration-concernant-lannonce-au-sujet-du-credit-durgence-pour-les-grands-employeurs\/#breadcrumb\"},\"inLanguage\":\"fr-FR\",\"potentialAction\":[{\"@type\":\"ReadAction\",\"target\":[\"https:\/\/www.thebusinesscouncil.ca\/fr\/publication\/declaration-concernant-lannonce-au-sujet-du-credit-durgence-pour-les-grands-employeurs\/\"]}]},{\"@type\":\"ImageObject\",\"inLanguage\":\"fr-FR\",\"@id\":\"https:\/\/www.thebusinesscouncil.ca\/fr\/publication\/declaration-concernant-lannonce-au-sujet-du-credit-durgence-pour-les-grands-employeurs\/#primaryimage\",\"url\":\"https:\/\/www.thebusinesscouncil.ca\/wp-content\/uploads\/2020\/10\/De\u0301clarations.png\",\"contentUrl\":\"https:\/\/www.thebusinesscouncil.ca\/wp-content\/uploads\/2020\/10\/De\u0301clarations.png\",\"width\":1440,\"height\":900},{\"@type\":\"BreadcrumbList\",\"@id\":\"https:\/\/www.thebusinesscouncil.ca\/fr\/publication\/declaration-concernant-lannonce-au-sujet-du-credit-durgence-pour-les-grands-employeurs\/#breadcrumb\",\"itemListElement\":[{\"@type\":\"ListItem\",\"position\":1,\"name\":\"Home\",\"item\":\"https:\/\/www.thebusinesscouncil.ca\/fr\/\"},{\"@type\":\"ListItem\",\"position\":2,\"name\":\"D\u00e9claration concernant l\u2019annonce au sujet du Cr\u00e9dit d\u2019urgence pour les grands employeurs\"}]},{\"@type\":\"WebSite\",\"@id\":\"https:\/\/www.thebusinesscouncil.ca\/#website\",\"url\":\"https:\/\/www.thebusinesscouncil.ca\/\",\"name\":\"Business Council of Canada\",\"description\":\"\",\"publisher\":{\"@id\":\"https:\/\/www.thebusinesscouncil.ca\/#organization\"},\"potentialAction\":[{\"@type\":\"SearchAction\",\"target\":{\"@type\":\"EntryPoint\",\"urlTemplate\":\"https:\/\/www.thebusinesscouncil.ca\/?s={search_term_string}\"},\"query-input\":{\"@type\":\"PropertyValueSpecification\",\"valueRequired\":true,\"valueName\":\"search_term_string\"}}],\"inLanguage\":\"fr-FR\"},{\"@type\":\"Organization\",\"@id\":\"https:\/\/www.thebusinesscouncil.ca\/#organization\",\"name\":\"Business Council of Canada\",\"url\":\"https:\/\/www.thebusinesscouncil.ca\/\",\"logo\":{\"@type\":\"ImageObject\",\"inLanguage\":\"fr-FR\",\"@id\":\"https:\/\/www.thebusinesscouncil.ca\/#\/schema\/logo\/image\/\",\"url\":\"https:\/\/www.thebusinesscouncil.ca\/wp-content\/uploads\/2020\/10\/Business-Council-of-Canada-Generic.png\",\"contentUrl\":\"https:\/\/www.thebusinesscouncil.ca\/wp-content\/uploads\/2020\/10\/Business-Council-of-Canada-Generic.png\",\"width\":1440,\"height\":900,\"caption\":\"Business Council of Canada\"},\"image\":{\"@id\":\"https:\/\/www.thebusinesscouncil.ca\/#\/schema\/logo\/image\/\"},\"sameAs\":[\"https:\/\/x.com\/BizCouncilofCan\",\"https:\/\/www.linkedin.com\/company\/business-council-of-canda\",\"https:\/\/www.youtube.com\/user\/CdnCEOCouncil\"]}]}<\/script>\n<!-- \/ Yoast SEO plugin. -->","yoast_head_json":{"title":"D\u00e9claration concernant l\u2019annonce au sujet du Cr\u00e9dit d\u2019urgence pour les grands employeurs | Business Council of Canada","robots":{"index":"index","follow":"follow","max-snippet":"max-snippet:-1","max-image-preview":"max-image-preview:large","max-video-preview":"max-video-preview:-1"},"canonical":"https:\/\/www.thebusinesscouncil.ca\/fr\/publication\/declaration-concernant-lannonce-au-sujet-du-credit-durgence-pour-les-grands-employeurs\/","og_locale":"fr_FR","og_type":"article","og_title":"D\u00e9claration concernant l\u2019annonce au sujet du Cr\u00e9dit d\u2019urgence pour les grands employeurs | Business Council of Canada","og_description":"D\u00e9claration de Goldy Hyder, pr\u00e9sident et chef de la direction du Conseil canadien des affaires, suite \u00e0 l\u2019annonce aujourd\u2019hui du gouvernement du Canada concernant de nouvelles mesures de soutien aux employeurs de grandes et moyennes entreprises: Les entreprises canadiennes de...","og_url":"https:\/\/www.thebusinesscouncil.ca\/fr\/publication\/declaration-concernant-lannonce-au-sujet-du-credit-durgence-pour-les-grands-employeurs\/","og_site_name":"Business Council of Canada","article_modified_time":"2020-11-04T16:44:59+00:00","og_image":[{"width":1440,"height":900,"url":"https:\/\/www.thebusinesscouncil.ca\/wp-content\/uploads\/2020\/10\/De\u0301clarations.png","type":"image\/png"}],"twitter_card":"summary_large_image","twitter_site":"@BizCouncilofCan","schema":{"@context":"https:\/\/schema.org","@graph":[{"@type":"WebPage","@id":"https:\/\/www.thebusinesscouncil.ca\/fr\/publication\/declaration-concernant-lannonce-au-sujet-du-credit-durgence-pour-les-grands-employeurs\/","url":"https:\/\/www.thebusinesscouncil.ca\/fr\/publication\/declaration-concernant-lannonce-au-sujet-du-credit-durgence-pour-les-grands-employeurs\/","name":"D\u00e9claration concernant l\u2019annonce au sujet du Cr\u00e9dit d\u2019urgence pour les grands employeurs | Business Council of Canada","isPartOf":{"@id":"https:\/\/www.thebusinesscouncil.ca\/#website"},"primaryImageOfPage":{"@id":"https:\/\/www.thebusinesscouncil.ca\/fr\/publication\/declaration-concernant-lannonce-au-sujet-du-credit-durgence-pour-les-grands-employeurs\/#primaryimage"},"image":{"@id":"https:\/\/www.thebusinesscouncil.ca\/fr\/publication\/declaration-concernant-lannonce-au-sujet-du-credit-durgence-pour-les-grands-employeurs\/#primaryimage"},"thumbnailUrl":"https:\/\/www.thebusinesscouncil.ca\/wp-content\/uploads\/2020\/10\/De\u0301clarations.png","datePublished":"2020-05-11T20:57:00+00:00","dateModified":"2020-11-04T16:44:59+00:00","breadcrumb":{"@id":"https:\/\/www.thebusinesscouncil.ca\/fr\/publication\/declaration-concernant-lannonce-au-sujet-du-credit-durgence-pour-les-grands-employeurs\/#breadcrumb"},"inLanguage":"fr-FR","potentialAction":[{"@type":"ReadAction","target":["https:\/\/www.thebusinesscouncil.ca\/fr\/publication\/declaration-concernant-lannonce-au-sujet-du-credit-durgence-pour-les-grands-employeurs\/"]}]},{"@type":"ImageObject","inLanguage":"fr-FR","@id":"https:\/\/www.thebusinesscouncil.ca\/fr\/publication\/declaration-concernant-lannonce-au-sujet-du-credit-durgence-pour-les-grands-employeurs\/#primaryimage","url":"https:\/\/www.thebusinesscouncil.ca\/wp-content\/uploads\/2020\/10\/De\u0301clarations.png","contentUrl":"https:\/\/www.thebusinesscouncil.ca\/wp-content\/uploads\/2020\/10\/De\u0301clarations.png","width":1440,"height":900},{"@type":"BreadcrumbList","@id":"https:\/\/www.thebusinesscouncil.ca\/fr\/publication\/declaration-concernant-lannonce-au-sujet-du-credit-durgence-pour-les-grands-employeurs\/#breadcrumb","itemListElement":[{"@type":"ListItem","position":1,"name":"Home","item":"https:\/\/www.thebusinesscouncil.ca\/fr\/"},{"@type":"ListItem","position":2,"name":"D\u00e9claration concernant l\u2019annonce au sujet du Cr\u00e9dit d\u2019urgence pour les grands employeurs"}]},{"@type":"WebSite","@id":"https:\/\/www.thebusinesscouncil.ca\/#website","url":"https:\/\/www.thebusinesscouncil.ca\/","name":"Business Council of Canada","description":"","publisher":{"@id":"https:\/\/www.thebusinesscouncil.ca\/#organization"},"potentialAction":[{"@type":"SearchAction","target":{"@type":"EntryPoint","urlTemplate":"https:\/\/www.thebusinesscouncil.ca\/?s={search_term_string}"},"query-input":{"@type":"PropertyValueSpecification","valueRequired":true,"valueName":"search_term_string"}}],"inLanguage":"fr-FR"},{"@type":"Organization","@id":"https:\/\/www.thebusinesscouncil.ca\/#organization","name":"Business Council of Canada","url":"https:\/\/www.thebusinesscouncil.ca\/","logo":{"@type":"ImageObject","inLanguage":"fr-FR","@id":"https:\/\/www.thebusinesscouncil.ca\/#\/schema\/logo\/image\/","url":"https:\/\/www.thebusinesscouncil.ca\/wp-content\/uploads\/2020\/10\/Business-Council-of-Canada-Generic.png","contentUrl":"https:\/\/www.thebusinesscouncil.ca\/wp-content\/uploads\/2020\/10\/Business-Council-of-Canada-Generic.png","width":1440,"height":900,"caption":"Business Council of Canada"},"image":{"@id":"https:\/\/www.thebusinesscouncil.ca\/#\/schema\/logo\/image\/"},"sameAs":["https:\/\/x.com\/BizCouncilofCan","https:\/\/www.linkedin.com\/company\/business-council-of-canda","https:\/\/www.youtube.com\/user\/CdnCEOCouncil"]}]}},"publishpress_future_workflow_manual_trigger":{"enabledWorkflows":[]},"_links":{"self":[{"href":"https:\/\/www.thebusinesscouncil.ca\/fr\/wp-json\/wp\/v2\/publication\/5703","targetHints":{"allow":["GET"]}}],"collection":[{"href":"https:\/\/www.thebusinesscouncil.ca\/fr\/wp-json\/wp\/v2\/publication"}],"about":[{"href":"https:\/\/www.thebusinesscouncil.ca\/fr\/wp-json\/wp\/v2\/types\/publication"}],"author":[{"embeddable":true,"href":"https:\/\/www.thebusinesscouncil.ca\/fr\/wp-json\/wp\/v2\/users\/3"}],"wp:featuredmedia":[{"embeddable":true,"href":"https:\/\/www.thebusinesscouncil.ca\/fr\/wp-json\/wp\/v2\/media\/5446"}],"wp:attachment":[{"href":"https:\/\/www.thebusinesscouncil.ca\/fr\/wp-json\/wp\/v2\/media?parent=5703"}],"wp:term":[{"taxonomy":"post_types","embeddable":true,"href":"https:\/\/www.thebusinesscouncil.ca\/fr\/wp-json\/wp\/v2\/post_types?post=5703"},{"taxonomy":"topics","embeddable":true,"href":"https:\/\/www.thebusinesscouncil.ca\/fr\/wp-json\/wp\/v2\/topics?post=5703"}],"curies":[{"name":"wp","href":"https:\/\/api.w.org\/{rel}","templated":true}]}}

Déclaration concernant l’annonce au sujet du Crédit d’urgence pour les grands employeurs

<p><strong>Déclaration de Goldy Hyder, président et chef de la direction du Conseil canadien des affaires, suite à l’annonce aujourd’hui du gouvernement du Canada concernant de nouvelles mesures de soutien aux employeurs de grandes et moyennes entreprises:</strong></p>



<p>Les entreprises canadiennes de toutes tailles ont été gravement touchées par la pandémie de la COVID-19. Nous saluons cette importante mesure prise par le gouvernement fédéral pour fournir un financement provisoire aux employeurs, grands et moyens, dont les besoins ne peuvent être satisfaits par le financement conventionnel.</p>



<p>La priorité de nos membres tout au long de l’urgence sanitaire a été de préserver autant d’emplois que possible. Les plus grandes entreprises canadiennes ont toujours démontré un niveau élevé d’engagement envers leurs employés et les collectivités au sein desquelles elles opèrent. Ils sont des leaders mondiaux en matière de pratiques environnementales durables, de gouvernance d’entreprise et de responsabilité sociale des entreprises.</p>



<p>Nous sommes impatients d’obtenir des détails supplémentaires sur les mesures dévoilées aujourd’hui, mais il n’y a aucun doute sur la nécessité de cette aide.</p>

<!-- This site is optimized with the Yoast SEO plugin v27.1.1 - https://yoast.com/product/yoast-seo-wordpress/ -->
<title>Déclaration concernant l’annonce au sujet du Crédit d’urgence pour les grands employeurs | Business Council of Canada</title>
<meta name="robots" content="index, follow, max-snippet:-1, max-image-preview:large, max-video-preview:-1" />
<link rel="canonical" href="https://www.thebusinesscouncil.ca/fr/publication/declaration-concernant-lannonce-au-sujet-du-credit-durgence-pour-les-grands-employeurs/" />
<meta property="og:locale" content="fr_FR" />
<meta property="og:type" content="article" />
<meta property="og:title" content="Déclaration concernant l’annonce au sujet du Crédit d’urgence pour les grands employeurs | Business Council of Canada" />
<meta property="og:description" content="Déclaration de Goldy Hyder, président et chef de la direction du Conseil canadien des affaires, suite à l’annonce aujourd’hui du gouvernement du Canada concernant de nouvelles mesures de soutien aux employeurs de grandes et moyennes entreprises: Les entreprises canadiennes de..." />
<meta property="og:url" content="https://www.thebusinesscouncil.ca/fr/publication/declaration-concernant-lannonce-au-sujet-du-credit-durgence-pour-les-grands-employeurs/" />
<meta property="og:site_name" content="Business Council of Canada" />
<meta property="article:modified_time" content="2020-11-04T16:44:59+00:00" />
<meta property="og:image" content="https://www.thebusinesscouncil.ca/wp-content/uploads/2020/10/Déclarations.png" />
	<meta property="og:image:width" content="1440" />
	<meta property="og:image:height" content="900" />
	<meta property="og:image:type" content="image/png" />
<meta name="twitter:card" content="summary_large_image" />
<meta name="twitter:site" content="@BizCouncilofCan" />
<script type="application/ld+json" class="yoast-schema-graph">{"@context":"https://schema.org","@graph":[{"@type":"WebPage","@id":"https://www.thebusinesscouncil.ca/fr/publication/declaration-concernant-lannonce-au-sujet-du-credit-durgence-pour-les-grands-employeurs/","url":"https://www.thebusinesscouncil.ca/fr/publication/declaration-concernant-lannonce-au-sujet-du-credit-durgence-pour-les-grands-employeurs/","name":"Déclaration concernant l’annonce au sujet du Crédit d’urgence pour les grands employeurs | Business Council of Canada","isPartOf":{"@id":"https://www.thebusinesscouncil.ca/#website"},"primaryImageOfPage":{"@id":"https://www.thebusinesscouncil.ca/fr/publication/declaration-concernant-lannonce-au-sujet-du-credit-durgence-pour-les-grands-employeurs/#primaryimage"},"image":{"@id":"https://www.thebusinesscouncil.ca/fr/publication/declaration-concernant-lannonce-au-sujet-du-credit-durgence-pour-les-grands-employeurs/#primaryimage"},"thumbnailUrl":"https://www.thebusinesscouncil.ca/wp-content/uploads/2020/10/Déclarations.png","datePublished":"2020-05-11T20:57:00+00:00","dateModified":"2020-11-04T16:44:59+00:00","breadcrumb":{"@id":"https://www.thebusinesscouncil.ca/fr/publication/declaration-concernant-lannonce-au-sujet-du-credit-durgence-pour-les-grands-employeurs/#breadcrumb"},"inLanguage":"fr-FR","potentialAction":[{"@type":"ReadAction","target":["https://www.thebusinesscouncil.ca/fr/publication/declaration-concernant-lannonce-au-sujet-du-credit-durgence-pour-les-grands-employeurs/"]}]},{"@type":"ImageObject","inLanguage":"fr-FR","@id":"https://www.thebusinesscouncil.ca/fr/publication/declaration-concernant-lannonce-au-sujet-du-credit-durgence-pour-les-grands-employeurs/#primaryimage","url":"https://www.thebusinesscouncil.ca/wp-content/uploads/2020/10/Déclarations.png","contentUrl":"https://www.thebusinesscouncil.ca/wp-content/uploads/2020/10/Déclarations.png","width":1440,"height":900},{"@type":"BreadcrumbList","@id":"https://www.thebusinesscouncil.ca/fr/publication/declaration-concernant-lannonce-au-sujet-du-credit-durgence-pour-les-grands-employeurs/#breadcrumb","itemListElement":[{"@type":"ListItem","position":1,"name":"Home","item":"https://www.thebusinesscouncil.ca/fr/"},{"@type":"ListItem","position":2,"name":"Déclaration concernant l’annonce au sujet du Crédit d’urgence pour les grands employeurs"}]},{"@type":"WebSite","@id":"https://www.thebusinesscouncil.ca/#website","url":"https://www.thebusinesscouncil.ca/","name":"Business Council of Canada","description":"","publisher":{"@id":"https://www.thebusinesscouncil.ca/#organization"},"potentialAction":[{"@type":"SearchAction","target":{"@type":"EntryPoint","urlTemplate":"https://www.thebusinesscouncil.ca/?s={search_term_string}"},"query-input":{"@type":"PropertyValueSpecification","valueRequired":true,"valueName":"search_term_string"}}],"inLanguage":"fr-FR"},{"@type":"Organization","@id":"https://www.thebusinesscouncil.ca/#organization","name":"Business Council of Canada","url":"https://www.thebusinesscouncil.ca/","logo":{"@type":"ImageObject","inLanguage":"fr-FR","@id":"https://www.thebusinesscouncil.ca/#/schema/logo/image/","url":"https://www.thebusinesscouncil.ca/wp-content/uploads/2020/10/Business-Council-of-Canada-Generic.png","contentUrl":"https://www.thebusinesscouncil.ca/wp-content/uploads/2020/10/Business-Council-of-Canada-Generic.png","width":1440,"height":900,"caption":"Business Council of Canada"},"image":{"@id":"https://www.thebusinesscouncil.ca/#/schema/logo/image/"},"sameAs":["https://x.com/BizCouncilofCan","https://www.linkedin.com/company/business-council-of-canda","https://www.youtube.com/user/CdnCEOCouncil"]}]}</script>
<!-- / Yoast SEO plugin. -->

Déclaration concernant l’annonce au sujet du Crédit d’urgence pour les grands employeurs | Business Council of Canada

Déclaration de Goldy Hyder, président et chef de la direction du Conseil canadien des affaires, suite à l’annonce aujourd’hui du gouvernement du Canada concernant de nouvelles mesures de soutien aux employeurs de grandes et moyennes entreprises: Les entreprises canadiennes de...
