{"id":5591,"date":"2020-09-21T20:45:00","date_gmt":"2020-09-21T20:45:00","guid":{"rendered":"https:\/\/www.thebusinesscouncil.ca\/?post_type=publication&#038;p=5591"},"modified":"2020-11-03T12:32:56","modified_gmt":"2020-11-03T12:32:56","slug":"asselin-une-cible-claire-est-necessaire","status":"publish","type":"publication","link":"https:\/\/www.thebusinesscouncil.ca\/fr\/publication\/asselin-une-cible-claire-est-necessaire\/","title":{"rendered":"Une cible claire est n\u00e9cessaire"},"content":{"rendered":"\n<p>La d\u00e9claration de Robert&nbsp;Asselin&nbsp;qui dit que l\u2019absence d\u2019une cible budg\u00e9taire claire \u00e9gare les Canadiens et les rend nerveux \u00e0 fait&nbsp;l\u2019objet d\u2019un article par&nbsp;CBC.&nbsp;Il explique que cette inqui\u00e9tude va d\u00e9courager l\u2019esprit de comp\u00e9tition au Canada.<\/p>\n\n\n\n<div class=\"wp-block-buttons is-layout-flex wp-block-buttons-is-layout-flex\">\n<div class=\"wp-block-button\"><a class=\"wp-block-button__link\" href=\"https:\/\/ici.radio-canada.ca\/nouvelle\/1734962\/chrystia-freeland-budget-relance-foisy\" target=\"_blank\" rel=\"noreferrer noopener\">Lisez l&#8217;article ici<\/a><\/div>\n<\/div>\n","protected":false},"author":3,"featured_media":5476,"template":"","post_types":[95],"topics":[45,83,47],"class_list":["post-5591","publication","type-publication","status-publish","has-post-thumbnail","hentry","post_types-dans-lactualite"],"acf":[],"yoast_head":"<!-- This site is optimized with the Yoast SEO plugin v27.1.1 - https:\/\/yoast.com\/product\/yoast-seo-wordpress\/ -->\n<title>Une cible claire est n\u00e9cessaire | Business Council of Canada<\/title>\n<meta name=\"robots\" content=\"index, follow, max-snippet:-1, max-image-preview:large, max-video-preview:-1\" \/>\n<link rel=\"canonical\" href=\"https:\/\/www.thebusinesscouncil.ca\/fr\/publication\/asselin-une-cible-claire-est-necessaire\/\" \/>\n<meta property=\"og:locale\" content=\"fr_FR\" \/>\n<meta property=\"og:type\" content=\"article\" \/>\n<meta property=\"og:title\" content=\"Une cible claire est n\u00e9cessaire | Business Council of Canada\" \/>\n<meta property=\"og:description\" content=\"La d\u00e9claration de Robert&nbsp;Asselin&nbsp;qui dit que l\u2019absence d\u2019une cible budg\u00e9taire claire \u00e9gare les Canadiens et les rend nerveux \u00e0 fait&nbsp;l\u2019objet d\u2019un article par&nbsp;CBC.&nbsp;Il explique que cette inqui\u00e9tude va d\u00e9courager l\u2019esprit de comp\u00e9tition au Canada.\" \/>\n<meta property=\"og:url\" content=\"https:\/\/www.thebusinesscouncil.ca\/fr\/publication\/asselin-une-cible-claire-est-necessaire\/\" \/>\n<meta property=\"og:site_name\" content=\"Business Council of Canada\" \/>\n<meta property=\"article:modified_time\" content=\"2020-11-03T12:32:56+00:00\" \/>\n<meta property=\"og:image\" content=\"https:\/\/www.thebusinesscouncil.ca\/wp-content\/uploads\/2020\/11\/Dans-lactualite\u0301-Paper.png\" \/>\n\t<meta property=\"og:image:width\" content=\"1440\" \/>\n\t<meta property=\"og:image:height\" content=\"900\" \/>\n\t<meta property=\"og:image:type\" content=\"image\/png\" \/>\n<meta name=\"twitter:card\" content=\"summary_large_image\" \/>\n<meta name=\"twitter:site\" content=\"@BizCouncilofCan\" \/>\n<script type=\"application\/ld+json\" class=\"yoast-schema-graph\">{\"@context\":\"https:\/\/schema.org\",\"@graph\":[{\"@type\":\"WebPage\",\"@id\":\"https:\/\/www.thebusinesscouncil.ca\/fr\/publication\/asselin-une-cible-claire-est-necessaire\/\",\"url\":\"https:\/\/www.thebusinesscouncil.ca\/fr\/publication\/asselin-une-cible-claire-est-necessaire\/\",\"name\":\"Une cible claire est n\u00e9cessaire | Business Council of Canada\",\"isPartOf\":{\"@id\":\"https:\/\/www.thebusinesscouncil.ca\/#website\"},\"primaryImageOfPage\":{\"@id\":\"https:\/\/www.thebusinesscouncil.ca\/fr\/publication\/asselin-une-cible-claire-est-necessaire\/#primaryimage\"},\"image\":{\"@id\":\"https:\/\/www.thebusinesscouncil.ca\/fr\/publication\/asselin-une-cible-claire-est-necessaire\/#primaryimage\"},\"thumbnailUrl\":\"https:\/\/www.thebusinesscouncil.ca\/wp-content\/uploads\/2020\/11\/Dans-lactualite\u0301-Paper.png\",\"datePublished\":\"2020-09-21T20:45:00+00:00\",\"dateModified\":\"2020-11-03T12:32:56+00:00\",\"breadcrumb\":{\"@id\":\"https:\/\/www.thebusinesscouncil.ca\/fr\/publication\/asselin-une-cible-claire-est-necessaire\/#breadcrumb\"},\"inLanguage\":\"fr-FR\",\"potentialAction\":[{\"@type\":\"ReadAction\",\"target\":[\"https:\/\/www.thebusinesscouncil.ca\/fr\/publication\/asselin-une-cible-claire-est-necessaire\/\"]}]},{\"@type\":\"ImageObject\",\"inLanguage\":\"fr-FR\",\"@id\":\"https:\/\/www.thebusinesscouncil.ca\/fr\/publication\/asselin-une-cible-claire-est-necessaire\/#primaryimage\",\"url\":\"https:\/\/www.thebusinesscouncil.ca\/wp-content\/uploads\/2020\/11\/Dans-lactualite\u0301-Paper.png\",\"contentUrl\":\"https:\/\/www.thebusinesscouncil.ca\/wp-content\/uploads\/2020\/11\/Dans-lactualite\u0301-Paper.png\",\"width\":1440,\"height\":900},{\"@type\":\"BreadcrumbList\",\"@id\":\"https:\/\/www.thebusinesscouncil.ca\/fr\/publication\/asselin-une-cible-claire-est-necessaire\/#breadcrumb\",\"itemListElement\":[{\"@type\":\"ListItem\",\"position\":1,\"name\":\"Home\",\"item\":\"https:\/\/www.thebusinesscouncil.ca\/fr\/\"},{\"@type\":\"ListItem\",\"position\":2,\"name\":\"Une cible claire est n\u00e9cessaire\"}]},{\"@type\":\"WebSite\",\"@id\":\"https:\/\/www.thebusinesscouncil.ca\/#website\",\"url\":\"https:\/\/www.thebusinesscouncil.ca\/\",\"name\":\"Business Council of Canada\",\"description\":\"\",\"publisher\":{\"@id\":\"https:\/\/www.thebusinesscouncil.ca\/#organization\"},\"potentialAction\":[{\"@type\":\"SearchAction\",\"target\":{\"@type\":\"EntryPoint\",\"urlTemplate\":\"https:\/\/www.thebusinesscouncil.ca\/?s={search_term_string}\"},\"query-input\":{\"@type\":\"PropertyValueSpecification\",\"valueRequired\":true,\"valueName\":\"search_term_string\"}}],\"inLanguage\":\"fr-FR\"},{\"@type\":\"Organization\",\"@id\":\"https:\/\/www.thebusinesscouncil.ca\/#organization\",\"name\":\"Business Council of Canada\",\"url\":\"https:\/\/www.thebusinesscouncil.ca\/\",\"logo\":{\"@type\":\"ImageObject\",\"inLanguage\":\"fr-FR\",\"@id\":\"https:\/\/www.thebusinesscouncil.ca\/#\/schema\/logo\/image\/\",\"url\":\"https:\/\/www.thebusinesscouncil.ca\/wp-content\/uploads\/2020\/10\/Business-Council-of-Canada-Generic.png\",\"contentUrl\":\"https:\/\/www.thebusinesscouncil.ca\/wp-content\/uploads\/2020\/10\/Business-Council-of-Canada-Generic.png\",\"width\":1440,\"height\":900,\"caption\":\"Business Council of Canada\"},\"image\":{\"@id\":\"https:\/\/www.thebusinesscouncil.ca\/#\/schema\/logo\/image\/\"},\"sameAs\":[\"https:\/\/x.com\/BizCouncilofCan\",\"https:\/\/www.linkedin.com\/company\/business-council-of-canda\",\"https:\/\/www.youtube.com\/user\/CdnCEOCouncil\"]}]}<\/script>\n<!-- \/ Yoast SEO plugin. -->","yoast_head_json":{"title":"Une cible claire est n\u00e9cessaire | Business Council of Canada","robots":{"index":"index","follow":"follow","max-snippet":"max-snippet:-1","max-image-preview":"max-image-preview:large","max-video-preview":"max-video-preview:-1"},"canonical":"https:\/\/www.thebusinesscouncil.ca\/fr\/publication\/asselin-une-cible-claire-est-necessaire\/","og_locale":"fr_FR","og_type":"article","og_title":"Une cible claire est n\u00e9cessaire | Business Council of Canada","og_description":"La d\u00e9claration de Robert&nbsp;Asselin&nbsp;qui dit que l\u2019absence d\u2019une cible budg\u00e9taire claire \u00e9gare les Canadiens et les rend nerveux \u00e0 fait&nbsp;l\u2019objet d\u2019un article par&nbsp;CBC.&nbsp;Il explique que cette inqui\u00e9tude va d\u00e9courager l\u2019esprit de comp\u00e9tition au Canada.","og_url":"https:\/\/www.thebusinesscouncil.ca\/fr\/publication\/asselin-une-cible-claire-est-necessaire\/","og_site_name":"Business Council of Canada","article_modified_time":"2020-11-03T12:32:56+00:00","og_image":[{"width":1440,"height":900,"url":"https:\/\/www.thebusinesscouncil.ca\/wp-content\/uploads\/2020\/11\/Dans-lactualite\u0301-Paper.png","type":"image\/png"}],"twitter_card":"summary_large_image","twitter_site":"@BizCouncilofCan","schema":{"@context":"https:\/\/schema.org","@graph":[{"@type":"WebPage","@id":"https:\/\/www.thebusinesscouncil.ca\/fr\/publication\/asselin-une-cible-claire-est-necessaire\/","url":"https:\/\/www.thebusinesscouncil.ca\/fr\/publication\/asselin-une-cible-claire-est-necessaire\/","name":"Une cible claire est n\u00e9cessaire | Business Council of Canada","isPartOf":{"@id":"https:\/\/www.thebusinesscouncil.ca\/#website"},"primaryImageOfPage":{"@id":"https:\/\/www.thebusinesscouncil.ca\/fr\/publication\/asselin-une-cible-claire-est-necessaire\/#primaryimage"},"image":{"@id":"https:\/\/www.thebusinesscouncil.ca\/fr\/publication\/asselin-une-cible-claire-est-necessaire\/#primaryimage"},"thumbnailUrl":"https:\/\/www.thebusinesscouncil.ca\/wp-content\/uploads\/2020\/11\/Dans-lactualite\u0301-Paper.png","datePublished":"2020-09-21T20:45:00+00:00","dateModified":"2020-11-03T12:32:56+00:00","breadcrumb":{"@id":"https:\/\/www.thebusinesscouncil.ca\/fr\/publication\/asselin-une-cible-claire-est-necessaire\/#breadcrumb"},"inLanguage":"fr-FR","potentialAction":[{"@type":"ReadAction","target":["https:\/\/www.thebusinesscouncil.ca\/fr\/publication\/asselin-une-cible-claire-est-necessaire\/"]}]},{"@type":"ImageObject","inLanguage":"fr-FR","@id":"https:\/\/www.thebusinesscouncil.ca\/fr\/publication\/asselin-une-cible-claire-est-necessaire\/#primaryimage","url":"https:\/\/www.thebusinesscouncil.ca\/wp-content\/uploads\/2020\/11\/Dans-lactualite\u0301-Paper.png","contentUrl":"https:\/\/www.thebusinesscouncil.ca\/wp-content\/uploads\/2020\/11\/Dans-lactualite\u0301-Paper.png","width":1440,"height":900},{"@type":"BreadcrumbList","@id":"https:\/\/www.thebusinesscouncil.ca\/fr\/publication\/asselin-une-cible-claire-est-necessaire\/#breadcrumb","itemListElement":[{"@type":"ListItem","position":1,"name":"Home","item":"https:\/\/www.thebusinesscouncil.ca\/fr\/"},{"@type":"ListItem","position":2,"name":"Une cible claire est n\u00e9cessaire"}]},{"@type":"WebSite","@id":"https:\/\/www.thebusinesscouncil.ca\/#website","url":"https:\/\/www.thebusinesscouncil.ca\/","name":"Business Council of Canada","description":"","publisher":{"@id":"https:\/\/www.thebusinesscouncil.ca\/#organization"},"potentialAction":[{"@type":"SearchAction","target":{"@type":"EntryPoint","urlTemplate":"https:\/\/www.thebusinesscouncil.ca\/?s={search_term_string}"},"query-input":{"@type":"PropertyValueSpecification","valueRequired":true,"valueName":"search_term_string"}}],"inLanguage":"fr-FR"},{"@type":"Organization","@id":"https:\/\/www.thebusinesscouncil.ca\/#organization","name":"Business Council of Canada","url":"https:\/\/www.thebusinesscouncil.ca\/","logo":{"@type":"ImageObject","inLanguage":"fr-FR","@id":"https:\/\/www.thebusinesscouncil.ca\/#\/schema\/logo\/image\/","url":"https:\/\/www.thebusinesscouncil.ca\/wp-content\/uploads\/2020\/10\/Business-Council-of-Canada-Generic.png","contentUrl":"https:\/\/www.thebusinesscouncil.ca\/wp-content\/uploads\/2020\/10\/Business-Council-of-Canada-Generic.png","width":1440,"height":900,"caption":"Business Council of Canada"},"image":{"@id":"https:\/\/www.thebusinesscouncil.ca\/#\/schema\/logo\/image\/"},"sameAs":["https:\/\/x.com\/BizCouncilofCan","https:\/\/www.linkedin.com\/company\/business-council-of-canda","https:\/\/www.youtube.com\/user\/CdnCEOCouncil"]}]}},"publishpress_future_workflow_manual_trigger":{"enabledWorkflows":[]},"_links":{"self":[{"href":"https:\/\/www.thebusinesscouncil.ca\/fr\/wp-json\/wp\/v2\/publication\/5591","targetHints":{"allow":["GET"]}}],"collection":[{"href":"https:\/\/www.thebusinesscouncil.ca\/fr\/wp-json\/wp\/v2\/publication"}],"about":[{"href":"https:\/\/www.thebusinesscouncil.ca\/fr\/wp-json\/wp\/v2\/types\/publication"}],"author":[{"embeddable":true,"href":"https:\/\/www.thebusinesscouncil.ca\/fr\/wp-json\/wp\/v2\/users\/3"}],"wp:featuredmedia":[{"embeddable":true,"href":"https:\/\/www.thebusinesscouncil.ca\/fr\/wp-json\/wp\/v2\/media\/5476"}],"wp:attachment":[{"href":"https:\/\/www.thebusinesscouncil.ca\/fr\/wp-json\/wp\/v2\/media?parent=5591"}],"wp:term":[{"taxonomy":"post_types","embeddable":true,"href":"https:\/\/www.thebusinesscouncil.ca\/fr\/wp-json\/wp\/v2\/post_types?post=5591"},{"taxonomy":"topics","embeddable":true,"href":"https:\/\/www.thebusinesscouncil.ca\/fr\/wp-json\/wp\/v2\/topics?post=5591"}],"curies":[{"name":"wp","href":"https:\/\/api.w.org\/{rel}","templated":true}]}}

Une cible claire est nécessaire

<p>La déclaration de Robert&nbsp;Asselin&nbsp;qui dit que l’absence d’une cible budgétaire claire égare les Canadiens et les rend nerveux à fait&nbsp;l’objet d’un article par&nbsp;CBC.&nbsp;Il explique que cette inquiétude va décourager l’esprit de compétition au Canada.</p>



<div class="wp-block-buttons is-layout-flex wp-block-buttons-is-layout-flex">
<div class="wp-block-button"><a class="wp-block-button__link" href="https://ici.radio-canada.ca/nouvelle/1734962/chrystia-freeland-budget-relance-foisy" target="_blank" rel="noreferrer noopener">Lisez l&#8217;article ici</a></div>
</div>

<!-- This site is optimized with the Yoast SEO plugin v27.1.1 - https://yoast.com/product/yoast-seo-wordpress/ -->
<title>Une cible claire est nécessaire | Business Council of Canada</title>
<meta name="robots" content="index, follow, max-snippet:-1, max-image-preview:large, max-video-preview:-1" />
<link rel="canonical" href="https://www.thebusinesscouncil.ca/fr/publication/asselin-une-cible-claire-est-necessaire/" />
<meta property="og:locale" content="fr_FR" />
<meta property="og:type" content="article" />
<meta property="og:title" content="Une cible claire est nécessaire | Business Council of Canada" />
<meta property="og:description" content="La déclaration de Robert&nbsp;Asselin&nbsp;qui dit que l’absence d’une cible budgétaire claire égare les Canadiens et les rend nerveux à fait&nbsp;l’objet d’un article par&nbsp;CBC.&nbsp;Il explique que cette inquiétude va décourager l’esprit de compétition au Canada." />
<meta property="og:url" content="https://www.thebusinesscouncil.ca/fr/publication/asselin-une-cible-claire-est-necessaire/" />
<meta property="og:site_name" content="Business Council of Canada" />
<meta property="article:modified_time" content="2020-11-03T12:32:56+00:00" />
<meta property="og:image" content="https://www.thebusinesscouncil.ca/wp-content/uploads/2020/11/Dans-lactualité-Paper.png" />
	<meta property="og:image:width" content="1440" />
	<meta property="og:image:height" content="900" />
	<meta property="og:image:type" content="image/png" />
<meta name="twitter:card" content="summary_large_image" />
<meta name="twitter:site" content="@BizCouncilofCan" />
<script type="application/ld+json" class="yoast-schema-graph">{"@context":"https://schema.org","@graph":[{"@type":"WebPage","@id":"https://www.thebusinesscouncil.ca/fr/publication/asselin-une-cible-claire-est-necessaire/","url":"https://www.thebusinesscouncil.ca/fr/publication/asselin-une-cible-claire-est-necessaire/","name":"Une cible claire est nécessaire | Business Council of Canada","isPartOf":{"@id":"https://www.thebusinesscouncil.ca/#website"},"primaryImageOfPage":{"@id":"https://www.thebusinesscouncil.ca/fr/publication/asselin-une-cible-claire-est-necessaire/#primaryimage"},"image":{"@id":"https://www.thebusinesscouncil.ca/fr/publication/asselin-une-cible-claire-est-necessaire/#primaryimage"},"thumbnailUrl":"https://www.thebusinesscouncil.ca/wp-content/uploads/2020/11/Dans-lactualité-Paper.png","datePublished":"2020-09-21T20:45:00+00:00","dateModified":"2020-11-03T12:32:56+00:00","breadcrumb":{"@id":"https://www.thebusinesscouncil.ca/fr/publication/asselin-une-cible-claire-est-necessaire/#breadcrumb"},"inLanguage":"fr-FR","potentialAction":[{"@type":"ReadAction","target":["https://www.thebusinesscouncil.ca/fr/publication/asselin-une-cible-claire-est-necessaire/"]}]},{"@type":"ImageObject","inLanguage":"fr-FR","@id":"https://www.thebusinesscouncil.ca/fr/publication/asselin-une-cible-claire-est-necessaire/#primaryimage","url":"https://www.thebusinesscouncil.ca/wp-content/uploads/2020/11/Dans-lactualité-Paper.png","contentUrl":"https://www.thebusinesscouncil.ca/wp-content/uploads/2020/11/Dans-lactualité-Paper.png","width":1440,"height":900},{"@type":"BreadcrumbList","@id":"https://www.thebusinesscouncil.ca/fr/publication/asselin-une-cible-claire-est-necessaire/#breadcrumb","itemListElement":[{"@type":"ListItem","position":1,"name":"Home","item":"https://www.thebusinesscouncil.ca/fr/"},{"@type":"ListItem","position":2,"name":"Une cible claire est nécessaire"}]},{"@type":"WebSite","@id":"https://www.thebusinesscouncil.ca/#website","url":"https://www.thebusinesscouncil.ca/","name":"Business Council of Canada","description":"","publisher":{"@id":"https://www.thebusinesscouncil.ca/#organization"},"potentialAction":[{"@type":"SearchAction","target":{"@type":"EntryPoint","urlTemplate":"https://www.thebusinesscouncil.ca/?s={search_term_string}"},"query-input":{"@type":"PropertyValueSpecification","valueRequired":true,"valueName":"search_term_string"}}],"inLanguage":"fr-FR"},{"@type":"Organization","@id":"https://www.thebusinesscouncil.ca/#organization","name":"Business Council of Canada","url":"https://www.thebusinesscouncil.ca/","logo":{"@type":"ImageObject","inLanguage":"fr-FR","@id":"https://www.thebusinesscouncil.ca/#/schema/logo/image/","url":"https://www.thebusinesscouncil.ca/wp-content/uploads/2020/10/Business-Council-of-Canada-Generic.png","contentUrl":"https://www.thebusinesscouncil.ca/wp-content/uploads/2020/10/Business-Council-of-Canada-Generic.png","width":1440,"height":900,"caption":"Business Council of Canada"},"image":{"@id":"https://www.thebusinesscouncil.ca/#/schema/logo/image/"},"sameAs":["https://x.com/BizCouncilofCan","https://www.linkedin.com/company/business-council-of-canda","https://www.youtube.com/user/CdnCEOCouncil"]}]}</script>
<!-- / Yoast SEO plugin. -->

Une cible claire est nécessaire | Business Council of Canada

La déclaration de Robert&nbsp;Asselin&nbsp;qui dit que l’absence d’une cible budgétaire claire égare les Canadiens et les rend nerveux à fait&nbsp;l’objet d’un article par&nbsp;CBC.&nbsp;Il explique que cette inquiétude va décourager l’esprit de compétition au Canada.
