{"id":25301,"date":"2026-04-28T17:25:59","date_gmt":"2026-04-28T21:25:59","guid":{"rendered":"https:\/\/www.thebusinesscouncil.ca\/?post_type=publication&#038;p=25301"},"modified":"2026-04-28T17:34:23","modified_gmt":"2026-04-28T21:34:23","slug":"declaration-concernant-la-mise-a-jour-budgetaire-de-printemps","status":"publish","type":"publication","link":"https:\/\/www.thebusinesscouncil.ca\/fr\/publication\/declaration-concernant-la-mise-a-jour-budgetaire-de-printemps\/","title":{"rendered":"D\u00e9claration concernant la mise \u00e0 jour \u00e9conomique de printemps"},"content":{"rendered":"\n<p>Le budget 2025 a marqu\u00e9 un tournant important et clair dans l\u2019orientation du gouvernement f\u00e9d\u00e9ral vers la croissance et l\u2019investissement. La mise \u00e0 jour&nbsp;\u00e9conomique du printemps confirme ces ambitions gr\u00e2ce \u00e0 de nouvelles initiatives visant \u00e0 aider le gouvernement f\u00e9d\u00e9ral \u00e0 mettre en \u0153uvre son programme.&nbsp;<\/p>\n\n\n\n<p>Le Conseil canadien des affaires (CCA) salue le plan du gouvernement visant \u00e0 cr\u00e9er de nouvelles voies d\u2019acc\u00e8s aux m\u00e9tiers sp\u00e9cialis\u00e9s pour les jeunes Canadiens, ce qui repr\u00e9sente un nouvel investissement de 6 milliards de dollars sur cinq ans. Le Canada aura besoin de centaines de milliers de travailleurs qualifi\u00e9s suppl\u00e9mentaires pour r\u00e9aliser le nouveau programme ambitieux du gouvernement. Le CCA s\u2019est engag\u00e9 depuis longtemps \u00e0 d\u00e9velopper une main-d\u2019\u0153uvre future solide et comp\u00e9tente en collaboration avec les gouvernements, les employeurs et les \u00e9tablissements d\u2019enseignement et,\u00a0\u00e0 cette fin, a cr\u00e9\u00e9 la Table ronde Entreprises + Enseignement sup\u00e9rieur (TRES) en 2015.\u00a0<\/p>\n\n\n\n<p>Le nouveau fonds pour un Canada fort offre au gouvernement f\u00e9d\u00e9ral un outil suppl\u00e9mentaire pour stimuler l\u2019investissement dans des secteurs cl\u00e9s, ce qui est une excellente nouvelle. Aujourd\u2019hui, les gouvernements ont besoin de plus d\u2019outils, et non de moins. Le CCA appuie le recours \u00e0 la politique budg\u00e9taire pour accro\u00eetre l\u2019investissement et la capacit\u00e9 productive et se r\u00e9jouit du d\u00e9ficit, inf\u00e9rieur aux pr\u00e9visions. <\/p>\n\n\n\n<p>En cette p\u00e9riode d\u2019incertitude mondiale, le Canada peut offrir aux investisseurs la certitude dont ils ont tant besoin en approuvant des projets, en d\u00e9ployant des capitaux, en all\u00e9geant le fardeau r\u00e9glementaire et en am\u00e9liorant sensiblement sa comp\u00e9titivit\u00e9. <\/p>\n","protected":false},"author":234,"featured_media":11412,"template":"","post_types":[104],"topics":[83,84,67],"class_list":["post-25301","publication","type-publication","status-publish","has-post-thumbnail","hentry","post_types-declarations"],"acf":[],"yoast_head":"<!-- This site is optimized with the Yoast SEO plugin v27.1.1 - https:\/\/yoast.com\/product\/yoast-seo-wordpress\/ -->\n<title>D\u00e9claration concernant la mise \u00e0 jour \u00e9conomique de printemps | Business Council of Canada<\/title>\n<meta name=\"robots\" content=\"index, follow, max-snippet:-1, max-image-preview:large, max-video-preview:-1\" \/>\n<link rel=\"canonical\" href=\"https:\/\/www.thebusinesscouncil.ca\/fr\/publication\/declaration-concernant-la-mise-a-jour-budgetaire-de-printemps\/\" \/>\n<meta property=\"og:locale\" content=\"fr_FR\" \/>\n<meta property=\"og:type\" content=\"article\" \/>\n<meta property=\"og:title\" content=\"D\u00e9claration concernant la mise \u00e0 jour \u00e9conomique de printemps | Business Council of Canada\" \/>\n<meta property=\"og:description\" content=\"Le budget 2025 a marqu\u00e9 un tournant important et clair dans l\u2019orientation du gouvernement f\u00e9d\u00e9ral vers la croissance et l\u2019investissement. La mise \u00e0 jour&nbsp;\u00e9conomique du printemps confirme ces ambitions gr\u00e2ce \u00e0 de nouvelles initiatives visant \u00e0 aider le gouvernement f\u00e9d\u00e9ral...\" \/>\n<meta property=\"og:url\" content=\"https:\/\/www.thebusinesscouncil.ca\/fr\/publication\/declaration-concernant-la-mise-a-jour-budgetaire-de-printemps\/\" \/>\n<meta property=\"og:site_name\" content=\"Business Council of Canada\" \/>\n<meta property=\"article:modified_time\" content=\"2026-04-28T21:34:23+00:00\" \/>\n<meta property=\"og:image\" content=\"https:\/\/www.thebusinesscouncil.ca\/wp-content\/uploads\/2021\/12\/De\u0301clarations.png\" \/>\n\t<meta property=\"og:image:width\" content=\"1440\" \/>\n\t<meta property=\"og:image:height\" content=\"900\" \/>\n\t<meta property=\"og:image:type\" content=\"image\/png\" \/>\n<meta name=\"twitter:card\" content=\"summary_large_image\" \/>\n<meta name=\"twitter:site\" content=\"@BizCouncilofCan\" \/>\n<script type=\"application\/ld+json\" class=\"yoast-schema-graph\">{\"@context\":\"https:\/\/schema.org\",\"@graph\":[{\"@type\":\"WebPage\",\"@id\":\"https:\/\/www.thebusinesscouncil.ca\/fr\/publication\/declaration-concernant-la-mise-a-jour-budgetaire-de-printemps\/\",\"url\":\"https:\/\/www.thebusinesscouncil.ca\/fr\/publication\/declaration-concernant-la-mise-a-jour-budgetaire-de-printemps\/\",\"name\":\"D\u00e9claration concernant la mise \u00e0 jour \u00e9conomique de printemps | Business Council of Canada\",\"isPartOf\":{\"@id\":\"https:\/\/www.thebusinesscouncil.ca\/#website\"},\"primaryImageOfPage\":{\"@id\":\"https:\/\/www.thebusinesscouncil.ca\/fr\/publication\/declaration-concernant-la-mise-a-jour-budgetaire-de-printemps\/#primaryimage\"},\"image\":{\"@id\":\"https:\/\/www.thebusinesscouncil.ca\/fr\/publication\/declaration-concernant-la-mise-a-jour-budgetaire-de-printemps\/#primaryimage\"},\"thumbnailUrl\":\"https:\/\/www.thebusinesscouncil.ca\/wp-content\/uploads\/2021\/12\/De\u0301clarations.png\",\"datePublished\":\"2026-04-28T21:25:59+00:00\",\"dateModified\":\"2026-04-28T21:34:23+00:00\",\"breadcrumb\":{\"@id\":\"https:\/\/www.thebusinesscouncil.ca\/fr\/publication\/declaration-concernant-la-mise-a-jour-budgetaire-de-printemps\/#breadcrumb\"},\"inLanguage\":\"fr-FR\",\"potentialAction\":[{\"@type\":\"ReadAction\",\"target\":[\"https:\/\/www.thebusinesscouncil.ca\/fr\/publication\/declaration-concernant-la-mise-a-jour-budgetaire-de-printemps\/\"]}]},{\"@type\":\"ImageObject\",\"inLanguage\":\"fr-FR\",\"@id\":\"https:\/\/www.thebusinesscouncil.ca\/fr\/publication\/declaration-concernant-la-mise-a-jour-budgetaire-de-printemps\/#primaryimage\",\"url\":\"https:\/\/www.thebusinesscouncil.ca\/wp-content\/uploads\/2021\/12\/De\u0301clarations.png\",\"contentUrl\":\"https:\/\/www.thebusinesscouncil.ca\/wp-content\/uploads\/2021\/12\/De\u0301clarations.png\",\"width\":1440,\"height\":900},{\"@type\":\"BreadcrumbList\",\"@id\":\"https:\/\/www.thebusinesscouncil.ca\/fr\/publication\/declaration-concernant-la-mise-a-jour-budgetaire-de-printemps\/#breadcrumb\",\"itemListElement\":[{\"@type\":\"ListItem\",\"position\":1,\"name\":\"Home\",\"item\":\"https:\/\/www.thebusinesscouncil.ca\/fr\/\"},{\"@type\":\"ListItem\",\"position\":2,\"name\":\"D\u00e9claration concernant la mise \u00e0 jour \u00e9conomique de printemps\"}]},{\"@type\":\"WebSite\",\"@id\":\"https:\/\/www.thebusinesscouncil.ca\/#website\",\"url\":\"https:\/\/www.thebusinesscouncil.ca\/\",\"name\":\"Business Council of Canada\",\"description\":\"\",\"publisher\":{\"@id\":\"https:\/\/www.thebusinesscouncil.ca\/#organization\"},\"potentialAction\":[{\"@type\":\"SearchAction\",\"target\":{\"@type\":\"EntryPoint\",\"urlTemplate\":\"https:\/\/www.thebusinesscouncil.ca\/?s={search_term_string}\"},\"query-input\":{\"@type\":\"PropertyValueSpecification\",\"valueRequired\":true,\"valueName\":\"search_term_string\"}}],\"inLanguage\":\"fr-FR\"},{\"@type\":\"Organization\",\"@id\":\"https:\/\/www.thebusinesscouncil.ca\/#organization\",\"name\":\"Business Council of Canada\",\"url\":\"https:\/\/www.thebusinesscouncil.ca\/\",\"logo\":{\"@type\":\"ImageObject\",\"inLanguage\":\"fr-FR\",\"@id\":\"https:\/\/www.thebusinesscouncil.ca\/#\/schema\/logo\/image\/\",\"url\":\"https:\/\/www.thebusinesscouncil.ca\/wp-content\/uploads\/2020\/10\/Business-Council-of-Canada-Generic.png\",\"contentUrl\":\"https:\/\/www.thebusinesscouncil.ca\/wp-content\/uploads\/2020\/10\/Business-Council-of-Canada-Generic.png\",\"width\":1440,\"height\":900,\"caption\":\"Business Council of Canada\"},\"image\":{\"@id\":\"https:\/\/www.thebusinesscouncil.ca\/#\/schema\/logo\/image\/\"},\"sameAs\":[\"https:\/\/x.com\/BizCouncilofCan\",\"https:\/\/www.linkedin.com\/company\/business-council-of-canda\",\"https:\/\/www.youtube.com\/user\/CdnCEOCouncil\"]}]}<\/script>\n<!-- \/ Yoast SEO plugin. -->","yoast_head_json":{"title":"D\u00e9claration concernant la mise \u00e0 jour \u00e9conomique de printemps | Business Council of Canada","robots":{"index":"index","follow":"follow","max-snippet":"max-snippet:-1","max-image-preview":"max-image-preview:large","max-video-preview":"max-video-preview:-1"},"canonical":"https:\/\/www.thebusinesscouncil.ca\/fr\/publication\/declaration-concernant-la-mise-a-jour-budgetaire-de-printemps\/","og_locale":"fr_FR","og_type":"article","og_title":"D\u00e9claration concernant la mise \u00e0 jour \u00e9conomique de printemps | Business Council of Canada","og_description":"Le budget 2025 a marqu\u00e9 un tournant important et clair dans l\u2019orientation du gouvernement f\u00e9d\u00e9ral vers la croissance et l\u2019investissement. La mise \u00e0 jour&nbsp;\u00e9conomique du printemps confirme ces ambitions gr\u00e2ce \u00e0 de nouvelles initiatives visant \u00e0 aider le gouvernement f\u00e9d\u00e9ral...","og_url":"https:\/\/www.thebusinesscouncil.ca\/fr\/publication\/declaration-concernant-la-mise-a-jour-budgetaire-de-printemps\/","og_site_name":"Business Council of Canada","article_modified_time":"2026-04-28T21:34:23+00:00","og_image":[{"width":1440,"height":900,"url":"https:\/\/www.thebusinesscouncil.ca\/wp-content\/uploads\/2021\/12\/De\u0301clarations.png","type":"image\/png"}],"twitter_card":"summary_large_image","twitter_site":"@BizCouncilofCan","schema":{"@context":"https:\/\/schema.org","@graph":[{"@type":"WebPage","@id":"https:\/\/www.thebusinesscouncil.ca\/fr\/publication\/declaration-concernant-la-mise-a-jour-budgetaire-de-printemps\/","url":"https:\/\/www.thebusinesscouncil.ca\/fr\/publication\/declaration-concernant-la-mise-a-jour-budgetaire-de-printemps\/","name":"D\u00e9claration concernant la mise \u00e0 jour \u00e9conomique de printemps | Business Council of Canada","isPartOf":{"@id":"https:\/\/www.thebusinesscouncil.ca\/#website"},"primaryImageOfPage":{"@id":"https:\/\/www.thebusinesscouncil.ca\/fr\/publication\/declaration-concernant-la-mise-a-jour-budgetaire-de-printemps\/#primaryimage"},"image":{"@id":"https:\/\/www.thebusinesscouncil.ca\/fr\/publication\/declaration-concernant-la-mise-a-jour-budgetaire-de-printemps\/#primaryimage"},"thumbnailUrl":"https:\/\/www.thebusinesscouncil.ca\/wp-content\/uploads\/2021\/12\/De\u0301clarations.png","datePublished":"2026-04-28T21:25:59+00:00","dateModified":"2026-04-28T21:34:23+00:00","breadcrumb":{"@id":"https:\/\/www.thebusinesscouncil.ca\/fr\/publication\/declaration-concernant-la-mise-a-jour-budgetaire-de-printemps\/#breadcrumb"},"inLanguage":"fr-FR","potentialAction":[{"@type":"ReadAction","target":["https:\/\/www.thebusinesscouncil.ca\/fr\/publication\/declaration-concernant-la-mise-a-jour-budgetaire-de-printemps\/"]}]},{"@type":"ImageObject","inLanguage":"fr-FR","@id":"https:\/\/www.thebusinesscouncil.ca\/fr\/publication\/declaration-concernant-la-mise-a-jour-budgetaire-de-printemps\/#primaryimage","url":"https:\/\/www.thebusinesscouncil.ca\/wp-content\/uploads\/2021\/12\/De\u0301clarations.png","contentUrl":"https:\/\/www.thebusinesscouncil.ca\/wp-content\/uploads\/2021\/12\/De\u0301clarations.png","width":1440,"height":900},{"@type":"BreadcrumbList","@id":"https:\/\/www.thebusinesscouncil.ca\/fr\/publication\/declaration-concernant-la-mise-a-jour-budgetaire-de-printemps\/#breadcrumb","itemListElement":[{"@type":"ListItem","position":1,"name":"Home","item":"https:\/\/www.thebusinesscouncil.ca\/fr\/"},{"@type":"ListItem","position":2,"name":"D\u00e9claration concernant la mise \u00e0 jour \u00e9conomique de printemps"}]},{"@type":"WebSite","@id":"https:\/\/www.thebusinesscouncil.ca\/#website","url":"https:\/\/www.thebusinesscouncil.ca\/","name":"Business Council of Canada","description":"","publisher":{"@id":"https:\/\/www.thebusinesscouncil.ca\/#organization"},"potentialAction":[{"@type":"SearchAction","target":{"@type":"EntryPoint","urlTemplate":"https:\/\/www.thebusinesscouncil.ca\/?s={search_term_string}"},"query-input":{"@type":"PropertyValueSpecification","valueRequired":true,"valueName":"search_term_string"}}],"inLanguage":"fr-FR"},{"@type":"Organization","@id":"https:\/\/www.thebusinesscouncil.ca\/#organization","name":"Business Council of Canada","url":"https:\/\/www.thebusinesscouncil.ca\/","logo":{"@type":"ImageObject","inLanguage":"fr-FR","@id":"https:\/\/www.thebusinesscouncil.ca\/#\/schema\/logo\/image\/","url":"https:\/\/www.thebusinesscouncil.ca\/wp-content\/uploads\/2020\/10\/Business-Council-of-Canada-Generic.png","contentUrl":"https:\/\/www.thebusinesscouncil.ca\/wp-content\/uploads\/2020\/10\/Business-Council-of-Canada-Generic.png","width":1440,"height":900,"caption":"Business Council of Canada"},"image":{"@id":"https:\/\/www.thebusinesscouncil.ca\/#\/schema\/logo\/image\/"},"sameAs":["https:\/\/x.com\/BizCouncilofCan","https:\/\/www.linkedin.com\/company\/business-council-of-canda","https:\/\/www.youtube.com\/user\/CdnCEOCouncil"]}]}},"publishpress_future_workflow_manual_trigger":{"enabledWorkflows":[]},"_links":{"self":[{"href":"https:\/\/www.thebusinesscouncil.ca\/fr\/wp-json\/wp\/v2\/publication\/25301","targetHints":{"allow":["GET"]}}],"collection":[{"href":"https:\/\/www.thebusinesscouncil.ca\/fr\/wp-json\/wp\/v2\/publication"}],"about":[{"href":"https:\/\/www.thebusinesscouncil.ca\/fr\/wp-json\/wp\/v2\/types\/publication"}],"author":[{"embeddable":true,"href":"https:\/\/www.thebusinesscouncil.ca\/fr\/wp-json\/wp\/v2\/users\/234"}],"wp:featuredmedia":[{"embeddable":true,"href":"https:\/\/www.thebusinesscouncil.ca\/fr\/wp-json\/wp\/v2\/media\/11412"}],"wp:attachment":[{"href":"https:\/\/www.thebusinesscouncil.ca\/fr\/wp-json\/wp\/v2\/media?parent=25301"}],"wp:term":[{"taxonomy":"post_types","embeddable":true,"href":"https:\/\/www.thebusinesscouncil.ca\/fr\/wp-json\/wp\/v2\/post_types?post=25301"},{"taxonomy":"topics","embeddable":true,"href":"https:\/\/www.thebusinesscouncil.ca\/fr\/wp-json\/wp\/v2\/topics?post=25301"}],"curies":[{"name":"wp","href":"https:\/\/api.w.org\/{rel}","templated":true}]}}

Déclaration concernant la mise à jour économique de printemps

<p>Le budget 2025 a marqué un tournant important et clair dans l’orientation du gouvernement fédéral vers la croissance et l’investissement. La mise à jour&nbsp;économique du printemps confirme ces ambitions grâce à de nouvelles initiatives visant à aider le gouvernement fédéral à mettre en œuvre son programme.&nbsp;</p>



<p>Le Conseil canadien des affaires (CCA) salue le plan du gouvernement visant à créer de nouvelles voies d’accès aux métiers spécialisés pour les jeunes Canadiens, ce qui représente un nouvel investissement de 6 milliards de dollars sur cinq ans. Le Canada aura besoin de centaines de milliers de travailleurs qualifiés supplémentaires pour réaliser le nouveau programme ambitieux du gouvernement. Le CCA s’est engagé depuis longtemps à développer une main-d’œuvre future solide et compétente en collaboration avec les gouvernements, les employeurs et les établissements d’enseignement et, à cette fin, a créé la Table ronde Entreprises + Enseignement supérieur (TRES) en 2015. </p>



<p>Le nouveau fonds pour un Canada fort offre au gouvernement fédéral un outil supplémentaire pour stimuler l’investissement dans des secteurs clés, ce qui est une excellente nouvelle. Aujourd’hui, les gouvernements ont besoin de plus d’outils, et non de moins. Le CCA appuie le recours à la politique budgétaire pour accroître l’investissement et la capacité productive et se réjouit du déficit, inférieur aux prévisions. </p>



<p>En cette période d’incertitude mondiale, le Canada peut offrir aux investisseurs la certitude dont ils ont tant besoin en approuvant des projets, en déployant des capitaux, en allégeant le fardeau réglementaire et en améliorant sensiblement sa compétitivité. </p>

<!-- This site is optimized with the Yoast SEO plugin v27.1.1 - https://yoast.com/product/yoast-seo-wordpress/ -->
<title>Déclaration concernant la mise à jour économique de printemps | Business Council of Canada</title>
<meta name="robots" content="index, follow, max-snippet:-1, max-image-preview:large, max-video-preview:-1" />
<link rel="canonical" href="https://www.thebusinesscouncil.ca/fr/publication/declaration-concernant-la-mise-a-jour-budgetaire-de-printemps/" />
<meta property="og:locale" content="fr_FR" />
<meta property="og:type" content="article" />
<meta property="og:title" content="Déclaration concernant la mise à jour économique de printemps | Business Council of Canada" />
<meta property="og:description" content="Le budget 2025 a marqué un tournant important et clair dans l’orientation du gouvernement fédéral vers la croissance et l’investissement. La mise à jour&nbsp;économique du printemps confirme ces ambitions grâce à de nouvelles initiatives visant à aider le gouvernement fédéral..." />
<meta property="og:url" content="https://www.thebusinesscouncil.ca/fr/publication/declaration-concernant-la-mise-a-jour-budgetaire-de-printemps/" />
<meta property="og:site_name" content="Business Council of Canada" />
<meta property="article:modified_time" content="2026-04-28T21:34:23+00:00" />
<meta property="og:image" content="https://www.thebusinesscouncil.ca/wp-content/uploads/2021/12/Déclarations.png" />
	<meta property="og:image:width" content="1440" />
	<meta property="og:image:height" content="900" />
	<meta property="og:image:type" content="image/png" />
<meta name="twitter:card" content="summary_large_image" />
<meta name="twitter:site" content="@BizCouncilofCan" />
<script type="application/ld+json" class="yoast-schema-graph">{"@context":"https://schema.org","@graph":[{"@type":"WebPage","@id":"https://www.thebusinesscouncil.ca/fr/publication/declaration-concernant-la-mise-a-jour-budgetaire-de-printemps/","url":"https://www.thebusinesscouncil.ca/fr/publication/declaration-concernant-la-mise-a-jour-budgetaire-de-printemps/","name":"Déclaration concernant la mise à jour économique de printemps | Business Council of Canada","isPartOf":{"@id":"https://www.thebusinesscouncil.ca/#website"},"primaryImageOfPage":{"@id":"https://www.thebusinesscouncil.ca/fr/publication/declaration-concernant-la-mise-a-jour-budgetaire-de-printemps/#primaryimage"},"image":{"@id":"https://www.thebusinesscouncil.ca/fr/publication/declaration-concernant-la-mise-a-jour-budgetaire-de-printemps/#primaryimage"},"thumbnailUrl":"https://www.thebusinesscouncil.ca/wp-content/uploads/2021/12/Déclarations.png","datePublished":"2026-04-28T21:25:59+00:00","dateModified":"2026-04-28T21:34:23+00:00","breadcrumb":{"@id":"https://www.thebusinesscouncil.ca/fr/publication/declaration-concernant-la-mise-a-jour-budgetaire-de-printemps/#breadcrumb"},"inLanguage":"fr-FR","potentialAction":[{"@type":"ReadAction","target":["https://www.thebusinesscouncil.ca/fr/publication/declaration-concernant-la-mise-a-jour-budgetaire-de-printemps/"]}]},{"@type":"ImageObject","inLanguage":"fr-FR","@id":"https://www.thebusinesscouncil.ca/fr/publication/declaration-concernant-la-mise-a-jour-budgetaire-de-printemps/#primaryimage","url":"https://www.thebusinesscouncil.ca/wp-content/uploads/2021/12/Déclarations.png","contentUrl":"https://www.thebusinesscouncil.ca/wp-content/uploads/2021/12/Déclarations.png","width":1440,"height":900},{"@type":"BreadcrumbList","@id":"https://www.thebusinesscouncil.ca/fr/publication/declaration-concernant-la-mise-a-jour-budgetaire-de-printemps/#breadcrumb","itemListElement":[{"@type":"ListItem","position":1,"name":"Home","item":"https://www.thebusinesscouncil.ca/fr/"},{"@type":"ListItem","position":2,"name":"Déclaration concernant la mise à jour économique de printemps"}]},{"@type":"WebSite","@id":"https://www.thebusinesscouncil.ca/#website","url":"https://www.thebusinesscouncil.ca/","name":"Business Council of Canada","description":"","publisher":{"@id":"https://www.thebusinesscouncil.ca/#organization"},"potentialAction":[{"@type":"SearchAction","target":{"@type":"EntryPoint","urlTemplate":"https://www.thebusinesscouncil.ca/?s={search_term_string}"},"query-input":{"@type":"PropertyValueSpecification","valueRequired":true,"valueName":"search_term_string"}}],"inLanguage":"fr-FR"},{"@type":"Organization","@id":"https://www.thebusinesscouncil.ca/#organization","name":"Business Council of Canada","url":"https://www.thebusinesscouncil.ca/","logo":{"@type":"ImageObject","inLanguage":"fr-FR","@id":"https://www.thebusinesscouncil.ca/#/schema/logo/image/","url":"https://www.thebusinesscouncil.ca/wp-content/uploads/2020/10/Business-Council-of-Canada-Generic.png","contentUrl":"https://www.thebusinesscouncil.ca/wp-content/uploads/2020/10/Business-Council-of-Canada-Generic.png","width":1440,"height":900,"caption":"Business Council of Canada"},"image":{"@id":"https://www.thebusinesscouncil.ca/#/schema/logo/image/"},"sameAs":["https://x.com/BizCouncilofCan","https://www.linkedin.com/company/business-council-of-canda","https://www.youtube.com/user/CdnCEOCouncil"]}]}</script>
<!-- / Yoast SEO plugin. -->

Déclaration concernant la mise à jour économique de printemps | Business Council of Canada

Le budget 2025 a marqué un tournant important et clair dans l’orientation du gouvernement fédéral vers la croissance et l’investissement. La mise à jour&nbsp;économique du printemps confirme ces ambitions grâce à de nouvelles initiatives visant à aider le gouvernement fédéral...
