{"id":24458,"date":"2025-12-04T08:30:00","date_gmt":"2025-12-04T13:30:00","guid":{"rendered":"https:\/\/www.thebusinesscouncil.ca\/?post_type=publication&#038;p=24458"},"modified":"2025-12-03T16:43:24","modified_gmt":"2025-12-03T21:43:24","slug":"les-associations-dentreprises-nord-americaines-sunissent-pour-soutenir-la-prolongation-de-laceum","status":"publish","type":"publication","link":"https:\/\/www.thebusinesscouncil.ca\/fr\/publication\/les-associations-dentreprises-nord-americaines-sunissent-pour-soutenir-la-prolongation-de-laceum\/","title":{"rendered":"Les associations d&#8217;entreprises nord-am\u00e9ricaines s&#8217;unissent pour soutenir la prolongation de l&#8217;ACEUM"},"content":{"rendered":"\n<p>Aujourd&#8217;hui, la Table ronde des entreprises (BRT), le Conseil canadien des affaires (CCA) et la Table ronde des entreprises mexicaines (CMN) ont publi\u00e9 la d\u00e9claration suivante concernant le premier examen conjoint de l&#8217;Accord \u00c9tats-Unis-Mexique-Canada (ACEUM) :<\/p>\n\n\n\n<p>\u00ab Depuis des d\u00e9cennies, le commerce nord-am\u00e9ricain et les r\u00e9seaux de fabrication int\u00e9gr\u00e9s g\u00e9n\u00e8rent d&#8217;importants avantages \u00e9conomiques pour les \u00c9tats-Unis, le Mexique et le Canada. Depuis l&#8217;entr\u00e9e en vigueur de l&#8217;ACEUM, l&#8217;activit\u00e9 \u00e9conomique transfrontali\u00e8re s&#8217;est intensifi\u00e9e, stimulant la croissance, la cr\u00e9ation d&#8217;emplois et la comp\u00e9titivit\u00e9 dans les trois pays.<\/p>\n\n\n\n<p>\u00c0 l&#8217;approche du premier examen conjoint, nous exhortons les Parties \u00e0 \u0153uvrer rapidement pour prolonger et renforcer l&#8217;ACEUM. Pr\u00e9server ce partenariat trilat\u00e9ral essentiel, renforcer la coop\u00e9ration en mati\u00e8re de s\u00e9curit\u00e9 \u00e9conomique et r\u00e9tablir l&#8217;exemption de droits de douane pour tous les produits conformes \u00e0 l&#8217;ACEUM contribueraient \u00e0 la prosp\u00e9rit\u00e9 \u00e0 long terme des entreprises et des travailleurs des \u00c9tats-Unis, du Mexique et du Canada. \u00bb<\/p>\n","protected":false},"author":234,"featured_media":11281,"template":"","post_types":[104],"topics":[80,66,67],"class_list":["post-24458","publication","type-publication","status-publish","has-post-thumbnail","hentry","post_types-declarations"],"acf":[],"yoast_head":"<!-- This site is optimized with the Yoast SEO plugin v27.1.1 - https:\/\/yoast.com\/product\/yoast-seo-wordpress\/ -->\n<title>Les associations d&#039;entreprises nord-am\u00e9ricaines s&#039;unissent pour soutenir la prolongation de l&#039;ACEUM | Business Council of Canada<\/title>\n<meta name=\"robots\" content=\"index, follow, max-snippet:-1, max-image-preview:large, max-video-preview:-1\" \/>\n<link rel=\"canonical\" href=\"https:\/\/www.thebusinesscouncil.ca\/publication\/north-american-business-associations-unite-in-support-of-extending-usmca\/\" \/>\n<meta property=\"og:locale\" content=\"fr_FR\" \/>\n<meta property=\"og:type\" content=\"article\" \/>\n<meta property=\"og:title\" content=\"Les associations d&#039;entreprises nord-am\u00e9ricaines s&#039;unissent pour soutenir la prolongation de l&#039;ACEUM | Business Council of Canada\" \/>\n<meta property=\"og:description\" content=\"Aujourd&#8217;hui, la Table ronde des entreprises (BRT), le Conseil canadien des affaires (CCA) et la Table ronde des entreprises mexicaines (CMN) ont publi\u00e9 la d\u00e9claration suivante concernant le premier examen conjoint de l&#8217;Accord \u00c9tats-Unis-Mexique-Canada (ACEUM) : \u00ab Depuis des d\u00e9cennies,...\" \/>\n<meta property=\"og:url\" content=\"https:\/\/www.thebusinesscouncil.ca\/publication\/north-american-business-associations-unite-in-support-of-extending-usmca\/\" \/>\n<meta property=\"og:site_name\" content=\"Business Council of Canada\" \/>\n<meta property=\"og:image\" content=\"https:\/\/www.thebusinesscouncil.ca\/wp-content\/uploads\/2021\/11\/Joint-Statement-TriFlags.png\" \/>\n\t<meta property=\"og:image:width\" content=\"1440\" \/>\n\t<meta property=\"og:image:height\" content=\"900\" \/>\n\t<meta property=\"og:image:type\" content=\"image\/png\" \/>\n<meta name=\"twitter:card\" content=\"summary_large_image\" \/>\n<meta name=\"twitter:site\" content=\"@BizCouncilofCan\" \/>\n<script type=\"application\/ld+json\" class=\"yoast-schema-graph\">{\"@context\":\"https:\/\/schema.org\",\"@graph\":[{\"@type\":\"WebPage\",\"@id\":\"https:\/\/www.thebusinesscouncil.ca\/publication\/north-american-business-associations-unite-in-support-of-extending-usmca\/\",\"url\":\"https:\/\/www.thebusinesscouncil.ca\/publication\/north-american-business-associations-unite-in-support-of-extending-usmca\/\",\"name\":\"Les associations d'entreprises nord-am\u00e9ricaines s'unissent pour soutenir la prolongation de l'ACEUM | Business Council of Canada\",\"isPartOf\":{\"@id\":\"https:\/\/www.thebusinesscouncil.ca\/#website\"},\"primaryImageOfPage\":{\"@id\":\"https:\/\/www.thebusinesscouncil.ca\/publication\/north-american-business-associations-unite-in-support-of-extending-usmca\/#primaryimage\"},\"image\":{\"@id\":\"https:\/\/www.thebusinesscouncil.ca\/publication\/north-american-business-associations-unite-in-support-of-extending-usmca\/#primaryimage\"},\"thumbnailUrl\":\"https:\/\/www.thebusinesscouncil.ca\/wp-content\/uploads\/2021\/11\/Joint-Statement-TriFlags.png\",\"datePublished\":\"2025-12-04T13:30:00+00:00\",\"breadcrumb\":{\"@id\":\"https:\/\/www.thebusinesscouncil.ca\/publication\/north-american-business-associations-unite-in-support-of-extending-usmca\/#breadcrumb\"},\"inLanguage\":\"fr-FR\",\"potentialAction\":[{\"@type\":\"ReadAction\",\"target\":[\"https:\/\/www.thebusinesscouncil.ca\/publication\/north-american-business-associations-unite-in-support-of-extending-usmca\/\"]}]},{\"@type\":\"ImageObject\",\"inLanguage\":\"fr-FR\",\"@id\":\"https:\/\/www.thebusinesscouncil.ca\/publication\/north-american-business-associations-unite-in-support-of-extending-usmca\/#primaryimage\",\"url\":\"https:\/\/www.thebusinesscouncil.ca\/wp-content\/uploads\/2021\/11\/Joint-Statement-TriFlags.png\",\"contentUrl\":\"https:\/\/www.thebusinesscouncil.ca\/wp-content\/uploads\/2021\/11\/Joint-Statement-TriFlags.png\",\"width\":1440,\"height\":900},{\"@type\":\"BreadcrumbList\",\"@id\":\"https:\/\/www.thebusinesscouncil.ca\/publication\/north-american-business-associations-unite-in-support-of-extending-usmca\/#breadcrumb\",\"itemListElement\":[{\"@type\":\"ListItem\",\"position\":1,\"name\":\"Home\",\"item\":\"https:\/\/www.thebusinesscouncil.ca\/fr\/\"},{\"@type\":\"ListItem\",\"position\":2,\"name\":\"Les associations d&#8217;entreprises nord-am\u00e9ricaines s&#8217;unissent pour soutenir la prolongation de l&#8217;ACEUM\"}]},{\"@type\":\"WebSite\",\"@id\":\"https:\/\/www.thebusinesscouncil.ca\/#website\",\"url\":\"https:\/\/www.thebusinesscouncil.ca\/\",\"name\":\"Business Council of Canada\",\"description\":\"\",\"publisher\":{\"@id\":\"https:\/\/www.thebusinesscouncil.ca\/#organization\"},\"potentialAction\":[{\"@type\":\"SearchAction\",\"target\":{\"@type\":\"EntryPoint\",\"urlTemplate\":\"https:\/\/www.thebusinesscouncil.ca\/?s={search_term_string}\"},\"query-input\":{\"@type\":\"PropertyValueSpecification\",\"valueRequired\":true,\"valueName\":\"search_term_string\"}}],\"inLanguage\":\"fr-FR\"},{\"@type\":\"Organization\",\"@id\":\"https:\/\/www.thebusinesscouncil.ca\/#organization\",\"name\":\"Business Council of Canada\",\"url\":\"https:\/\/www.thebusinesscouncil.ca\/\",\"logo\":{\"@type\":\"ImageObject\",\"inLanguage\":\"fr-FR\",\"@id\":\"https:\/\/www.thebusinesscouncil.ca\/#\/schema\/logo\/image\/\",\"url\":\"https:\/\/www.thebusinesscouncil.ca\/wp-content\/uploads\/2020\/10\/Business-Council-of-Canada-Generic.png\",\"contentUrl\":\"https:\/\/www.thebusinesscouncil.ca\/wp-content\/uploads\/2020\/10\/Business-Council-of-Canada-Generic.png\",\"width\":1440,\"height\":900,\"caption\":\"Business Council of Canada\"},\"image\":{\"@id\":\"https:\/\/www.thebusinesscouncil.ca\/#\/schema\/logo\/image\/\"},\"sameAs\":[\"https:\/\/x.com\/BizCouncilofCan\",\"https:\/\/www.linkedin.com\/company\/business-council-of-canda\",\"https:\/\/www.youtube.com\/user\/CdnCEOCouncil\"]}]}<\/script>\n<!-- \/ Yoast SEO plugin. -->","yoast_head_json":{"title":"Les associations d'entreprises nord-am\u00e9ricaines s'unissent pour soutenir la prolongation de l'ACEUM | Business Council of Canada","robots":{"index":"index","follow":"follow","max-snippet":"max-snippet:-1","max-image-preview":"max-image-preview:large","max-video-preview":"max-video-preview:-1"},"canonical":"https:\/\/www.thebusinesscouncil.ca\/publication\/north-american-business-associations-unite-in-support-of-extending-usmca\/","og_locale":"fr_FR","og_type":"article","og_title":"Les associations d'entreprises nord-am\u00e9ricaines s'unissent pour soutenir la prolongation de l'ACEUM | Business Council of Canada","og_description":"Aujourd&#8217;hui, la Table ronde des entreprises (BRT), le Conseil canadien des affaires (CCA) et la Table ronde des entreprises mexicaines (CMN) ont publi\u00e9 la d\u00e9claration suivante concernant le premier examen conjoint de l&#8217;Accord \u00c9tats-Unis-Mexique-Canada (ACEUM) : \u00ab Depuis des d\u00e9cennies,...","og_url":"https:\/\/www.thebusinesscouncil.ca\/publication\/north-american-business-associations-unite-in-support-of-extending-usmca\/","og_site_name":"Business Council of Canada","og_image":[{"width":1440,"height":900,"url":"https:\/\/www.thebusinesscouncil.ca\/wp-content\/uploads\/2021\/11\/Joint-Statement-TriFlags.png","type":"image\/png"}],"twitter_card":"summary_large_image","twitter_site":"@BizCouncilofCan","schema":{"@context":"https:\/\/schema.org","@graph":[{"@type":"WebPage","@id":"https:\/\/www.thebusinesscouncil.ca\/publication\/north-american-business-associations-unite-in-support-of-extending-usmca\/","url":"https:\/\/www.thebusinesscouncil.ca\/publication\/north-american-business-associations-unite-in-support-of-extending-usmca\/","name":"Les associations d'entreprises nord-am\u00e9ricaines s'unissent pour soutenir la prolongation de l'ACEUM | Business Council of Canada","isPartOf":{"@id":"https:\/\/www.thebusinesscouncil.ca\/#website"},"primaryImageOfPage":{"@id":"https:\/\/www.thebusinesscouncil.ca\/publication\/north-american-business-associations-unite-in-support-of-extending-usmca\/#primaryimage"},"image":{"@id":"https:\/\/www.thebusinesscouncil.ca\/publication\/north-american-business-associations-unite-in-support-of-extending-usmca\/#primaryimage"},"thumbnailUrl":"https:\/\/www.thebusinesscouncil.ca\/wp-content\/uploads\/2021\/11\/Joint-Statement-TriFlags.png","datePublished":"2025-12-04T13:30:00+00:00","breadcrumb":{"@id":"https:\/\/www.thebusinesscouncil.ca\/publication\/north-american-business-associations-unite-in-support-of-extending-usmca\/#breadcrumb"},"inLanguage":"fr-FR","potentialAction":[{"@type":"ReadAction","target":["https:\/\/www.thebusinesscouncil.ca\/publication\/north-american-business-associations-unite-in-support-of-extending-usmca\/"]}]},{"@type":"ImageObject","inLanguage":"fr-FR","@id":"https:\/\/www.thebusinesscouncil.ca\/publication\/north-american-business-associations-unite-in-support-of-extending-usmca\/#primaryimage","url":"https:\/\/www.thebusinesscouncil.ca\/wp-content\/uploads\/2021\/11\/Joint-Statement-TriFlags.png","contentUrl":"https:\/\/www.thebusinesscouncil.ca\/wp-content\/uploads\/2021\/11\/Joint-Statement-TriFlags.png","width":1440,"height":900},{"@type":"BreadcrumbList","@id":"https:\/\/www.thebusinesscouncil.ca\/publication\/north-american-business-associations-unite-in-support-of-extending-usmca\/#breadcrumb","itemListElement":[{"@type":"ListItem","position":1,"name":"Home","item":"https:\/\/www.thebusinesscouncil.ca\/fr\/"},{"@type":"ListItem","position":2,"name":"Les associations d&#8217;entreprises nord-am\u00e9ricaines s&#8217;unissent pour soutenir la prolongation de l&#8217;ACEUM"}]},{"@type":"WebSite","@id":"https:\/\/www.thebusinesscouncil.ca\/#website","url":"https:\/\/www.thebusinesscouncil.ca\/","name":"Business Council of Canada","description":"","publisher":{"@id":"https:\/\/www.thebusinesscouncil.ca\/#organization"},"potentialAction":[{"@type":"SearchAction","target":{"@type":"EntryPoint","urlTemplate":"https:\/\/www.thebusinesscouncil.ca\/?s={search_term_string}"},"query-input":{"@type":"PropertyValueSpecification","valueRequired":true,"valueName":"search_term_string"}}],"inLanguage":"fr-FR"},{"@type":"Organization","@id":"https:\/\/www.thebusinesscouncil.ca\/#organization","name":"Business Council of Canada","url":"https:\/\/www.thebusinesscouncil.ca\/","logo":{"@type":"ImageObject","inLanguage":"fr-FR","@id":"https:\/\/www.thebusinesscouncil.ca\/#\/schema\/logo\/image\/","url":"https:\/\/www.thebusinesscouncil.ca\/wp-content\/uploads\/2020\/10\/Business-Council-of-Canada-Generic.png","contentUrl":"https:\/\/www.thebusinesscouncil.ca\/wp-content\/uploads\/2020\/10\/Business-Council-of-Canada-Generic.png","width":1440,"height":900,"caption":"Business Council of Canada"},"image":{"@id":"https:\/\/www.thebusinesscouncil.ca\/#\/schema\/logo\/image\/"},"sameAs":["https:\/\/x.com\/BizCouncilofCan","https:\/\/www.linkedin.com\/company\/business-council-of-canda","https:\/\/www.youtube.com\/user\/CdnCEOCouncil"]}]}},"publishpress_future_workflow_manual_trigger":{"enabledWorkflows":[]},"_links":{"self":[{"href":"https:\/\/www.thebusinesscouncil.ca\/fr\/wp-json\/wp\/v2\/publication\/24458","targetHints":{"allow":["GET"]}}],"collection":[{"href":"https:\/\/www.thebusinesscouncil.ca\/fr\/wp-json\/wp\/v2\/publication"}],"about":[{"href":"https:\/\/www.thebusinesscouncil.ca\/fr\/wp-json\/wp\/v2\/types\/publication"}],"author":[{"embeddable":true,"href":"https:\/\/www.thebusinesscouncil.ca\/fr\/wp-json\/wp\/v2\/users\/234"}],"wp:featuredmedia":[{"embeddable":true,"href":"https:\/\/www.thebusinesscouncil.ca\/fr\/wp-json\/wp\/v2\/media\/11281"}],"wp:attachment":[{"href":"https:\/\/www.thebusinesscouncil.ca\/fr\/wp-json\/wp\/v2\/media?parent=24458"}],"wp:term":[{"taxonomy":"post_types","embeddable":true,"href":"https:\/\/www.thebusinesscouncil.ca\/fr\/wp-json\/wp\/v2\/post_types?post=24458"},{"taxonomy":"topics","embeddable":true,"href":"https:\/\/www.thebusinesscouncil.ca\/fr\/wp-json\/wp\/v2\/topics?post=24458"}],"curies":[{"name":"wp","href":"https:\/\/api.w.org\/{rel}","templated":true}]}}

Les associations d&#8217;entreprises nord-américaines s&#8217;unissent pour soutenir la prolongation de l&#8217;ACEUM

<p>Aujourd&#8217;hui, la Table ronde des entreprises (BRT), le Conseil canadien des affaires (CCA) et la Table ronde des entreprises mexicaines (CMN) ont publié la déclaration suivante concernant le premier examen conjoint de l&#8217;Accord États-Unis-Mexique-Canada (ACEUM) :</p>



<p>« Depuis des décennies, le commerce nord-américain et les réseaux de fabrication intégrés génèrent d&#8217;importants avantages économiques pour les États-Unis, le Mexique et le Canada. Depuis l&#8217;entrée en vigueur de l&#8217;ACEUM, l&#8217;activité économique transfrontalière s&#8217;est intensifiée, stimulant la croissance, la création d&#8217;emplois et la compétitivité dans les trois pays.</p>



<p>À l&#8217;approche du premier examen conjoint, nous exhortons les Parties à œuvrer rapidement pour prolonger et renforcer l&#8217;ACEUM. Préserver ce partenariat trilatéral essentiel, renforcer la coopération en matière de sécurité économique et rétablir l&#8217;exemption de droits de douane pour tous les produits conformes à l&#8217;ACEUM contribueraient à la prospérité à long terme des entreprises et des travailleurs des États-Unis, du Mexique et du Canada. »</p>

<!-- This site is optimized with the Yoast SEO plugin v27.1.1 - https://yoast.com/product/yoast-seo-wordpress/ -->
<title>Les associations d&#039;entreprises nord-américaines s&#039;unissent pour soutenir la prolongation de l&#039;ACEUM | Business Council of Canada</title>
<meta name="robots" content="index, follow, max-snippet:-1, max-image-preview:large, max-video-preview:-1" />
<link rel="canonical" href="https://www.thebusinesscouncil.ca/publication/north-american-business-associations-unite-in-support-of-extending-usmca/" />
<meta property="og:locale" content="fr_FR" />
<meta property="og:type" content="article" />
<meta property="og:title" content="Les associations d&#039;entreprises nord-américaines s&#039;unissent pour soutenir la prolongation de l&#039;ACEUM | Business Council of Canada" />
<meta property="og:description" content="Aujourd&#8217;hui, la Table ronde des entreprises (BRT), le Conseil canadien des affaires (CCA) et la Table ronde des entreprises mexicaines (CMN) ont publié la déclaration suivante concernant le premier examen conjoint de l&#8217;Accord États-Unis-Mexique-Canada (ACEUM) : « Depuis des décennies,..." />
<meta property="og:url" content="https://www.thebusinesscouncil.ca/publication/north-american-business-associations-unite-in-support-of-extending-usmca/" />
<meta property="og:site_name" content="Business Council of Canada" />
<meta property="og:image" content="https://www.thebusinesscouncil.ca/wp-content/uploads/2021/11/Joint-Statement-TriFlags.png" />
	<meta property="og:image:width" content="1440" />
	<meta property="og:image:height" content="900" />
	<meta property="og:image:type" content="image/png" />
<meta name="twitter:card" content="summary_large_image" />
<meta name="twitter:site" content="@BizCouncilofCan" />
<script type="application/ld+json" class="yoast-schema-graph">{"@context":"https://schema.org","@graph":[{"@type":"WebPage","@id":"https://www.thebusinesscouncil.ca/publication/north-american-business-associations-unite-in-support-of-extending-usmca/","url":"https://www.thebusinesscouncil.ca/publication/north-american-business-associations-unite-in-support-of-extending-usmca/","name":"Les associations d'entreprises nord-américaines s'unissent pour soutenir la prolongation de l'ACEUM | Business Council of Canada","isPartOf":{"@id":"https://www.thebusinesscouncil.ca/#website"},"primaryImageOfPage":{"@id":"https://www.thebusinesscouncil.ca/publication/north-american-business-associations-unite-in-support-of-extending-usmca/#primaryimage"},"image":{"@id":"https://www.thebusinesscouncil.ca/publication/north-american-business-associations-unite-in-support-of-extending-usmca/#primaryimage"},"thumbnailUrl":"https://www.thebusinesscouncil.ca/wp-content/uploads/2021/11/Joint-Statement-TriFlags.png","datePublished":"2025-12-04T13:30:00+00:00","breadcrumb":{"@id":"https://www.thebusinesscouncil.ca/publication/north-american-business-associations-unite-in-support-of-extending-usmca/#breadcrumb"},"inLanguage":"fr-FR","potentialAction":[{"@type":"ReadAction","target":["https://www.thebusinesscouncil.ca/publication/north-american-business-associations-unite-in-support-of-extending-usmca/"]}]},{"@type":"ImageObject","inLanguage":"fr-FR","@id":"https://www.thebusinesscouncil.ca/publication/north-american-business-associations-unite-in-support-of-extending-usmca/#primaryimage","url":"https://www.thebusinesscouncil.ca/wp-content/uploads/2021/11/Joint-Statement-TriFlags.png","contentUrl":"https://www.thebusinesscouncil.ca/wp-content/uploads/2021/11/Joint-Statement-TriFlags.png","width":1440,"height":900},{"@type":"BreadcrumbList","@id":"https://www.thebusinesscouncil.ca/publication/north-american-business-associations-unite-in-support-of-extending-usmca/#breadcrumb","itemListElement":[{"@type":"ListItem","position":1,"name":"Home","item":"https://www.thebusinesscouncil.ca/fr/"},{"@type":"ListItem","position":2,"name":"Les associations d&#8217;entreprises nord-américaines s&#8217;unissent pour soutenir la prolongation de l&#8217;ACEUM"}]},{"@type":"WebSite","@id":"https://www.thebusinesscouncil.ca/#website","url":"https://www.thebusinesscouncil.ca/","name":"Business Council of Canada","description":"","publisher":{"@id":"https://www.thebusinesscouncil.ca/#organization"},"potentialAction":[{"@type":"SearchAction","target":{"@type":"EntryPoint","urlTemplate":"https://www.thebusinesscouncil.ca/?s={search_term_string}"},"query-input":{"@type":"PropertyValueSpecification","valueRequired":true,"valueName":"search_term_string"}}],"inLanguage":"fr-FR"},{"@type":"Organization","@id":"https://www.thebusinesscouncil.ca/#organization","name":"Business Council of Canada","url":"https://www.thebusinesscouncil.ca/","logo":{"@type":"ImageObject","inLanguage":"fr-FR","@id":"https://www.thebusinesscouncil.ca/#/schema/logo/image/","url":"https://www.thebusinesscouncil.ca/wp-content/uploads/2020/10/Business-Council-of-Canada-Generic.png","contentUrl":"https://www.thebusinesscouncil.ca/wp-content/uploads/2020/10/Business-Council-of-Canada-Generic.png","width":1440,"height":900,"caption":"Business Council of Canada"},"image":{"@id":"https://www.thebusinesscouncil.ca/#/schema/logo/image/"},"sameAs":["https://x.com/BizCouncilofCan","https://www.linkedin.com/company/business-council-of-canda","https://www.youtube.com/user/CdnCEOCouncil"]}]}</script>
<!-- / Yoast SEO plugin. -->

Les associations d'entreprises nord-américaines s'unissent pour soutenir la prolongation de l'ACEUM | Business Council of Canada

Aujourd&#8217;hui, la Table ronde des entreprises (BRT), le Conseil canadien des affaires (CCA) et la Table ronde des entreprises mexicaines (CMN) ont publié la déclaration suivante concernant le premier examen conjoint de l&#8217;Accord États-Unis-Mexique-Canada (ACEUM) : « Depuis des décennies,...
