{"id":23821,"date":"2025-04-05T11:40:00","date_gmt":"2025-04-05T15:40:00","guid":{"rendered":"https:\/\/www.thebusinesscouncil.ca\/?post_type=publication&#038;p=23821"},"modified":"2025-08-19T11:52:43","modified_gmt":"2025-08-19T15:52:43","slug":"le-leadership-cest-aller-de-lavant","status":"publish","type":"publication","link":"https:\/\/www.thebusinesscouncil.ca\/fr\/publication\/le-leadership-cest-aller-de-lavant\/","title":{"rendered":"Le leadership, c&#8217;est aller de l&#8217;avant."},"content":{"rendered":"\n<p>Tracy Robinson s&#8217;est pench\u00e9e sur le leadership et les opportunit\u00e9s offertes au Canada dans un discours prononc\u00e9 lors de la remise du Prix canadien des chefs d&#8217;entreprise de l&#8217;Universit\u00e9 de l&#8217;Alberta.<\/p>\n\n\n\n<blockquote class=\"wp-block-quote is-layout-flow wp-block-quote-is-layout-flow\">\n<p>\u00ab Le leadership n&#8217;est pas pour les \u00e2mes sensibles\u2026 Le v\u00e9ritable leadership, c&#8217;est ce qui se produit lorsqu&#8217;on se montre \u00e0 l&#8217;avant-garde, lorsqu&#8217;on fait un effort, qu&#8217;on motive les gens et qu&#8217;on fait advenir l&#8217;essentiel. \u00bb<\/p>\n<\/blockquote>\n\n\n\n<div class=\"wp-block-buttons is-layout-flex wp-block-buttons-is-layout-flex\">\n<div class=\"wp-block-button\"><a class=\"wp-block-button__link wp-element-button\" href=\"https:\/\/www.youtube.com\/watch?si=SpomzD_2WtsUSB78&amp;v=2VFX_7z06y8&amp;feature=youtu.be\" target=\"_blank\" rel=\"noreferrer noopener\">Regardez ici<\/a><\/div>\n<\/div>\n","protected":false},"author":234,"featured_media":23228,"template":"","post_types":[98],"topics":[73,77,83,66],"class_list":["post-23821","publication","type-publication","status-publish","has-post-thumbnail","hentry","post_types-point-de-vue-des-membres"],"acf":[],"yoast_head":"<!-- This site is optimized with the Yoast SEO plugin v27.1.1 - https:\/\/yoast.com\/product\/yoast-seo-wordpress\/ -->\n<title>Le leadership, c&#039;est aller de l&#039;avant. | Business Council of Canada<\/title>\n<meta name=\"robots\" content=\"index, follow, max-snippet:-1, max-image-preview:large, max-video-preview:-1\" \/>\n<link rel=\"canonical\" href=\"https:\/\/www.thebusinesscouncil.ca\/fr\/publication\/le-leadership-cest-aller-de-lavant\/\" \/>\n<meta property=\"og:locale\" content=\"fr_FR\" \/>\n<meta property=\"og:type\" content=\"article\" \/>\n<meta property=\"og:title\" content=\"Le leadership, c&#039;est aller de l&#039;avant. | Business Council of Canada\" \/>\n<meta property=\"og:description\" content=\"Tracy Robinson s&#8217;est pench\u00e9e sur le leadership et les opportunit\u00e9s offertes au Canada dans un discours prononc\u00e9 lors de la remise du Prix canadien des chefs d&#8217;entreprise de l&#8217;Universit\u00e9 de l&#8217;Alberta. \u00ab Le leadership n&#8217;est pas pour les \u00e2mes sensibles\u2026...\" \/>\n<meta property=\"og:url\" content=\"https:\/\/www.thebusinesscouncil.ca\/fr\/publication\/le-leadership-cest-aller-de-lavant\/\" \/>\n<meta property=\"og:site_name\" content=\"Business Council of Canada\" \/>\n<meta property=\"article:modified_time\" content=\"2025-08-19T15:52:43+00:00\" \/>\n<meta property=\"og:image\" content=\"https:\/\/www.thebusinesscouncil.ca\/wp-content\/uploads\/2025\/05\/member-perspective-tracy-robinson.png\" \/>\n\t<meta property=\"og:image:width\" content=\"1440\" \/>\n\t<meta property=\"og:image:height\" content=\"900\" \/>\n\t<meta property=\"og:image:type\" content=\"image\/png\" \/>\n<meta name=\"twitter:card\" content=\"summary_large_image\" \/>\n<meta name=\"twitter:site\" content=\"@BizCouncilofCan\" \/>\n<script type=\"application\/ld+json\" class=\"yoast-schema-graph\">{\"@context\":\"https:\/\/schema.org\",\"@graph\":[{\"@type\":\"WebPage\",\"@id\":\"https:\/\/www.thebusinesscouncil.ca\/fr\/publication\/le-leadership-cest-aller-de-lavant\/\",\"url\":\"https:\/\/www.thebusinesscouncil.ca\/fr\/publication\/le-leadership-cest-aller-de-lavant\/\",\"name\":\"Le leadership, c'est aller de l'avant. | Business Council of Canada\",\"isPartOf\":{\"@id\":\"https:\/\/www.thebusinesscouncil.ca\/#website\"},\"primaryImageOfPage\":{\"@id\":\"https:\/\/www.thebusinesscouncil.ca\/fr\/publication\/le-leadership-cest-aller-de-lavant\/#primaryimage\"},\"image\":{\"@id\":\"https:\/\/www.thebusinesscouncil.ca\/fr\/publication\/le-leadership-cest-aller-de-lavant\/#primaryimage\"},\"thumbnailUrl\":\"https:\/\/www.thebusinesscouncil.ca\/wp-content\/uploads\/2025\/05\/member-perspective-tracy-robinson.png\",\"datePublished\":\"2025-04-05T15:40:00+00:00\",\"dateModified\":\"2025-08-19T15:52:43+00:00\",\"breadcrumb\":{\"@id\":\"https:\/\/www.thebusinesscouncil.ca\/fr\/publication\/le-leadership-cest-aller-de-lavant\/#breadcrumb\"},\"inLanguage\":\"fr-FR\",\"potentialAction\":[{\"@type\":\"ReadAction\",\"target\":[\"https:\/\/www.thebusinesscouncil.ca\/fr\/publication\/le-leadership-cest-aller-de-lavant\/\"]}]},{\"@type\":\"ImageObject\",\"inLanguage\":\"fr-FR\",\"@id\":\"https:\/\/www.thebusinesscouncil.ca\/fr\/publication\/le-leadership-cest-aller-de-lavant\/#primaryimage\",\"url\":\"https:\/\/www.thebusinesscouncil.ca\/wp-content\/uploads\/2025\/05\/member-perspective-tracy-robinson.png\",\"contentUrl\":\"https:\/\/www.thebusinesscouncil.ca\/wp-content\/uploads\/2025\/05\/member-perspective-tracy-robinson.png\",\"width\":1440,\"height\":900},{\"@type\":\"BreadcrumbList\",\"@id\":\"https:\/\/www.thebusinesscouncil.ca\/fr\/publication\/le-leadership-cest-aller-de-lavant\/#breadcrumb\",\"itemListElement\":[{\"@type\":\"ListItem\",\"position\":1,\"name\":\"Home\",\"item\":\"https:\/\/www.thebusinesscouncil.ca\/fr\/\"},{\"@type\":\"ListItem\",\"position\":2,\"name\":\"Le leadership, c&#8217;est aller de l&#8217;avant.\"}]},{\"@type\":\"WebSite\",\"@id\":\"https:\/\/www.thebusinesscouncil.ca\/#website\",\"url\":\"https:\/\/www.thebusinesscouncil.ca\/\",\"name\":\"Business Council of Canada\",\"description\":\"\",\"publisher\":{\"@id\":\"https:\/\/www.thebusinesscouncil.ca\/#organization\"},\"potentialAction\":[{\"@type\":\"SearchAction\",\"target\":{\"@type\":\"EntryPoint\",\"urlTemplate\":\"https:\/\/www.thebusinesscouncil.ca\/?s={search_term_string}\"},\"query-input\":{\"@type\":\"PropertyValueSpecification\",\"valueRequired\":true,\"valueName\":\"search_term_string\"}}],\"inLanguage\":\"fr-FR\"},{\"@type\":\"Organization\",\"@id\":\"https:\/\/www.thebusinesscouncil.ca\/#organization\",\"name\":\"Business Council of Canada\",\"url\":\"https:\/\/www.thebusinesscouncil.ca\/\",\"logo\":{\"@type\":\"ImageObject\",\"inLanguage\":\"fr-FR\",\"@id\":\"https:\/\/www.thebusinesscouncil.ca\/#\/schema\/logo\/image\/\",\"url\":\"https:\/\/www.thebusinesscouncil.ca\/wp-content\/uploads\/2020\/10\/Business-Council-of-Canada-Generic.png\",\"contentUrl\":\"https:\/\/www.thebusinesscouncil.ca\/wp-content\/uploads\/2020\/10\/Business-Council-of-Canada-Generic.png\",\"width\":1440,\"height\":900,\"caption\":\"Business Council of Canada\"},\"image\":{\"@id\":\"https:\/\/www.thebusinesscouncil.ca\/#\/schema\/logo\/image\/\"},\"sameAs\":[\"https:\/\/x.com\/BizCouncilofCan\",\"https:\/\/www.linkedin.com\/company\/business-council-of-canda\",\"https:\/\/www.youtube.com\/user\/CdnCEOCouncil\"]}]}<\/script>\n<!-- \/ Yoast SEO plugin. -->","yoast_head_json":{"title":"Le leadership, c'est aller de l'avant. | Business Council of Canada","robots":{"index":"index","follow":"follow","max-snippet":"max-snippet:-1","max-image-preview":"max-image-preview:large","max-video-preview":"max-video-preview:-1"},"canonical":"https:\/\/www.thebusinesscouncil.ca\/fr\/publication\/le-leadership-cest-aller-de-lavant\/","og_locale":"fr_FR","og_type":"article","og_title":"Le leadership, c'est aller de l'avant. | Business Council of Canada","og_description":"Tracy Robinson s&#8217;est pench\u00e9e sur le leadership et les opportunit\u00e9s offertes au Canada dans un discours prononc\u00e9 lors de la remise du Prix canadien des chefs d&#8217;entreprise de l&#8217;Universit\u00e9 de l&#8217;Alberta. \u00ab Le leadership n&#8217;est pas pour les \u00e2mes sensibles\u2026...","og_url":"https:\/\/www.thebusinesscouncil.ca\/fr\/publication\/le-leadership-cest-aller-de-lavant\/","og_site_name":"Business Council of Canada","article_modified_time":"2025-08-19T15:52:43+00:00","og_image":[{"width":1440,"height":900,"url":"https:\/\/www.thebusinesscouncil.ca\/wp-content\/uploads\/2025\/05\/member-perspective-tracy-robinson.png","type":"image\/png"}],"twitter_card":"summary_large_image","twitter_site":"@BizCouncilofCan","schema":{"@context":"https:\/\/schema.org","@graph":[{"@type":"WebPage","@id":"https:\/\/www.thebusinesscouncil.ca\/fr\/publication\/le-leadership-cest-aller-de-lavant\/","url":"https:\/\/www.thebusinesscouncil.ca\/fr\/publication\/le-leadership-cest-aller-de-lavant\/","name":"Le leadership, c'est aller de l'avant. | Business Council of Canada","isPartOf":{"@id":"https:\/\/www.thebusinesscouncil.ca\/#website"},"primaryImageOfPage":{"@id":"https:\/\/www.thebusinesscouncil.ca\/fr\/publication\/le-leadership-cest-aller-de-lavant\/#primaryimage"},"image":{"@id":"https:\/\/www.thebusinesscouncil.ca\/fr\/publication\/le-leadership-cest-aller-de-lavant\/#primaryimage"},"thumbnailUrl":"https:\/\/www.thebusinesscouncil.ca\/wp-content\/uploads\/2025\/05\/member-perspective-tracy-robinson.png","datePublished":"2025-04-05T15:40:00+00:00","dateModified":"2025-08-19T15:52:43+00:00","breadcrumb":{"@id":"https:\/\/www.thebusinesscouncil.ca\/fr\/publication\/le-leadership-cest-aller-de-lavant\/#breadcrumb"},"inLanguage":"fr-FR","potentialAction":[{"@type":"ReadAction","target":["https:\/\/www.thebusinesscouncil.ca\/fr\/publication\/le-leadership-cest-aller-de-lavant\/"]}]},{"@type":"ImageObject","inLanguage":"fr-FR","@id":"https:\/\/www.thebusinesscouncil.ca\/fr\/publication\/le-leadership-cest-aller-de-lavant\/#primaryimage","url":"https:\/\/www.thebusinesscouncil.ca\/wp-content\/uploads\/2025\/05\/member-perspective-tracy-robinson.png","contentUrl":"https:\/\/www.thebusinesscouncil.ca\/wp-content\/uploads\/2025\/05\/member-perspective-tracy-robinson.png","width":1440,"height":900},{"@type":"BreadcrumbList","@id":"https:\/\/www.thebusinesscouncil.ca\/fr\/publication\/le-leadership-cest-aller-de-lavant\/#breadcrumb","itemListElement":[{"@type":"ListItem","position":1,"name":"Home","item":"https:\/\/www.thebusinesscouncil.ca\/fr\/"},{"@type":"ListItem","position":2,"name":"Le leadership, c&#8217;est aller de l&#8217;avant."}]},{"@type":"WebSite","@id":"https:\/\/www.thebusinesscouncil.ca\/#website","url":"https:\/\/www.thebusinesscouncil.ca\/","name":"Business Council of Canada","description":"","publisher":{"@id":"https:\/\/www.thebusinesscouncil.ca\/#organization"},"potentialAction":[{"@type":"SearchAction","target":{"@type":"EntryPoint","urlTemplate":"https:\/\/www.thebusinesscouncil.ca\/?s={search_term_string}"},"query-input":{"@type":"PropertyValueSpecification","valueRequired":true,"valueName":"search_term_string"}}],"inLanguage":"fr-FR"},{"@type":"Organization","@id":"https:\/\/www.thebusinesscouncil.ca\/#organization","name":"Business Council of Canada","url":"https:\/\/www.thebusinesscouncil.ca\/","logo":{"@type":"ImageObject","inLanguage":"fr-FR","@id":"https:\/\/www.thebusinesscouncil.ca\/#\/schema\/logo\/image\/","url":"https:\/\/www.thebusinesscouncil.ca\/wp-content\/uploads\/2020\/10\/Business-Council-of-Canada-Generic.png","contentUrl":"https:\/\/www.thebusinesscouncil.ca\/wp-content\/uploads\/2020\/10\/Business-Council-of-Canada-Generic.png","width":1440,"height":900,"caption":"Business Council of Canada"},"image":{"@id":"https:\/\/www.thebusinesscouncil.ca\/#\/schema\/logo\/image\/"},"sameAs":["https:\/\/x.com\/BizCouncilofCan","https:\/\/www.linkedin.com\/company\/business-council-of-canda","https:\/\/www.youtube.com\/user\/CdnCEOCouncil"]}]}},"publishpress_future_workflow_manual_trigger":{"enabledWorkflows":[]},"_links":{"self":[{"href":"https:\/\/www.thebusinesscouncil.ca\/fr\/wp-json\/wp\/v2\/publication\/23821","targetHints":{"allow":["GET"]}}],"collection":[{"href":"https:\/\/www.thebusinesscouncil.ca\/fr\/wp-json\/wp\/v2\/publication"}],"about":[{"href":"https:\/\/www.thebusinesscouncil.ca\/fr\/wp-json\/wp\/v2\/types\/publication"}],"author":[{"embeddable":true,"href":"https:\/\/www.thebusinesscouncil.ca\/fr\/wp-json\/wp\/v2\/users\/234"}],"wp:featuredmedia":[{"embeddable":true,"href":"https:\/\/www.thebusinesscouncil.ca\/fr\/wp-json\/wp\/v2\/media\/23228"}],"wp:attachment":[{"href":"https:\/\/www.thebusinesscouncil.ca\/fr\/wp-json\/wp\/v2\/media?parent=23821"}],"wp:term":[{"taxonomy":"post_types","embeddable":true,"href":"https:\/\/www.thebusinesscouncil.ca\/fr\/wp-json\/wp\/v2\/post_types?post=23821"},{"taxonomy":"topics","embeddable":true,"href":"https:\/\/www.thebusinesscouncil.ca\/fr\/wp-json\/wp\/v2\/topics?post=23821"}],"curies":[{"name":"wp","href":"https:\/\/api.w.org\/{rel}","templated":true}]}}

<p>Tracy Robinson s&#8217;est penchée sur le leadership et les opportunités offertes au Canada dans un discours prononcé lors de la remise du Prix canadien des chefs d&#8217;entreprise de l&#8217;Université de l&#8217;Alberta.</p>



<blockquote class="wp-block-quote is-layout-flow wp-block-quote-is-layout-flow">
<p>« Le leadership n&#8217;est pas pour les âmes sensibles… Le véritable leadership, c&#8217;est ce qui se produit lorsqu&#8217;on se montre à l&#8217;avant-garde, lorsqu&#8217;on fait un effort, qu&#8217;on motive les gens et qu&#8217;on fait advenir l&#8217;essentiel. »</p>
</blockquote>



<div class="wp-block-buttons is-layout-flex wp-block-buttons-is-layout-flex">
<div class="wp-block-button"><a class="wp-block-button__link wp-element-button" href="https://www.youtube.com/watch?si=SpomzD_2WtsUSB78&amp;v=2VFX_7z06y8&amp;feature=youtu.be" target="_blank" rel="noreferrer noopener">Regardez ici</a></div>
</div>

<!-- This site is optimized with the Yoast SEO plugin v27.1.1 - https://yoast.com/product/yoast-seo-wordpress/ -->
<title>Le leadership, c&#039;est aller de l&#039;avant. | Business Council of Canada</title>
<meta name="robots" content="index, follow, max-snippet:-1, max-image-preview:large, max-video-preview:-1" />
<link rel="canonical" href="https://www.thebusinesscouncil.ca/fr/publication/le-leadership-cest-aller-de-lavant/" />
<meta property="og:locale" content="fr_FR" />
<meta property="og:type" content="article" />
<meta property="og:title" content="Le leadership, c&#039;est aller de l&#039;avant. | Business Council of Canada" />
<meta property="og:description" content="Tracy Robinson s&#8217;est penchée sur le leadership et les opportunités offertes au Canada dans un discours prononcé lors de la remise du Prix canadien des chefs d&#8217;entreprise de l&#8217;Université de l&#8217;Alberta. « Le leadership n&#8217;est pas pour les âmes sensibles…..." />
<meta property="og:url" content="https://www.thebusinesscouncil.ca/fr/publication/le-leadership-cest-aller-de-lavant/" />
<meta property="og:site_name" content="Business Council of Canada" />
<meta property="article:modified_time" content="2025-08-19T15:52:43+00:00" />
<meta property="og:image" content="https://www.thebusinesscouncil.ca/wp-content/uploads/2025/05/member-perspective-tracy-robinson.png" />
	<meta property="og:image:width" content="1440" />
	<meta property="og:image:height" content="900" />
	<meta property="og:image:type" content="image/png" />
<meta name="twitter:card" content="summary_large_image" />
<meta name="twitter:site" content="@BizCouncilofCan" />
<script type="application/ld+json" class="yoast-schema-graph">{"@context":"https://schema.org","@graph":[{"@type":"WebPage","@id":"https://www.thebusinesscouncil.ca/fr/publication/le-leadership-cest-aller-de-lavant/","url":"https://www.thebusinesscouncil.ca/fr/publication/le-leadership-cest-aller-de-lavant/","name":"Le leadership, c'est aller de l'avant. | Business Council of Canada","isPartOf":{"@id":"https://www.thebusinesscouncil.ca/#website"},"primaryImageOfPage":{"@id":"https://www.thebusinesscouncil.ca/fr/publication/le-leadership-cest-aller-de-lavant/#primaryimage"},"image":{"@id":"https://www.thebusinesscouncil.ca/fr/publication/le-leadership-cest-aller-de-lavant/#primaryimage"},"thumbnailUrl":"https://www.thebusinesscouncil.ca/wp-content/uploads/2025/05/member-perspective-tracy-robinson.png","datePublished":"2025-04-05T15:40:00+00:00","dateModified":"2025-08-19T15:52:43+00:00","breadcrumb":{"@id":"https://www.thebusinesscouncil.ca/fr/publication/le-leadership-cest-aller-de-lavant/#breadcrumb"},"inLanguage":"fr-FR","potentialAction":[{"@type":"ReadAction","target":["https://www.thebusinesscouncil.ca/fr/publication/le-leadership-cest-aller-de-lavant/"]}]},{"@type":"ImageObject","inLanguage":"fr-FR","@id":"https://www.thebusinesscouncil.ca/fr/publication/le-leadership-cest-aller-de-lavant/#primaryimage","url":"https://www.thebusinesscouncil.ca/wp-content/uploads/2025/05/member-perspective-tracy-robinson.png","contentUrl":"https://www.thebusinesscouncil.ca/wp-content/uploads/2025/05/member-perspective-tracy-robinson.png","width":1440,"height":900},{"@type":"BreadcrumbList","@id":"https://www.thebusinesscouncil.ca/fr/publication/le-leadership-cest-aller-de-lavant/#breadcrumb","itemListElement":[{"@type":"ListItem","position":1,"name":"Home","item":"https://www.thebusinesscouncil.ca/fr/"},{"@type":"ListItem","position":2,"name":"Le leadership, c&#8217;est aller de l&#8217;avant."}]},{"@type":"WebSite","@id":"https://www.thebusinesscouncil.ca/#website","url":"https://www.thebusinesscouncil.ca/","name":"Business Council of Canada","description":"","publisher":{"@id":"https://www.thebusinesscouncil.ca/#organization"},"potentialAction":[{"@type":"SearchAction","target":{"@type":"EntryPoint","urlTemplate":"https://www.thebusinesscouncil.ca/?s={search_term_string}"},"query-input":{"@type":"PropertyValueSpecification","valueRequired":true,"valueName":"search_term_string"}}],"inLanguage":"fr-FR"},{"@type":"Organization","@id":"https://www.thebusinesscouncil.ca/#organization","name":"Business Council of Canada","url":"https://www.thebusinesscouncil.ca/","logo":{"@type":"ImageObject","inLanguage":"fr-FR","@id":"https://www.thebusinesscouncil.ca/#/schema/logo/image/","url":"https://www.thebusinesscouncil.ca/wp-content/uploads/2020/10/Business-Council-of-Canada-Generic.png","contentUrl":"https://www.thebusinesscouncil.ca/wp-content/uploads/2020/10/Business-Council-of-Canada-Generic.png","width":1440,"height":900,"caption":"Business Council of Canada"},"image":{"@id":"https://www.thebusinesscouncil.ca/#/schema/logo/image/"},"sameAs":["https://x.com/BizCouncilofCan","https://www.linkedin.com/company/business-council-of-canda","https://www.youtube.com/user/CdnCEOCouncil"]}]}</script>
<!-- / Yoast SEO plugin. -->

Tracy Robinson s&#8217;est penchée sur le leadership et les opportunités offertes au Canada dans un discours prononcé lors de la remise du Prix canadien des chefs d&#8217;entreprise de l&#8217;Université de l&#8217;Alberta. « Le leadership n&#8217;est pas pour les âmes sensibles…...
