{"id":23148,"date":"2025-05-13T13:10:44","date_gmt":"2025-05-13T17:10:44","guid":{"rendered":"https:\/\/www.thebusinesscouncil.ca\/?post_type=publication&#038;p=23148"},"modified":"2025-05-13T17:05:28","modified_gmt":"2025-05-13T21:05:28","slug":"declaration-concernant-la-nomination-dun-nouveau-cabinet","status":"publish","type":"publication","link":"https:\/\/www.thebusinesscouncil.ca\/fr\/publication\/declaration-concernant-la-nomination-dun-nouveau-cabinet\/","title":{"rendered":"D\u00e9claration concernant la nomination d&#8217;un nouveau Cabinet"},"content":{"rendered":"\n<p>Un nouveau leadership s&#8217;accompagne de nouvelles opportunit\u00e9s, mais aussi de responsabilit\u00e9s imm\u00e9diates. C&#8217;est pourquoi, au lendemain des \u00e9lections, nous avons envoy\u00e9 au premier ministre Carney <a href=\"https:\/\/www.thebusinesscouncil.ca\/fr\/publication\/lettre-au-premier-ministre-nouvellement-elu\/\" target=\"_blank\" rel=\"noreferrer noopener\">une lettre d\u00e9taill\u00e9e<\/a> d\u00e9crivant ce que les chefs d&#8217;entreprise canadiens consid\u00e8rent comme les principales priorit\u00e9s de ce nouveau Cabinet, de ce nouveau gouvernement et de ce nouveau Parlement au cours des prochaines semaines. Le gouvernement doit faire preuve d\u2019ambition et d\u2019action dans ses engagements de campagne visant \u00e0 acc\u00e9l\u00e9rer l\u2019approbation des projets d\u2019infrastructures favorisant le commerce, \u00e0 \u00e9liminer les barri\u00e8res commerciales interprovinciales, \u00e0 stimuler les moteurs de croissance et d\u2019innovation et, surtout, \u00e0 adopter un cadre budg\u00e9taire responsable<\/p>\n\n\n\n<p>De plus, alors que le temps presse avant l&#8217;examen obligatoire de l&#8217;Accord Canada\u2013\u00c9tats-Unis\u2013Mexique, nous exhortons le gouvernement f\u00e9d\u00e9ral \u00e0 agir rapidement pour se pr\u00e9parer \u00e0 ce processus crucial, qui aura de profondes r\u00e9percussions sur les travailleurs et les familles du Canada, les investissements et la prosp\u00e9rit\u00e9 \u00e0 long terme.<\/p>\n\n\n\n<p>Nous sommes pr\u00eats \u00e0 soutenir le gouvernement dans ses efforts pour b\u00e2tir un Canada plus fort et plus comp\u00e9titif et pour faire entendre une voix canadienne unie sur la sc\u00e8ne internationale.<\/p>\n","protected":false},"author":234,"featured_media":11412,"template":"","post_types":[104],"topics":[73,66,67],"class_list":["post-23148","publication","type-publication","status-publish","has-post-thumbnail","hentry","post_types-declarations"],"acf":[],"yoast_head":"<!-- This site is optimized with the Yoast SEO plugin v27.1.1 - https:\/\/yoast.com\/product\/yoast-seo-wordpress\/ -->\n<title>D\u00e9claration concernant la nomination d&#039;un nouveau Cabinet | Business Council of Canada<\/title>\n<meta name=\"robots\" content=\"index, follow, max-snippet:-1, max-image-preview:large, max-video-preview:-1\" \/>\n<link rel=\"canonical\" href=\"https:\/\/www.thebusinesscouncil.ca\/fr\/publication\/declaration-concernant-la-nomination-dun-nouveau-cabinet\/\" \/>\n<meta property=\"og:locale\" content=\"fr_FR\" \/>\n<meta property=\"og:type\" content=\"article\" \/>\n<meta property=\"og:title\" content=\"D\u00e9claration concernant la nomination d&#039;un nouveau Cabinet | Business Council of Canada\" \/>\n<meta property=\"og:description\" content=\"Un nouveau leadership s&#8217;accompagne de nouvelles opportunit\u00e9s, mais aussi de responsabilit\u00e9s imm\u00e9diates. C&#8217;est pourquoi, au lendemain des \u00e9lections, nous avons envoy\u00e9 au premier ministre Carney une lettre d\u00e9taill\u00e9e d\u00e9crivant ce que les chefs d&#8217;entreprise canadiens consid\u00e8rent comme les principales priorit\u00e9s...\" \/>\n<meta property=\"og:url\" content=\"https:\/\/www.thebusinesscouncil.ca\/fr\/publication\/declaration-concernant-la-nomination-dun-nouveau-cabinet\/\" \/>\n<meta property=\"og:site_name\" content=\"Business Council of Canada\" \/>\n<meta property=\"article:modified_time\" content=\"2025-05-13T21:05:28+00:00\" \/>\n<meta property=\"og:image\" content=\"https:\/\/www.thebusinesscouncil.ca\/wp-content\/uploads\/2021\/12\/De\u0301clarations.png\" \/>\n\t<meta property=\"og:image:width\" content=\"1440\" \/>\n\t<meta property=\"og:image:height\" content=\"900\" \/>\n\t<meta property=\"og:image:type\" content=\"image\/png\" \/>\n<meta name=\"twitter:card\" content=\"summary_large_image\" \/>\n<meta name=\"twitter:site\" content=\"@BizCouncilofCan\" \/>\n<script type=\"application\/ld+json\" class=\"yoast-schema-graph\">{\"@context\":\"https:\/\/schema.org\",\"@graph\":[{\"@type\":\"WebPage\",\"@id\":\"https:\/\/www.thebusinesscouncil.ca\/fr\/publication\/declaration-concernant-la-nomination-dun-nouveau-cabinet\/\",\"url\":\"https:\/\/www.thebusinesscouncil.ca\/fr\/publication\/declaration-concernant-la-nomination-dun-nouveau-cabinet\/\",\"name\":\"D\u00e9claration concernant la nomination d'un nouveau Cabinet | Business Council of Canada\",\"isPartOf\":{\"@id\":\"https:\/\/www.thebusinesscouncil.ca\/#website\"},\"primaryImageOfPage\":{\"@id\":\"https:\/\/www.thebusinesscouncil.ca\/fr\/publication\/declaration-concernant-la-nomination-dun-nouveau-cabinet\/#primaryimage\"},\"image\":{\"@id\":\"https:\/\/www.thebusinesscouncil.ca\/fr\/publication\/declaration-concernant-la-nomination-dun-nouveau-cabinet\/#primaryimage\"},\"thumbnailUrl\":\"https:\/\/www.thebusinesscouncil.ca\/wp-content\/uploads\/2021\/12\/De\u0301clarations.png\",\"datePublished\":\"2025-05-13T17:10:44+00:00\",\"dateModified\":\"2025-05-13T21:05:28+00:00\",\"breadcrumb\":{\"@id\":\"https:\/\/www.thebusinesscouncil.ca\/fr\/publication\/declaration-concernant-la-nomination-dun-nouveau-cabinet\/#breadcrumb\"},\"inLanguage\":\"fr-FR\",\"potentialAction\":[{\"@type\":\"ReadAction\",\"target\":[\"https:\/\/www.thebusinesscouncil.ca\/fr\/publication\/declaration-concernant-la-nomination-dun-nouveau-cabinet\/\"]}]},{\"@type\":\"ImageObject\",\"inLanguage\":\"fr-FR\",\"@id\":\"https:\/\/www.thebusinesscouncil.ca\/fr\/publication\/declaration-concernant-la-nomination-dun-nouveau-cabinet\/#primaryimage\",\"url\":\"https:\/\/www.thebusinesscouncil.ca\/wp-content\/uploads\/2021\/12\/De\u0301clarations.png\",\"contentUrl\":\"https:\/\/www.thebusinesscouncil.ca\/wp-content\/uploads\/2021\/12\/De\u0301clarations.png\",\"width\":1440,\"height\":900},{\"@type\":\"BreadcrumbList\",\"@id\":\"https:\/\/www.thebusinesscouncil.ca\/fr\/publication\/declaration-concernant-la-nomination-dun-nouveau-cabinet\/#breadcrumb\",\"itemListElement\":[{\"@type\":\"ListItem\",\"position\":1,\"name\":\"Home\",\"item\":\"https:\/\/www.thebusinesscouncil.ca\/fr\/\"},{\"@type\":\"ListItem\",\"position\":2,\"name\":\"D\u00e9claration concernant la nomination d&#8217;un nouveau Cabinet\"}]},{\"@type\":\"WebSite\",\"@id\":\"https:\/\/www.thebusinesscouncil.ca\/#website\",\"url\":\"https:\/\/www.thebusinesscouncil.ca\/\",\"name\":\"Business Council of Canada\",\"description\":\"\",\"publisher\":{\"@id\":\"https:\/\/www.thebusinesscouncil.ca\/#organization\"},\"potentialAction\":[{\"@type\":\"SearchAction\",\"target\":{\"@type\":\"EntryPoint\",\"urlTemplate\":\"https:\/\/www.thebusinesscouncil.ca\/?s={search_term_string}\"},\"query-input\":{\"@type\":\"PropertyValueSpecification\",\"valueRequired\":true,\"valueName\":\"search_term_string\"}}],\"inLanguage\":\"fr-FR\"},{\"@type\":\"Organization\",\"@id\":\"https:\/\/www.thebusinesscouncil.ca\/#organization\",\"name\":\"Business Council of Canada\",\"url\":\"https:\/\/www.thebusinesscouncil.ca\/\",\"logo\":{\"@type\":\"ImageObject\",\"inLanguage\":\"fr-FR\",\"@id\":\"https:\/\/www.thebusinesscouncil.ca\/#\/schema\/logo\/image\/\",\"url\":\"https:\/\/www.thebusinesscouncil.ca\/wp-content\/uploads\/2020\/10\/Business-Council-of-Canada-Generic.png\",\"contentUrl\":\"https:\/\/www.thebusinesscouncil.ca\/wp-content\/uploads\/2020\/10\/Business-Council-of-Canada-Generic.png\",\"width\":1440,\"height\":900,\"caption\":\"Business Council of Canada\"},\"image\":{\"@id\":\"https:\/\/www.thebusinesscouncil.ca\/#\/schema\/logo\/image\/\"},\"sameAs\":[\"https:\/\/x.com\/BizCouncilofCan\",\"https:\/\/www.linkedin.com\/company\/business-council-of-canda\",\"https:\/\/www.youtube.com\/user\/CdnCEOCouncil\"]}]}<\/script>\n<!-- \/ Yoast SEO plugin. -->","yoast_head_json":{"title":"D\u00e9claration concernant la nomination d'un nouveau Cabinet | Business Council of Canada","robots":{"index":"index","follow":"follow","max-snippet":"max-snippet:-1","max-image-preview":"max-image-preview:large","max-video-preview":"max-video-preview:-1"},"canonical":"https:\/\/www.thebusinesscouncil.ca\/fr\/publication\/declaration-concernant-la-nomination-dun-nouveau-cabinet\/","og_locale":"fr_FR","og_type":"article","og_title":"D\u00e9claration concernant la nomination d'un nouveau Cabinet | Business Council of Canada","og_description":"Un nouveau leadership s&#8217;accompagne de nouvelles opportunit\u00e9s, mais aussi de responsabilit\u00e9s imm\u00e9diates. C&#8217;est pourquoi, au lendemain des \u00e9lections, nous avons envoy\u00e9 au premier ministre Carney une lettre d\u00e9taill\u00e9e d\u00e9crivant ce que les chefs d&#8217;entreprise canadiens consid\u00e8rent comme les principales priorit\u00e9s...","og_url":"https:\/\/www.thebusinesscouncil.ca\/fr\/publication\/declaration-concernant-la-nomination-dun-nouveau-cabinet\/","og_site_name":"Business Council of Canada","article_modified_time":"2025-05-13T21:05:28+00:00","og_image":[{"width":1440,"height":900,"url":"https:\/\/www.thebusinesscouncil.ca\/wp-content\/uploads\/2021\/12\/De\u0301clarations.png","type":"image\/png"}],"twitter_card":"summary_large_image","twitter_site":"@BizCouncilofCan","schema":{"@context":"https:\/\/schema.org","@graph":[{"@type":"WebPage","@id":"https:\/\/www.thebusinesscouncil.ca\/fr\/publication\/declaration-concernant-la-nomination-dun-nouveau-cabinet\/","url":"https:\/\/www.thebusinesscouncil.ca\/fr\/publication\/declaration-concernant-la-nomination-dun-nouveau-cabinet\/","name":"D\u00e9claration concernant la nomination d'un nouveau Cabinet | Business Council of Canada","isPartOf":{"@id":"https:\/\/www.thebusinesscouncil.ca\/#website"},"primaryImageOfPage":{"@id":"https:\/\/www.thebusinesscouncil.ca\/fr\/publication\/declaration-concernant-la-nomination-dun-nouveau-cabinet\/#primaryimage"},"image":{"@id":"https:\/\/www.thebusinesscouncil.ca\/fr\/publication\/declaration-concernant-la-nomination-dun-nouveau-cabinet\/#primaryimage"},"thumbnailUrl":"https:\/\/www.thebusinesscouncil.ca\/wp-content\/uploads\/2021\/12\/De\u0301clarations.png","datePublished":"2025-05-13T17:10:44+00:00","dateModified":"2025-05-13T21:05:28+00:00","breadcrumb":{"@id":"https:\/\/www.thebusinesscouncil.ca\/fr\/publication\/declaration-concernant-la-nomination-dun-nouveau-cabinet\/#breadcrumb"},"inLanguage":"fr-FR","potentialAction":[{"@type":"ReadAction","target":["https:\/\/www.thebusinesscouncil.ca\/fr\/publication\/declaration-concernant-la-nomination-dun-nouveau-cabinet\/"]}]},{"@type":"ImageObject","inLanguage":"fr-FR","@id":"https:\/\/www.thebusinesscouncil.ca\/fr\/publication\/declaration-concernant-la-nomination-dun-nouveau-cabinet\/#primaryimage","url":"https:\/\/www.thebusinesscouncil.ca\/wp-content\/uploads\/2021\/12\/De\u0301clarations.png","contentUrl":"https:\/\/www.thebusinesscouncil.ca\/wp-content\/uploads\/2021\/12\/De\u0301clarations.png","width":1440,"height":900},{"@type":"BreadcrumbList","@id":"https:\/\/www.thebusinesscouncil.ca\/fr\/publication\/declaration-concernant-la-nomination-dun-nouveau-cabinet\/#breadcrumb","itemListElement":[{"@type":"ListItem","position":1,"name":"Home","item":"https:\/\/www.thebusinesscouncil.ca\/fr\/"},{"@type":"ListItem","position":2,"name":"D\u00e9claration concernant la nomination d&#8217;un nouveau Cabinet"}]},{"@type":"WebSite","@id":"https:\/\/www.thebusinesscouncil.ca\/#website","url":"https:\/\/www.thebusinesscouncil.ca\/","name":"Business Council of Canada","description":"","publisher":{"@id":"https:\/\/www.thebusinesscouncil.ca\/#organization"},"potentialAction":[{"@type":"SearchAction","target":{"@type":"EntryPoint","urlTemplate":"https:\/\/www.thebusinesscouncil.ca\/?s={search_term_string}"},"query-input":{"@type":"PropertyValueSpecification","valueRequired":true,"valueName":"search_term_string"}}],"inLanguage":"fr-FR"},{"@type":"Organization","@id":"https:\/\/www.thebusinesscouncil.ca\/#organization","name":"Business Council of Canada","url":"https:\/\/www.thebusinesscouncil.ca\/","logo":{"@type":"ImageObject","inLanguage":"fr-FR","@id":"https:\/\/www.thebusinesscouncil.ca\/#\/schema\/logo\/image\/","url":"https:\/\/www.thebusinesscouncil.ca\/wp-content\/uploads\/2020\/10\/Business-Council-of-Canada-Generic.png","contentUrl":"https:\/\/www.thebusinesscouncil.ca\/wp-content\/uploads\/2020\/10\/Business-Council-of-Canada-Generic.png","width":1440,"height":900,"caption":"Business Council of Canada"},"image":{"@id":"https:\/\/www.thebusinesscouncil.ca\/#\/schema\/logo\/image\/"},"sameAs":["https:\/\/x.com\/BizCouncilofCan","https:\/\/www.linkedin.com\/company\/business-council-of-canda","https:\/\/www.youtube.com\/user\/CdnCEOCouncil"]}]}},"publishpress_future_workflow_manual_trigger":{"enabledWorkflows":[]},"_links":{"self":[{"href":"https:\/\/www.thebusinesscouncil.ca\/fr\/wp-json\/wp\/v2\/publication\/23148","targetHints":{"allow":["GET"]}}],"collection":[{"href":"https:\/\/www.thebusinesscouncil.ca\/fr\/wp-json\/wp\/v2\/publication"}],"about":[{"href":"https:\/\/www.thebusinesscouncil.ca\/fr\/wp-json\/wp\/v2\/types\/publication"}],"author":[{"embeddable":true,"href":"https:\/\/www.thebusinesscouncil.ca\/fr\/wp-json\/wp\/v2\/users\/234"}],"wp:featuredmedia":[{"embeddable":true,"href":"https:\/\/www.thebusinesscouncil.ca\/fr\/wp-json\/wp\/v2\/media\/11412"}],"wp:attachment":[{"href":"https:\/\/www.thebusinesscouncil.ca\/fr\/wp-json\/wp\/v2\/media?parent=23148"}],"wp:term":[{"taxonomy":"post_types","embeddable":true,"href":"https:\/\/www.thebusinesscouncil.ca\/fr\/wp-json\/wp\/v2\/post_types?post=23148"},{"taxonomy":"topics","embeddable":true,"href":"https:\/\/www.thebusinesscouncil.ca\/fr\/wp-json\/wp\/v2\/topics?post=23148"}],"curies":[{"name":"wp","href":"https:\/\/api.w.org\/{rel}","templated":true}]}}

Déclaration concernant la nomination d&#8217;un nouveau Cabinet

<p>Un nouveau leadership s&#8217;accompagne de nouvelles opportunités, mais aussi de responsabilités immédiates. C&#8217;est pourquoi, au lendemain des élections, nous avons envoyé au premier ministre Carney <a href="https://www.thebusinesscouncil.ca/fr/publication/lettre-au-premier-ministre-nouvellement-elu/" target="_blank" rel="noreferrer noopener">une lettre détaillée</a> décrivant ce que les chefs d&#8217;entreprise canadiens considèrent comme les principales priorités de ce nouveau Cabinet, de ce nouveau gouvernement et de ce nouveau Parlement au cours des prochaines semaines. Le gouvernement doit faire preuve d’ambition et d’action dans ses engagements de campagne visant à accélérer l’approbation des projets d’infrastructures favorisant le commerce, à éliminer les barrières commerciales interprovinciales, à stimuler les moteurs de croissance et d’innovation et, surtout, à adopter un cadre budgétaire responsable</p>



<p>De plus, alors que le temps presse avant l&#8217;examen obligatoire de l&#8217;Accord Canada–États-Unis–Mexique, nous exhortons le gouvernement fédéral à agir rapidement pour se préparer à ce processus crucial, qui aura de profondes répercussions sur les travailleurs et les familles du Canada, les investissements et la prospérité à long terme.</p>



<p>Nous sommes prêts à soutenir le gouvernement dans ses efforts pour bâtir un Canada plus fort et plus compétitif et pour faire entendre une voix canadienne unie sur la scène internationale.</p>

<!-- This site is optimized with the Yoast SEO plugin v27.1.1 - https://yoast.com/product/yoast-seo-wordpress/ -->
<title>Déclaration concernant la nomination d&#039;un nouveau Cabinet | Business Council of Canada</title>
<meta name="robots" content="index, follow, max-snippet:-1, max-image-preview:large, max-video-preview:-1" />
<link rel="canonical" href="https://www.thebusinesscouncil.ca/fr/publication/declaration-concernant-la-nomination-dun-nouveau-cabinet/" />
<meta property="og:locale" content="fr_FR" />
<meta property="og:type" content="article" />
<meta property="og:title" content="Déclaration concernant la nomination d&#039;un nouveau Cabinet | Business Council of Canada" />
<meta property="og:description" content="Un nouveau leadership s&#8217;accompagne de nouvelles opportunités, mais aussi de responsabilités immédiates. C&#8217;est pourquoi, au lendemain des élections, nous avons envoyé au premier ministre Carney une lettre détaillée décrivant ce que les chefs d&#8217;entreprise canadiens considèrent comme les principales priorités..." />
<meta property="og:url" content="https://www.thebusinesscouncil.ca/fr/publication/declaration-concernant-la-nomination-dun-nouveau-cabinet/" />
<meta property="og:site_name" content="Business Council of Canada" />
<meta property="article:modified_time" content="2025-05-13T21:05:28+00:00" />
<meta property="og:image" content="https://www.thebusinesscouncil.ca/wp-content/uploads/2021/12/Déclarations.png" />
	<meta property="og:image:width" content="1440" />
	<meta property="og:image:height" content="900" />
	<meta property="og:image:type" content="image/png" />
<meta name="twitter:card" content="summary_large_image" />
<meta name="twitter:site" content="@BizCouncilofCan" />
<script type="application/ld+json" class="yoast-schema-graph">{"@context":"https://schema.org","@graph":[{"@type":"WebPage","@id":"https://www.thebusinesscouncil.ca/fr/publication/declaration-concernant-la-nomination-dun-nouveau-cabinet/","url":"https://www.thebusinesscouncil.ca/fr/publication/declaration-concernant-la-nomination-dun-nouveau-cabinet/","name":"Déclaration concernant la nomination d'un nouveau Cabinet | Business Council of Canada","isPartOf":{"@id":"https://www.thebusinesscouncil.ca/#website"},"primaryImageOfPage":{"@id":"https://www.thebusinesscouncil.ca/fr/publication/declaration-concernant-la-nomination-dun-nouveau-cabinet/#primaryimage"},"image":{"@id":"https://www.thebusinesscouncil.ca/fr/publication/declaration-concernant-la-nomination-dun-nouveau-cabinet/#primaryimage"},"thumbnailUrl":"https://www.thebusinesscouncil.ca/wp-content/uploads/2021/12/Déclarations.png","datePublished":"2025-05-13T17:10:44+00:00","dateModified":"2025-05-13T21:05:28+00:00","breadcrumb":{"@id":"https://www.thebusinesscouncil.ca/fr/publication/declaration-concernant-la-nomination-dun-nouveau-cabinet/#breadcrumb"},"inLanguage":"fr-FR","potentialAction":[{"@type":"ReadAction","target":["https://www.thebusinesscouncil.ca/fr/publication/declaration-concernant-la-nomination-dun-nouveau-cabinet/"]}]},{"@type":"ImageObject","inLanguage":"fr-FR","@id":"https://www.thebusinesscouncil.ca/fr/publication/declaration-concernant-la-nomination-dun-nouveau-cabinet/#primaryimage","url":"https://www.thebusinesscouncil.ca/wp-content/uploads/2021/12/Déclarations.png","contentUrl":"https://www.thebusinesscouncil.ca/wp-content/uploads/2021/12/Déclarations.png","width":1440,"height":900},{"@type":"BreadcrumbList","@id":"https://www.thebusinesscouncil.ca/fr/publication/declaration-concernant-la-nomination-dun-nouveau-cabinet/#breadcrumb","itemListElement":[{"@type":"ListItem","position":1,"name":"Home","item":"https://www.thebusinesscouncil.ca/fr/"},{"@type":"ListItem","position":2,"name":"Déclaration concernant la nomination d&#8217;un nouveau Cabinet"}]},{"@type":"WebSite","@id":"https://www.thebusinesscouncil.ca/#website","url":"https://www.thebusinesscouncil.ca/","name":"Business Council of Canada","description":"","publisher":{"@id":"https://www.thebusinesscouncil.ca/#organization"},"potentialAction":[{"@type":"SearchAction","target":{"@type":"EntryPoint","urlTemplate":"https://www.thebusinesscouncil.ca/?s={search_term_string}"},"query-input":{"@type":"PropertyValueSpecification","valueRequired":true,"valueName":"search_term_string"}}],"inLanguage":"fr-FR"},{"@type":"Organization","@id":"https://www.thebusinesscouncil.ca/#organization","name":"Business Council of Canada","url":"https://www.thebusinesscouncil.ca/","logo":{"@type":"ImageObject","inLanguage":"fr-FR","@id":"https://www.thebusinesscouncil.ca/#/schema/logo/image/","url":"https://www.thebusinesscouncil.ca/wp-content/uploads/2020/10/Business-Council-of-Canada-Generic.png","contentUrl":"https://www.thebusinesscouncil.ca/wp-content/uploads/2020/10/Business-Council-of-Canada-Generic.png","width":1440,"height":900,"caption":"Business Council of Canada"},"image":{"@id":"https://www.thebusinesscouncil.ca/#/schema/logo/image/"},"sameAs":["https://x.com/BizCouncilofCan","https://www.linkedin.com/company/business-council-of-canda","https://www.youtube.com/user/CdnCEOCouncil"]}]}</script>
<!-- / Yoast SEO plugin. -->

Déclaration concernant la nomination d'un nouveau Cabinet | Business Council of Canada

Un nouveau leadership s&#8217;accompagne de nouvelles opportunités, mais aussi de responsabilités immédiates. C&#8217;est pourquoi, au lendemain des élections, nous avons envoyé au premier ministre Carney une lettre détaillée décrivant ce que les chefs d&#8217;entreprise canadiens considèrent comme les principales priorités...
