{"id":21409,"date":"2025-03-04T10:20:20","date_gmt":"2025-03-04T15:20:20","guid":{"rendered":"https:\/\/www.thebusinesscouncil.ca\/?post_type=publication&#038;p=21409"},"modified":"2025-03-20T15:56:32","modified_gmt":"2025-03-20T19:56:32","slug":"declaration-sur-les-tarifs-americains-imposes-aujourdhui","status":"publish","type":"publication","link":"https:\/\/www.thebusinesscouncil.ca\/fr\/publication\/declaration-sur-les-tarifs-americains-imposes-aujourdhui\/","title":{"rendered":"ln\u2019y a pas de gagnant d\u2019une guerre commerciale"},"content":{"rendered":"\n<p>Il n\u2019y a pas de gagnant d\u2019une guerre commerciale et les tarifs impos\u00e9s aujourd\u2019hui par l\u2019administration Trump nuiront aux travailleurs, aux agriculteurs et aux familles de toute l\u2019Am\u00e9rique du Nord, en particulier aux \u00c9tats-Unis.&nbsp;&nbsp;<\/p>\n\n\n\n<p>Le Canada, les \u00c9tats-Unis et le Mexique ont le meilleur accord commercial au monde, celui que le pr\u00e9sident Trump a n\u00e9goci\u00e9 et sign\u00e9 au cours de son premier mandat. Tous les probl\u00e8mes ou irritants qui peuvent exister peuvent et doivent \u00eatre g\u00e9r\u00e9s dans le cadre de cet accord, qui comprend une clause de r\u00e9vision con\u00e7ue \u00e0 cette fin.&nbsp;&nbsp;<\/p>\n\n\n\n<p>Malheureusement, la d\u00e9cision d\u2019imposer des tarifs au Canada viole ce m\u00eame accord et oblige maintenant le Canada \u00e0 prendre des mesures de r\u00e9torsion. Ces mesures devraient \u00eatre strat\u00e9giques dans leur port\u00e9e et leur ampleur afin de ne pas aggraver les dommages caus\u00e9s par des co\u00fbts plus \u00e9lev\u00e9s aux familles canadiennes.&nbsp;&nbsp;<\/p>\n\n\n\n<p>Au cours du mois dernier, face \u00e0 la menace des tarifs, les Canadiens ont r\u00e9agi avec la d\u00e9termination et l\u2019urgence que ce moment exige. Les particuliers ont modifi\u00e9 leurs habitudes de consommation, les entreprises ont remani\u00e9 leurs cha\u00eenes d\u2019approvisionnement et les dirigeants politiques ont commenc\u00e9 \u00e0 s\u2019attaquer aux obstacles nationaux de longue date \u00e0 la croissance \u00e9conomique.&nbsp;<\/p>\n","protected":false},"author":234,"featured_media":11412,"template":"","post_types":[104],"topics":[80,66,67],"class_list":["post-21409","publication","type-publication","status-publish","has-post-thumbnail","hentry","post_types-declarations"],"acf":[],"yoast_head":"<!-- This site is optimized with the Yoast SEO plugin v27.1.1 - https:\/\/yoast.com\/product\/yoast-seo-wordpress\/ -->\n<title>ln\u2019y a pas de gagnant d\u2019une guerre commerciale | Business Council of Canada<\/title>\n<meta name=\"robots\" content=\"index, follow, max-snippet:-1, max-image-preview:large, max-video-preview:-1\" \/>\n<link rel=\"canonical\" href=\"https:\/\/www.thebusinesscouncil.ca\/fr\/publication\/declaration-sur-les-tarifs-americains-imposes-aujourdhui\/\" \/>\n<meta property=\"og:locale\" content=\"fr_FR\" \/>\n<meta property=\"og:type\" content=\"article\" \/>\n<meta property=\"og:title\" content=\"ln\u2019y a pas de gagnant d\u2019une guerre commerciale | Business Council of Canada\" \/>\n<meta property=\"og:description\" content=\"Il n\u2019y a pas de gagnant d\u2019une guerre commerciale et les tarifs impos\u00e9s aujourd\u2019hui par l\u2019administration Trump nuiront aux travailleurs, aux agriculteurs et aux familles de toute l\u2019Am\u00e9rique du Nord, en particulier aux \u00c9tats-Unis.&nbsp;&nbsp; Le Canada, les \u00c9tats-Unis et le...\" \/>\n<meta property=\"og:url\" content=\"https:\/\/www.thebusinesscouncil.ca\/fr\/publication\/declaration-sur-les-tarifs-americains-imposes-aujourdhui\/\" \/>\n<meta property=\"og:site_name\" content=\"Business Council of Canada\" \/>\n<meta property=\"article:modified_time\" content=\"2025-03-20T19:56:32+00:00\" \/>\n<meta property=\"og:image\" content=\"https:\/\/www.thebusinesscouncil.ca\/wp-content\/uploads\/2021\/12\/De\u0301clarations.png\" \/>\n\t<meta property=\"og:image:width\" content=\"1440\" \/>\n\t<meta property=\"og:image:height\" content=\"900\" \/>\n\t<meta property=\"og:image:type\" content=\"image\/png\" \/>\n<meta name=\"twitter:card\" content=\"summary_large_image\" \/>\n<meta name=\"twitter:site\" content=\"@BizCouncilofCan\" \/>\n<script type=\"application\/ld+json\" class=\"yoast-schema-graph\">{\"@context\":\"https:\/\/schema.org\",\"@graph\":[{\"@type\":\"WebPage\",\"@id\":\"https:\/\/www.thebusinesscouncil.ca\/fr\/publication\/declaration-sur-les-tarifs-americains-imposes-aujourdhui\/\",\"url\":\"https:\/\/www.thebusinesscouncil.ca\/fr\/publication\/declaration-sur-les-tarifs-americains-imposes-aujourdhui\/\",\"name\":\"ln\u2019y a pas de gagnant d\u2019une guerre commerciale | Business Council of Canada\",\"isPartOf\":{\"@id\":\"https:\/\/www.thebusinesscouncil.ca\/#website\"},\"primaryImageOfPage\":{\"@id\":\"https:\/\/www.thebusinesscouncil.ca\/fr\/publication\/declaration-sur-les-tarifs-americains-imposes-aujourdhui\/#primaryimage\"},\"image\":{\"@id\":\"https:\/\/www.thebusinesscouncil.ca\/fr\/publication\/declaration-sur-les-tarifs-americains-imposes-aujourdhui\/#primaryimage\"},\"thumbnailUrl\":\"https:\/\/www.thebusinesscouncil.ca\/wp-content\/uploads\/2021\/12\/De\u0301clarations.png\",\"datePublished\":\"2025-03-04T15:20:20+00:00\",\"dateModified\":\"2025-03-20T19:56:32+00:00\",\"breadcrumb\":{\"@id\":\"https:\/\/www.thebusinesscouncil.ca\/fr\/publication\/declaration-sur-les-tarifs-americains-imposes-aujourdhui\/#breadcrumb\"},\"inLanguage\":\"fr-FR\",\"potentialAction\":[{\"@type\":\"ReadAction\",\"target\":[\"https:\/\/www.thebusinesscouncil.ca\/fr\/publication\/declaration-sur-les-tarifs-americains-imposes-aujourdhui\/\"]}]},{\"@type\":\"ImageObject\",\"inLanguage\":\"fr-FR\",\"@id\":\"https:\/\/www.thebusinesscouncil.ca\/fr\/publication\/declaration-sur-les-tarifs-americains-imposes-aujourdhui\/#primaryimage\",\"url\":\"https:\/\/www.thebusinesscouncil.ca\/wp-content\/uploads\/2021\/12\/De\u0301clarations.png\",\"contentUrl\":\"https:\/\/www.thebusinesscouncil.ca\/wp-content\/uploads\/2021\/12\/De\u0301clarations.png\",\"width\":1440,\"height\":900},{\"@type\":\"BreadcrumbList\",\"@id\":\"https:\/\/www.thebusinesscouncil.ca\/fr\/publication\/declaration-sur-les-tarifs-americains-imposes-aujourdhui\/#breadcrumb\",\"itemListElement\":[{\"@type\":\"ListItem\",\"position\":1,\"name\":\"Home\",\"item\":\"https:\/\/www.thebusinesscouncil.ca\/fr\/\"},{\"@type\":\"ListItem\",\"position\":2,\"name\":\"ln\u2019y a pas de gagnant d\u2019une guerre commerciale\"}]},{\"@type\":\"WebSite\",\"@id\":\"https:\/\/www.thebusinesscouncil.ca\/#website\",\"url\":\"https:\/\/www.thebusinesscouncil.ca\/\",\"name\":\"Business Council of Canada\",\"description\":\"\",\"publisher\":{\"@id\":\"https:\/\/www.thebusinesscouncil.ca\/#organization\"},\"potentialAction\":[{\"@type\":\"SearchAction\",\"target\":{\"@type\":\"EntryPoint\",\"urlTemplate\":\"https:\/\/www.thebusinesscouncil.ca\/?s={search_term_string}\"},\"query-input\":{\"@type\":\"PropertyValueSpecification\",\"valueRequired\":true,\"valueName\":\"search_term_string\"}}],\"inLanguage\":\"fr-FR\"},{\"@type\":\"Organization\",\"@id\":\"https:\/\/www.thebusinesscouncil.ca\/#organization\",\"name\":\"Business Council of Canada\",\"url\":\"https:\/\/www.thebusinesscouncil.ca\/\",\"logo\":{\"@type\":\"ImageObject\",\"inLanguage\":\"fr-FR\",\"@id\":\"https:\/\/www.thebusinesscouncil.ca\/#\/schema\/logo\/image\/\",\"url\":\"https:\/\/www.thebusinesscouncil.ca\/wp-content\/uploads\/2020\/10\/Business-Council-of-Canada-Generic.png\",\"contentUrl\":\"https:\/\/www.thebusinesscouncil.ca\/wp-content\/uploads\/2020\/10\/Business-Council-of-Canada-Generic.png\",\"width\":1440,\"height\":900,\"caption\":\"Business Council of Canada\"},\"image\":{\"@id\":\"https:\/\/www.thebusinesscouncil.ca\/#\/schema\/logo\/image\/\"},\"sameAs\":[\"https:\/\/x.com\/BizCouncilofCan\",\"https:\/\/www.linkedin.com\/company\/business-council-of-canda\",\"https:\/\/www.youtube.com\/user\/CdnCEOCouncil\"]}]}<\/script>\n<!-- \/ Yoast SEO plugin. -->","yoast_head_json":{"title":"ln\u2019y a pas de gagnant d\u2019une guerre commerciale | Business Council of Canada","robots":{"index":"index","follow":"follow","max-snippet":"max-snippet:-1","max-image-preview":"max-image-preview:large","max-video-preview":"max-video-preview:-1"},"canonical":"https:\/\/www.thebusinesscouncil.ca\/fr\/publication\/declaration-sur-les-tarifs-americains-imposes-aujourdhui\/","og_locale":"fr_FR","og_type":"article","og_title":"ln\u2019y a pas de gagnant d\u2019une guerre commerciale | Business Council of Canada","og_description":"Il n\u2019y a pas de gagnant d\u2019une guerre commerciale et les tarifs impos\u00e9s aujourd\u2019hui par l\u2019administration Trump nuiront aux travailleurs, aux agriculteurs et aux familles de toute l\u2019Am\u00e9rique du Nord, en particulier aux \u00c9tats-Unis.&nbsp;&nbsp; Le Canada, les \u00c9tats-Unis et le...","og_url":"https:\/\/www.thebusinesscouncil.ca\/fr\/publication\/declaration-sur-les-tarifs-americains-imposes-aujourdhui\/","og_site_name":"Business Council of Canada","article_modified_time":"2025-03-20T19:56:32+00:00","og_image":[{"width":1440,"height":900,"url":"https:\/\/www.thebusinesscouncil.ca\/wp-content\/uploads\/2021\/12\/De\u0301clarations.png","type":"image\/png"}],"twitter_card":"summary_large_image","twitter_site":"@BizCouncilofCan","schema":{"@context":"https:\/\/schema.org","@graph":[{"@type":"WebPage","@id":"https:\/\/www.thebusinesscouncil.ca\/fr\/publication\/declaration-sur-les-tarifs-americains-imposes-aujourdhui\/","url":"https:\/\/www.thebusinesscouncil.ca\/fr\/publication\/declaration-sur-les-tarifs-americains-imposes-aujourdhui\/","name":"ln\u2019y a pas de gagnant d\u2019une guerre commerciale | Business Council of Canada","isPartOf":{"@id":"https:\/\/www.thebusinesscouncil.ca\/#website"},"primaryImageOfPage":{"@id":"https:\/\/www.thebusinesscouncil.ca\/fr\/publication\/declaration-sur-les-tarifs-americains-imposes-aujourdhui\/#primaryimage"},"image":{"@id":"https:\/\/www.thebusinesscouncil.ca\/fr\/publication\/declaration-sur-les-tarifs-americains-imposes-aujourdhui\/#primaryimage"},"thumbnailUrl":"https:\/\/www.thebusinesscouncil.ca\/wp-content\/uploads\/2021\/12\/De\u0301clarations.png","datePublished":"2025-03-04T15:20:20+00:00","dateModified":"2025-03-20T19:56:32+00:00","breadcrumb":{"@id":"https:\/\/www.thebusinesscouncil.ca\/fr\/publication\/declaration-sur-les-tarifs-americains-imposes-aujourdhui\/#breadcrumb"},"inLanguage":"fr-FR","potentialAction":[{"@type":"ReadAction","target":["https:\/\/www.thebusinesscouncil.ca\/fr\/publication\/declaration-sur-les-tarifs-americains-imposes-aujourdhui\/"]}]},{"@type":"ImageObject","inLanguage":"fr-FR","@id":"https:\/\/www.thebusinesscouncil.ca\/fr\/publication\/declaration-sur-les-tarifs-americains-imposes-aujourdhui\/#primaryimage","url":"https:\/\/www.thebusinesscouncil.ca\/wp-content\/uploads\/2021\/12\/De\u0301clarations.png","contentUrl":"https:\/\/www.thebusinesscouncil.ca\/wp-content\/uploads\/2021\/12\/De\u0301clarations.png","width":1440,"height":900},{"@type":"BreadcrumbList","@id":"https:\/\/www.thebusinesscouncil.ca\/fr\/publication\/declaration-sur-les-tarifs-americains-imposes-aujourdhui\/#breadcrumb","itemListElement":[{"@type":"ListItem","position":1,"name":"Home","item":"https:\/\/www.thebusinesscouncil.ca\/fr\/"},{"@type":"ListItem","position":2,"name":"ln\u2019y a pas de gagnant d\u2019une guerre commerciale"}]},{"@type":"WebSite","@id":"https:\/\/www.thebusinesscouncil.ca\/#website","url":"https:\/\/www.thebusinesscouncil.ca\/","name":"Business Council of Canada","description":"","publisher":{"@id":"https:\/\/www.thebusinesscouncil.ca\/#organization"},"potentialAction":[{"@type":"SearchAction","target":{"@type":"EntryPoint","urlTemplate":"https:\/\/www.thebusinesscouncil.ca\/?s={search_term_string}"},"query-input":{"@type":"PropertyValueSpecification","valueRequired":true,"valueName":"search_term_string"}}],"inLanguage":"fr-FR"},{"@type":"Organization","@id":"https:\/\/www.thebusinesscouncil.ca\/#organization","name":"Business Council of Canada","url":"https:\/\/www.thebusinesscouncil.ca\/","logo":{"@type":"ImageObject","inLanguage":"fr-FR","@id":"https:\/\/www.thebusinesscouncil.ca\/#\/schema\/logo\/image\/","url":"https:\/\/www.thebusinesscouncil.ca\/wp-content\/uploads\/2020\/10\/Business-Council-of-Canada-Generic.png","contentUrl":"https:\/\/www.thebusinesscouncil.ca\/wp-content\/uploads\/2020\/10\/Business-Council-of-Canada-Generic.png","width":1440,"height":900,"caption":"Business Council of Canada"},"image":{"@id":"https:\/\/www.thebusinesscouncil.ca\/#\/schema\/logo\/image\/"},"sameAs":["https:\/\/x.com\/BizCouncilofCan","https:\/\/www.linkedin.com\/company\/business-council-of-canda","https:\/\/www.youtube.com\/user\/CdnCEOCouncil"]}]}},"publishpress_future_workflow_manual_trigger":{"enabledWorkflows":[]},"_links":{"self":[{"href":"https:\/\/www.thebusinesscouncil.ca\/fr\/wp-json\/wp\/v2\/publication\/21409","targetHints":{"allow":["GET"]}}],"collection":[{"href":"https:\/\/www.thebusinesscouncil.ca\/fr\/wp-json\/wp\/v2\/publication"}],"about":[{"href":"https:\/\/www.thebusinesscouncil.ca\/fr\/wp-json\/wp\/v2\/types\/publication"}],"author":[{"embeddable":true,"href":"https:\/\/www.thebusinesscouncil.ca\/fr\/wp-json\/wp\/v2\/users\/234"}],"wp:featuredmedia":[{"embeddable":true,"href":"https:\/\/www.thebusinesscouncil.ca\/fr\/wp-json\/wp\/v2\/media\/11412"}],"wp:attachment":[{"href":"https:\/\/www.thebusinesscouncil.ca\/fr\/wp-json\/wp\/v2\/media?parent=21409"}],"wp:term":[{"taxonomy":"post_types","embeddable":true,"href":"https:\/\/www.thebusinesscouncil.ca\/fr\/wp-json\/wp\/v2\/post_types?post=21409"},{"taxonomy":"topics","embeddable":true,"href":"https:\/\/www.thebusinesscouncil.ca\/fr\/wp-json\/wp\/v2\/topics?post=21409"}],"curies":[{"name":"wp","href":"https:\/\/api.w.org\/{rel}","templated":true}]}}

<p>Il n’y a pas de gagnant d’une guerre commerciale et les tarifs imposés aujourd’hui par l’administration Trump nuiront aux travailleurs, aux agriculteurs et aux familles de toute l’Amérique du Nord, en particulier aux États-Unis.&nbsp;&nbsp;</p>



<p>Le Canada, les États-Unis et le Mexique ont le meilleur accord commercial au monde, celui que le président Trump a négocié et signé au cours de son premier mandat. Tous les problèmes ou irritants qui peuvent exister peuvent et doivent être gérés dans le cadre de cet accord, qui comprend une clause de révision conçue à cette fin.&nbsp;&nbsp;</p>



<p>Malheureusement, la décision d’imposer des tarifs au Canada viole ce même accord et oblige maintenant le Canada à prendre des mesures de rétorsion. Ces mesures devraient être stratégiques dans leur portée et leur ampleur afin de ne pas aggraver les dommages causés par des coûts plus élevés aux familles canadiennes.&nbsp;&nbsp;</p>



<p>Au cours du mois dernier, face à la menace des tarifs, les Canadiens ont réagi avec la détermination et l’urgence que ce moment exige. Les particuliers ont modifié leurs habitudes de consommation, les entreprises ont remanié leurs chaînes d’approvisionnement et les dirigeants politiques ont commencé à s’attaquer aux obstacles nationaux de longue date à la croissance économique.&nbsp;</p>

<!-- This site is optimized with the Yoast SEO plugin v27.1.1 - https://yoast.com/product/yoast-seo-wordpress/ -->
<title>ln’y a pas de gagnant d’une guerre commerciale | Business Council of Canada</title>
<meta name="robots" content="index, follow, max-snippet:-1, max-image-preview:large, max-video-preview:-1" />
<link rel="canonical" href="https://www.thebusinesscouncil.ca/fr/publication/declaration-sur-les-tarifs-americains-imposes-aujourdhui/" />
<meta property="og:locale" content="fr_FR" />
<meta property="og:type" content="article" />
<meta property="og:title" content="ln’y a pas de gagnant d’une guerre commerciale | Business Council of Canada" />
<meta property="og:description" content="Il n’y a pas de gagnant d’une guerre commerciale et les tarifs imposés aujourd’hui par l’administration Trump nuiront aux travailleurs, aux agriculteurs et aux familles de toute l’Amérique du Nord, en particulier aux États-Unis.&nbsp;&nbsp; Le Canada, les États-Unis et le..." />
<meta property="og:url" content="https://www.thebusinesscouncil.ca/fr/publication/declaration-sur-les-tarifs-americains-imposes-aujourdhui/" />
<meta property="og:site_name" content="Business Council of Canada" />
<meta property="article:modified_time" content="2025-03-20T19:56:32+00:00" />
<meta property="og:image" content="https://www.thebusinesscouncil.ca/wp-content/uploads/2021/12/Déclarations.png" />
	<meta property="og:image:width" content="1440" />
	<meta property="og:image:height" content="900" />
	<meta property="og:image:type" content="image/png" />
<meta name="twitter:card" content="summary_large_image" />
<meta name="twitter:site" content="@BizCouncilofCan" />
<script type="application/ld+json" class="yoast-schema-graph">{"@context":"https://schema.org","@graph":[{"@type":"WebPage","@id":"https://www.thebusinesscouncil.ca/fr/publication/declaration-sur-les-tarifs-americains-imposes-aujourdhui/","url":"https://www.thebusinesscouncil.ca/fr/publication/declaration-sur-les-tarifs-americains-imposes-aujourdhui/","name":"ln’y a pas de gagnant d’une guerre commerciale | Business Council of Canada","isPartOf":{"@id":"https://www.thebusinesscouncil.ca/#website"},"primaryImageOfPage":{"@id":"https://www.thebusinesscouncil.ca/fr/publication/declaration-sur-les-tarifs-americains-imposes-aujourdhui/#primaryimage"},"image":{"@id":"https://www.thebusinesscouncil.ca/fr/publication/declaration-sur-les-tarifs-americains-imposes-aujourdhui/#primaryimage"},"thumbnailUrl":"https://www.thebusinesscouncil.ca/wp-content/uploads/2021/12/Déclarations.png","datePublished":"2025-03-04T15:20:20+00:00","dateModified":"2025-03-20T19:56:32+00:00","breadcrumb":{"@id":"https://www.thebusinesscouncil.ca/fr/publication/declaration-sur-les-tarifs-americains-imposes-aujourdhui/#breadcrumb"},"inLanguage":"fr-FR","potentialAction":[{"@type":"ReadAction","target":["https://www.thebusinesscouncil.ca/fr/publication/declaration-sur-les-tarifs-americains-imposes-aujourdhui/"]}]},{"@type":"ImageObject","inLanguage":"fr-FR","@id":"https://www.thebusinesscouncil.ca/fr/publication/declaration-sur-les-tarifs-americains-imposes-aujourdhui/#primaryimage","url":"https://www.thebusinesscouncil.ca/wp-content/uploads/2021/12/Déclarations.png","contentUrl":"https://www.thebusinesscouncil.ca/wp-content/uploads/2021/12/Déclarations.png","width":1440,"height":900},{"@type":"BreadcrumbList","@id":"https://www.thebusinesscouncil.ca/fr/publication/declaration-sur-les-tarifs-americains-imposes-aujourdhui/#breadcrumb","itemListElement":[{"@type":"ListItem","position":1,"name":"Home","item":"https://www.thebusinesscouncil.ca/fr/"},{"@type":"ListItem","position":2,"name":"ln’y a pas de gagnant d’une guerre commerciale"}]},{"@type":"WebSite","@id":"https://www.thebusinesscouncil.ca/#website","url":"https://www.thebusinesscouncil.ca/","name":"Business Council of Canada","description":"","publisher":{"@id":"https://www.thebusinesscouncil.ca/#organization"},"potentialAction":[{"@type":"SearchAction","target":{"@type":"EntryPoint","urlTemplate":"https://www.thebusinesscouncil.ca/?s={search_term_string}"},"query-input":{"@type":"PropertyValueSpecification","valueRequired":true,"valueName":"search_term_string"}}],"inLanguage":"fr-FR"},{"@type":"Organization","@id":"https://www.thebusinesscouncil.ca/#organization","name":"Business Council of Canada","url":"https://www.thebusinesscouncil.ca/","logo":{"@type":"ImageObject","inLanguage":"fr-FR","@id":"https://www.thebusinesscouncil.ca/#/schema/logo/image/","url":"https://www.thebusinesscouncil.ca/wp-content/uploads/2020/10/Business-Council-of-Canada-Generic.png","contentUrl":"https://www.thebusinesscouncil.ca/wp-content/uploads/2020/10/Business-Council-of-Canada-Generic.png","width":1440,"height":900,"caption":"Business Council of Canada"},"image":{"@id":"https://www.thebusinesscouncil.ca/#/schema/logo/image/"},"sameAs":["https://x.com/BizCouncilofCan","https://www.linkedin.com/company/business-council-of-canda","https://www.youtube.com/user/CdnCEOCouncil"]}]}</script>
<!-- / Yoast SEO plugin. -->

Il n’y a pas de gagnant d’une guerre commerciale et les tarifs imposés aujourd’hui par l’administration Trump nuiront aux travailleurs, aux agriculteurs et aux familles de toute l’Amérique du Nord, en particulier aux États-Unis.&nbsp;&nbsp; Le Canada, les États-Unis et le...
