{"id":19061,"date":"2024-07-09T22:52:41","date_gmt":"2024-07-10T02:52:41","guid":{"rendered":"https:\/\/thebusinesscouncil.ca\/?post_type=publication&#038;p=19061"},"modified":"2024-07-28T23:14:58","modified_gmt":"2024-07-29T03:14:58","slug":"le-canada-doit-tenir-sa-promesse","status":"publish","type":"publication","link":"https:\/\/www.thebusinesscouncil.ca\/fr\/publication\/le-canada-doit-tenir-sa-promesse\/","title":{"rendered":"Le Canada doit tenir sa promesse"},"content":{"rendered":"\n<p>Louise Blais souligne l&#8217;importance pour le Canada de respecter ses engagements en mati\u00e8re de d\u00e9penses de d\u00e9fense dans le cadre de l&#8217;OTAN afin d&#8217;\u00eatre consid\u00e9r\u00e9 comme un acteur s\u00e9rieux sur la sc\u00e8ne internationale. Elle partage son point de vue avec le Journal de Montr\u00e9al et Radio Canada dans un article sur la participation du Premier ministre au sommet de l&#8217;OTAN.<\/p>\n\n\n\n<blockquote class=\"wp-block-quote is-layout-flow wp-block-quote-is-layout-flow\">\n<p>\u00ab\u00c7a a un impact sur notre image, mais \u00e7a a aussi un impact sur la possibilit\u00e9 de faire partie de choses qui sont importantes pour nous\u00bb,<\/p>\n<\/blockquote>\n\n\n\n<div class=\"wp-block-buttons is-layout-flex wp-block-buttons-is-layout-flex\">\n<div class=\"wp-block-button\"><a class=\"wp-block-button__link wp-element-button\" href=\"https:\/\/www.journaldemontreal.com\/2024\/07\/08\/justin-trudeau-est-a-washington-pour-le-sommet-de-lotan-mais-pas-seulement\" target=\"_blank\" rel=\"noreferrer noopener\">Lire Le journal de Montreal<\/a><\/div>\n<\/div>\n\n\n\n<blockquote class=\"wp-block-quote is-layout-flow wp-block-quote-is-layout-flow\">\n<p>\u201cQue vaut la parole du Canada si on ne la tient pas? \u201c<\/p>\n<\/blockquote>\n\n\n\n<div class=\"wp-block-buttons is-layout-flex wp-block-buttons-is-layout-flex\">\n<div class=\"wp-block-button\"><a class=\"wp-block-button__link wp-element-button\">Lire radio-Canada<\/a><\/div>\n<\/div>\n","protected":false},"author":234,"featured_media":12975,"template":"","post_types":[95],"topics":[80,82,66,67],"class_list":["post-19061","publication","type-publication","status-publish","has-post-thumbnail","hentry","post_types-dans-lactualite"],"acf":[],"yoast_head":"<!-- This site is optimized with the Yoast SEO plugin v27.1.1 - https:\/\/yoast.com\/product\/yoast-seo-wordpress\/ -->\n<title>Le Canada doit tenir sa promesse | Business Council of Canada<\/title>\n<meta name=\"robots\" content=\"index, follow, max-snippet:-1, max-image-preview:large, max-video-preview:-1\" \/>\n<link rel=\"canonical\" href=\"https:\/\/www.thebusinesscouncil.ca\/fr\/publication\/le-canada-doit-tenir-sa-promesse\/\" \/>\n<meta property=\"og:locale\" content=\"fr_FR\" \/>\n<meta property=\"og:type\" content=\"article\" \/>\n<meta property=\"og:title\" content=\"Le Canada doit tenir sa promesse | Business Council of Canada\" \/>\n<meta property=\"og:description\" content=\"Louise Blais souligne l&#8217;importance pour le Canada de respecter ses engagements en mati\u00e8re de d\u00e9penses de d\u00e9fense dans le cadre de l&#8217;OTAN afin d&#8217;\u00eatre consid\u00e9r\u00e9 comme un acteur s\u00e9rieux sur la sc\u00e8ne internationale. Elle partage son point de vue avec...\" \/>\n<meta property=\"og:url\" content=\"https:\/\/www.thebusinesscouncil.ca\/fr\/publication\/le-canada-doit-tenir-sa-promesse\/\" \/>\n<meta property=\"og:site_name\" content=\"Business Council of Canada\" \/>\n<meta property=\"article:modified_time\" content=\"2024-07-29T03:14:58+00:00\" \/>\n<meta property=\"og:image\" content=\"https:\/\/thebusinesscouncil.ca\/wp-content\/uploads\/2022\/07\/In-The-News_Newspaper_LouiseBlais.png\" \/>\n\t<meta property=\"og:image:width\" content=\"1440\" \/>\n\t<meta property=\"og:image:height\" content=\"900\" \/>\n\t<meta property=\"og:image:type\" content=\"image\/png\" \/>\n<meta name=\"twitter:card\" content=\"summary_large_image\" \/>\n<meta name=\"twitter:site\" content=\"@BizCouncilofCan\" \/>\n<script type=\"application\/ld+json\" class=\"yoast-schema-graph\">{\"@context\":\"https:\/\/schema.org\",\"@graph\":[{\"@type\":\"WebPage\",\"@id\":\"https:\/\/www.thebusinesscouncil.ca\/fr\/publication\/le-canada-doit-tenir-sa-promesse\/\",\"url\":\"https:\/\/www.thebusinesscouncil.ca\/fr\/publication\/le-canada-doit-tenir-sa-promesse\/\",\"name\":\"Le Canada doit tenir sa promesse | Business Council of Canada\",\"isPartOf\":{\"@id\":\"https:\/\/www.thebusinesscouncil.ca\/#website\"},\"primaryImageOfPage\":{\"@id\":\"https:\/\/www.thebusinesscouncil.ca\/fr\/publication\/le-canada-doit-tenir-sa-promesse\/#primaryimage\"},\"image\":{\"@id\":\"https:\/\/www.thebusinesscouncil.ca\/fr\/publication\/le-canada-doit-tenir-sa-promesse\/#primaryimage\"},\"thumbnailUrl\":\"https:\/\/www.thebusinesscouncil.ca\/wp-content\/uploads\/2022\/07\/In-The-News_Newspaper_LouiseBlais.png\",\"datePublished\":\"2024-07-10T02:52:41+00:00\",\"dateModified\":\"2024-07-29T03:14:58+00:00\",\"breadcrumb\":{\"@id\":\"https:\/\/www.thebusinesscouncil.ca\/fr\/publication\/le-canada-doit-tenir-sa-promesse\/#breadcrumb\"},\"inLanguage\":\"fr-FR\",\"potentialAction\":[{\"@type\":\"ReadAction\",\"target\":[\"https:\/\/www.thebusinesscouncil.ca\/fr\/publication\/le-canada-doit-tenir-sa-promesse\/\"]}]},{\"@type\":\"ImageObject\",\"inLanguage\":\"fr-FR\",\"@id\":\"https:\/\/www.thebusinesscouncil.ca\/fr\/publication\/le-canada-doit-tenir-sa-promesse\/#primaryimage\",\"url\":\"https:\/\/www.thebusinesscouncil.ca\/wp-content\/uploads\/2022\/07\/In-The-News_Newspaper_LouiseBlais.png\",\"contentUrl\":\"https:\/\/www.thebusinesscouncil.ca\/wp-content\/uploads\/2022\/07\/In-The-News_Newspaper_LouiseBlais.png\",\"width\":1440,\"height\":900},{\"@type\":\"BreadcrumbList\",\"@id\":\"https:\/\/www.thebusinesscouncil.ca\/fr\/publication\/le-canada-doit-tenir-sa-promesse\/#breadcrumb\",\"itemListElement\":[{\"@type\":\"ListItem\",\"position\":1,\"name\":\"Home\",\"item\":\"https:\/\/www.thebusinesscouncil.ca\/fr\/\"},{\"@type\":\"ListItem\",\"position\":2,\"name\":\"Le Canada doit tenir sa promesse\"}]},{\"@type\":\"WebSite\",\"@id\":\"https:\/\/www.thebusinesscouncil.ca\/#website\",\"url\":\"https:\/\/www.thebusinesscouncil.ca\/\",\"name\":\"Business Council of Canada\",\"description\":\"\",\"publisher\":{\"@id\":\"https:\/\/www.thebusinesscouncil.ca\/#organization\"},\"potentialAction\":[{\"@type\":\"SearchAction\",\"target\":{\"@type\":\"EntryPoint\",\"urlTemplate\":\"https:\/\/www.thebusinesscouncil.ca\/?s={search_term_string}\"},\"query-input\":{\"@type\":\"PropertyValueSpecification\",\"valueRequired\":true,\"valueName\":\"search_term_string\"}}],\"inLanguage\":\"fr-FR\"},{\"@type\":\"Organization\",\"@id\":\"https:\/\/www.thebusinesscouncil.ca\/#organization\",\"name\":\"Business Council of Canada\",\"url\":\"https:\/\/www.thebusinesscouncil.ca\/\",\"logo\":{\"@type\":\"ImageObject\",\"inLanguage\":\"fr-FR\",\"@id\":\"https:\/\/www.thebusinesscouncil.ca\/#\/schema\/logo\/image\/\",\"url\":\"https:\/\/www.thebusinesscouncil.ca\/wp-content\/uploads\/2020\/10\/Business-Council-of-Canada-Generic.png\",\"contentUrl\":\"https:\/\/www.thebusinesscouncil.ca\/wp-content\/uploads\/2020\/10\/Business-Council-of-Canada-Generic.png\",\"width\":1440,\"height\":900,\"caption\":\"Business Council of Canada\"},\"image\":{\"@id\":\"https:\/\/www.thebusinesscouncil.ca\/#\/schema\/logo\/image\/\"},\"sameAs\":[\"https:\/\/x.com\/BizCouncilofCan\",\"https:\/\/www.linkedin.com\/company\/business-council-of-canda\",\"https:\/\/www.youtube.com\/user\/CdnCEOCouncil\"]}]}<\/script>\n<!-- \/ Yoast SEO plugin. -->","yoast_head_json":{"title":"Le Canada doit tenir sa promesse | Business Council of Canada","robots":{"index":"index","follow":"follow","max-snippet":"max-snippet:-1","max-image-preview":"max-image-preview:large","max-video-preview":"max-video-preview:-1"},"canonical":"https:\/\/www.thebusinesscouncil.ca\/fr\/publication\/le-canada-doit-tenir-sa-promesse\/","og_locale":"fr_FR","og_type":"article","og_title":"Le Canada doit tenir sa promesse | Business Council of Canada","og_description":"Louise Blais souligne l&#8217;importance pour le Canada de respecter ses engagements en mati\u00e8re de d\u00e9penses de d\u00e9fense dans le cadre de l&#8217;OTAN afin d&#8217;\u00eatre consid\u00e9r\u00e9 comme un acteur s\u00e9rieux sur la sc\u00e8ne internationale. Elle partage son point de vue avec...","og_url":"https:\/\/www.thebusinesscouncil.ca\/fr\/publication\/le-canada-doit-tenir-sa-promesse\/","og_site_name":"Business Council of Canada","article_modified_time":"2024-07-29T03:14:58+00:00","og_image":[{"width":1440,"height":900,"url":"https:\/\/thebusinesscouncil.ca\/wp-content\/uploads\/2022\/07\/In-The-News_Newspaper_LouiseBlais.png","type":"image\/png"}],"twitter_card":"summary_large_image","twitter_site":"@BizCouncilofCan","schema":{"@context":"https:\/\/schema.org","@graph":[{"@type":"WebPage","@id":"https:\/\/www.thebusinesscouncil.ca\/fr\/publication\/le-canada-doit-tenir-sa-promesse\/","url":"https:\/\/www.thebusinesscouncil.ca\/fr\/publication\/le-canada-doit-tenir-sa-promesse\/","name":"Le Canada doit tenir sa promesse | Business Council of Canada","isPartOf":{"@id":"https:\/\/www.thebusinesscouncil.ca\/#website"},"primaryImageOfPage":{"@id":"https:\/\/www.thebusinesscouncil.ca\/fr\/publication\/le-canada-doit-tenir-sa-promesse\/#primaryimage"},"image":{"@id":"https:\/\/www.thebusinesscouncil.ca\/fr\/publication\/le-canada-doit-tenir-sa-promesse\/#primaryimage"},"thumbnailUrl":"https:\/\/www.thebusinesscouncil.ca\/wp-content\/uploads\/2022\/07\/In-The-News_Newspaper_LouiseBlais.png","datePublished":"2024-07-10T02:52:41+00:00","dateModified":"2024-07-29T03:14:58+00:00","breadcrumb":{"@id":"https:\/\/www.thebusinesscouncil.ca\/fr\/publication\/le-canada-doit-tenir-sa-promesse\/#breadcrumb"},"inLanguage":"fr-FR","potentialAction":[{"@type":"ReadAction","target":["https:\/\/www.thebusinesscouncil.ca\/fr\/publication\/le-canada-doit-tenir-sa-promesse\/"]}]},{"@type":"ImageObject","inLanguage":"fr-FR","@id":"https:\/\/www.thebusinesscouncil.ca\/fr\/publication\/le-canada-doit-tenir-sa-promesse\/#primaryimage","url":"https:\/\/www.thebusinesscouncil.ca\/wp-content\/uploads\/2022\/07\/In-The-News_Newspaper_LouiseBlais.png","contentUrl":"https:\/\/www.thebusinesscouncil.ca\/wp-content\/uploads\/2022\/07\/In-The-News_Newspaper_LouiseBlais.png","width":1440,"height":900},{"@type":"BreadcrumbList","@id":"https:\/\/www.thebusinesscouncil.ca\/fr\/publication\/le-canada-doit-tenir-sa-promesse\/#breadcrumb","itemListElement":[{"@type":"ListItem","position":1,"name":"Home","item":"https:\/\/www.thebusinesscouncil.ca\/fr\/"},{"@type":"ListItem","position":2,"name":"Le Canada doit tenir sa promesse"}]},{"@type":"WebSite","@id":"https:\/\/www.thebusinesscouncil.ca\/#website","url":"https:\/\/www.thebusinesscouncil.ca\/","name":"Business Council of Canada","description":"","publisher":{"@id":"https:\/\/www.thebusinesscouncil.ca\/#organization"},"potentialAction":[{"@type":"SearchAction","target":{"@type":"EntryPoint","urlTemplate":"https:\/\/www.thebusinesscouncil.ca\/?s={search_term_string}"},"query-input":{"@type":"PropertyValueSpecification","valueRequired":true,"valueName":"search_term_string"}}],"inLanguage":"fr-FR"},{"@type":"Organization","@id":"https:\/\/www.thebusinesscouncil.ca\/#organization","name":"Business Council of Canada","url":"https:\/\/www.thebusinesscouncil.ca\/","logo":{"@type":"ImageObject","inLanguage":"fr-FR","@id":"https:\/\/www.thebusinesscouncil.ca\/#\/schema\/logo\/image\/","url":"https:\/\/www.thebusinesscouncil.ca\/wp-content\/uploads\/2020\/10\/Business-Council-of-Canada-Generic.png","contentUrl":"https:\/\/www.thebusinesscouncil.ca\/wp-content\/uploads\/2020\/10\/Business-Council-of-Canada-Generic.png","width":1440,"height":900,"caption":"Business Council of Canada"},"image":{"@id":"https:\/\/www.thebusinesscouncil.ca\/#\/schema\/logo\/image\/"},"sameAs":["https:\/\/x.com\/BizCouncilofCan","https:\/\/www.linkedin.com\/company\/business-council-of-canda","https:\/\/www.youtube.com\/user\/CdnCEOCouncil"]}]}},"publishpress_future_workflow_manual_trigger":{"enabledWorkflows":[]},"_links":{"self":[{"href":"https:\/\/www.thebusinesscouncil.ca\/fr\/wp-json\/wp\/v2\/publication\/19061","targetHints":{"allow":["GET"]}}],"collection":[{"href":"https:\/\/www.thebusinesscouncil.ca\/fr\/wp-json\/wp\/v2\/publication"}],"about":[{"href":"https:\/\/www.thebusinesscouncil.ca\/fr\/wp-json\/wp\/v2\/types\/publication"}],"author":[{"embeddable":true,"href":"https:\/\/www.thebusinesscouncil.ca\/fr\/wp-json\/wp\/v2\/users\/234"}],"wp:featuredmedia":[{"embeddable":true,"href":"https:\/\/www.thebusinesscouncil.ca\/fr\/wp-json\/wp\/v2\/media\/12975"}],"wp:attachment":[{"href":"https:\/\/www.thebusinesscouncil.ca\/fr\/wp-json\/wp\/v2\/media?parent=19061"}],"wp:term":[{"taxonomy":"post_types","embeddable":true,"href":"https:\/\/www.thebusinesscouncil.ca\/fr\/wp-json\/wp\/v2\/post_types?post=19061"},{"taxonomy":"topics","embeddable":true,"href":"https:\/\/www.thebusinesscouncil.ca\/fr\/wp-json\/wp\/v2\/topics?post=19061"}],"curies":[{"name":"wp","href":"https:\/\/api.w.org\/{rel}","templated":true}]}}

<p>Louise Blais souligne l&#8217;importance pour le Canada de respecter ses engagements en matière de dépenses de défense dans le cadre de l&#8217;OTAN afin d&#8217;être considéré comme un acteur sérieux sur la scène internationale. Elle partage son point de vue avec le Journal de Montréal et Radio Canada dans un article sur la participation du Premier ministre au sommet de l&#8217;OTAN.</p>



<blockquote class="wp-block-quote is-layout-flow wp-block-quote-is-layout-flow">
<p>«Ça a un impact sur notre image, mais ça a aussi un impact sur la possibilité de faire partie de choses qui sont importantes pour nous»,</p>
</blockquote>



<div class="wp-block-buttons is-layout-flex wp-block-buttons-is-layout-flex">
<div class="wp-block-button"><a class="wp-block-button__link wp-element-button" href="https://www.journaldemontreal.com/2024/07/08/justin-trudeau-est-a-washington-pour-le-sommet-de-lotan-mais-pas-seulement" target="_blank" rel="noreferrer noopener">Lire Le journal de Montreal</a></div>
</div>



<blockquote class="wp-block-quote is-layout-flow wp-block-quote-is-layout-flow">
<p>“Que vaut la parole du Canada si on ne la tient pas? “</p>
</blockquote>



<div class="wp-block-buttons is-layout-flex wp-block-buttons-is-layout-flex">
<div class="wp-block-button"><a class="wp-block-button__link wp-element-button">Lire radio-Canada</a></div>
</div>

<!-- This site is optimized with the Yoast SEO plugin v27.1.1 - https://yoast.com/product/yoast-seo-wordpress/ -->
<title>Le Canada doit tenir sa promesse | Business Council of Canada</title>
<meta name="robots" content="index, follow, max-snippet:-1, max-image-preview:large, max-video-preview:-1" />
<link rel="canonical" href="https://www.thebusinesscouncil.ca/fr/publication/le-canada-doit-tenir-sa-promesse/" />
<meta property="og:locale" content="fr_FR" />
<meta property="og:type" content="article" />
<meta property="og:title" content="Le Canada doit tenir sa promesse | Business Council of Canada" />
<meta property="og:description" content="Louise Blais souligne l&#8217;importance pour le Canada de respecter ses engagements en matière de dépenses de défense dans le cadre de l&#8217;OTAN afin d&#8217;être considéré comme un acteur sérieux sur la scène internationale. Elle partage son point de vue avec..." />
<meta property="og:url" content="https://www.thebusinesscouncil.ca/fr/publication/le-canada-doit-tenir-sa-promesse/" />
<meta property="og:site_name" content="Business Council of Canada" />
<meta property="article:modified_time" content="2024-07-29T03:14:58+00:00" />
<meta property="og:image" content="https://thebusinesscouncil.ca/wp-content/uploads/2022/07/In-The-News_Newspaper_LouiseBlais.png" />
	<meta property="og:image:width" content="1440" />
	<meta property="og:image:height" content="900" />
	<meta property="og:image:type" content="image/png" />
<meta name="twitter:card" content="summary_large_image" />
<meta name="twitter:site" content="@BizCouncilofCan" />
<script type="application/ld+json" class="yoast-schema-graph">{"@context":"https://schema.org","@graph":[{"@type":"WebPage","@id":"https://www.thebusinesscouncil.ca/fr/publication/le-canada-doit-tenir-sa-promesse/","url":"https://www.thebusinesscouncil.ca/fr/publication/le-canada-doit-tenir-sa-promesse/","name":"Le Canada doit tenir sa promesse | Business Council of Canada","isPartOf":{"@id":"https://www.thebusinesscouncil.ca/#website"},"primaryImageOfPage":{"@id":"https://www.thebusinesscouncil.ca/fr/publication/le-canada-doit-tenir-sa-promesse/#primaryimage"},"image":{"@id":"https://www.thebusinesscouncil.ca/fr/publication/le-canada-doit-tenir-sa-promesse/#primaryimage"},"thumbnailUrl":"https://www.thebusinesscouncil.ca/wp-content/uploads/2022/07/In-The-News_Newspaper_LouiseBlais.png","datePublished":"2024-07-10T02:52:41+00:00","dateModified":"2024-07-29T03:14:58+00:00","breadcrumb":{"@id":"https://www.thebusinesscouncil.ca/fr/publication/le-canada-doit-tenir-sa-promesse/#breadcrumb"},"inLanguage":"fr-FR","potentialAction":[{"@type":"ReadAction","target":["https://www.thebusinesscouncil.ca/fr/publication/le-canada-doit-tenir-sa-promesse/"]}]},{"@type":"ImageObject","inLanguage":"fr-FR","@id":"https://www.thebusinesscouncil.ca/fr/publication/le-canada-doit-tenir-sa-promesse/#primaryimage","url":"https://www.thebusinesscouncil.ca/wp-content/uploads/2022/07/In-The-News_Newspaper_LouiseBlais.png","contentUrl":"https://www.thebusinesscouncil.ca/wp-content/uploads/2022/07/In-The-News_Newspaper_LouiseBlais.png","width":1440,"height":900},{"@type":"BreadcrumbList","@id":"https://www.thebusinesscouncil.ca/fr/publication/le-canada-doit-tenir-sa-promesse/#breadcrumb","itemListElement":[{"@type":"ListItem","position":1,"name":"Home","item":"https://www.thebusinesscouncil.ca/fr/"},{"@type":"ListItem","position":2,"name":"Le Canada doit tenir sa promesse"}]},{"@type":"WebSite","@id":"https://www.thebusinesscouncil.ca/#website","url":"https://www.thebusinesscouncil.ca/","name":"Business Council of Canada","description":"","publisher":{"@id":"https://www.thebusinesscouncil.ca/#organization"},"potentialAction":[{"@type":"SearchAction","target":{"@type":"EntryPoint","urlTemplate":"https://www.thebusinesscouncil.ca/?s={search_term_string}"},"query-input":{"@type":"PropertyValueSpecification","valueRequired":true,"valueName":"search_term_string"}}],"inLanguage":"fr-FR"},{"@type":"Organization","@id":"https://www.thebusinesscouncil.ca/#organization","name":"Business Council of Canada","url":"https://www.thebusinesscouncil.ca/","logo":{"@type":"ImageObject","inLanguage":"fr-FR","@id":"https://www.thebusinesscouncil.ca/#/schema/logo/image/","url":"https://www.thebusinesscouncil.ca/wp-content/uploads/2020/10/Business-Council-of-Canada-Generic.png","contentUrl":"https://www.thebusinesscouncil.ca/wp-content/uploads/2020/10/Business-Council-of-Canada-Generic.png","width":1440,"height":900,"caption":"Business Council of Canada"},"image":{"@id":"https://www.thebusinesscouncil.ca/#/schema/logo/image/"},"sameAs":["https://x.com/BizCouncilofCan","https://www.linkedin.com/company/business-council-of-canda","https://www.youtube.com/user/CdnCEOCouncil"]}]}</script>
<!-- / Yoast SEO plugin. -->

Louise Blais souligne l&#8217;importance pour le Canada de respecter ses engagements en matière de dépenses de défense dans le cadre de l&#8217;OTAN afin d&#8217;être considéré comme un acteur sérieux sur la scène internationale. Elle partage son point de vue avec...
