{"id":15260,"date":"2023-02-07T14:25:48","date_gmt":"2023-02-07T19:25:48","guid":{"rendered":"https:\/\/thebusinesscouncil.ca\/?post_type=publication&#038;p=15260"},"modified":"2023-04-12T14:33:27","modified_gmt":"2023-04-12T18:33:27","slug":"accelerer-les-possibilites-pour-les-jeunes","status":"publish","type":"publication","link":"https:\/\/www.thebusinesscouncil.ca\/fr\/publication\/accelerer-les-possibilites-pour-les-jeunes\/","title":{"rendered":"<strong>Acc\u00e9l\u00e9rer les possibilit\u00e9s pour les jeunes<\/strong>"},"content":{"rendered":"\n<p>Guy Cormier est convaincu que c\u2019est en \u00e9coutant les id\u00e9es et les passions des jeunes que l\u2019on peut susciter le changement et avoir un impact important sur la soci\u00e9t\u00e9. Il partage son point de vue \u00e0 l\u2019occasion de l\u2019annonce par Desjardins du lancement de son nouvel \u00e9v\u00e9nement &#8220;R\u00eaver l\u2019impossible&#8221;, qui r\u00e9unira des centaines de jeunes \u00e0 Montr\u00e9al pour des ateliers et du r\u00e9seautage afin de les aider \u00e0 lancer de nouvelles initiatives.<\/p>\n\n\n\n<blockquote class=\"wp-block-quote is-layout-flow wp-block-quote-is-layout-flow\">\n<p>\u00ab\u00a0Trop souvent, on rejette les id\u00e9es ou on conteste la l\u00e9gitimit\u00e9 d\u2019occuper des fonctions sur le crit\u00e8re de l\u2019\u00e2ge. Je l\u2019ai v\u00e9cu dans ma carri\u00e8re. C\u2019est pourquoi je tiens tant, avec les moyens \u00e0 ma disposition, \u00e0 accompagner les jeunes et \u00e0 leur ouvrir des portes. J\u2019aimerais les amener plus rapidement \u00e0 destination et leur faire une plus grande place.\u00a0\u00bb.<\/p>\n<cite>Guy Cormier, \u00a0pr\u00e9sident et chef de la direction, Desjardins<\/cite><\/blockquote>\n\n\n\n<div class=\"wp-block-buttons is-layout-flex wp-block-buttons-is-layout-flex\">\n<div class=\"wp-block-button\"><a class=\"wp-block-button__link wp-element-button\" href=\"https:\/\/www.desjardins.com\/on\/fr\/nouvelles\/rever-l-impossible.html\" target=\"_blank\" rel=\"noreferrer noopener\">Lire la suite<\/a><\/div>\n<\/div>\n","protected":false},"author":234,"featured_media":14708,"template":"","post_types":[98],"topics":[73,75,74,77],"class_list":["post-15260","publication","type-publication","status-publish","has-post-thumbnail","hentry","post_types-point-de-vue-des-membres"],"acf":[],"yoast_head":"<!-- This site is optimized with the Yoast SEO plugin v27.1.1 - https:\/\/yoast.com\/product\/yoast-seo-wordpress\/ -->\n<title>Acc\u00e9l\u00e9rer les possibilit\u00e9s pour les jeunes | Business Council of Canada<\/title>\n<meta name=\"robots\" content=\"index, follow, max-snippet:-1, max-image-preview:large, max-video-preview:-1\" \/>\n<link rel=\"canonical\" href=\"https:\/\/www.thebusinesscouncil.ca\/fr\/publication\/accelerer-les-possibilites-pour-les-jeunes\/\" \/>\n<meta property=\"og:locale\" content=\"fr_FR\" \/>\n<meta property=\"og:type\" content=\"article\" \/>\n<meta property=\"og:title\" content=\"Acc\u00e9l\u00e9rer les possibilit\u00e9s pour les jeunes | Business Council of Canada\" \/>\n<meta property=\"og:description\" content=\"Guy Cormier est convaincu que c\u2019est en \u00e9coutant les id\u00e9es et les passions des jeunes que l\u2019on peut susciter le changement et avoir un impact important sur la soci\u00e9t\u00e9. Il partage son point de vue \u00e0 l\u2019occasion de l\u2019annonce par...\" \/>\n<meta property=\"og:url\" content=\"https:\/\/www.thebusinesscouncil.ca\/fr\/publication\/accelerer-les-possibilites-pour-les-jeunes\/\" \/>\n<meta property=\"og:site_name\" content=\"Business Council of Canada\" \/>\n<meta property=\"article:modified_time\" content=\"2023-04-12T18:33:27+00:00\" \/>\n<meta property=\"og:image\" content=\"https:\/\/thebusinesscouncil.ca\/wp-content\/uploads\/2023\/02\/MicrosoftTeams-image-48.png\" \/>\n\t<meta property=\"og:image:width\" content=\"1440\" \/>\n\t<meta property=\"og:image:height\" content=\"900\" \/>\n\t<meta property=\"og:image:type\" content=\"image\/png\" \/>\n<meta name=\"twitter:card\" content=\"summary_large_image\" \/>\n<meta name=\"twitter:site\" content=\"@BizCouncilofCan\" \/>\n<script type=\"application\/ld+json\" class=\"yoast-schema-graph\">{\"@context\":\"https:\/\/schema.org\",\"@graph\":[{\"@type\":\"WebPage\",\"@id\":\"https:\/\/www.thebusinesscouncil.ca\/fr\/publication\/accelerer-les-possibilites-pour-les-jeunes\/\",\"url\":\"https:\/\/www.thebusinesscouncil.ca\/fr\/publication\/accelerer-les-possibilites-pour-les-jeunes\/\",\"name\":\"Acc\u00e9l\u00e9rer les possibilit\u00e9s pour les jeunes | Business Council of Canada\",\"isPartOf\":{\"@id\":\"https:\/\/www.thebusinesscouncil.ca\/#website\"},\"primaryImageOfPage\":{\"@id\":\"https:\/\/www.thebusinesscouncil.ca\/fr\/publication\/accelerer-les-possibilites-pour-les-jeunes\/#primaryimage\"},\"image\":{\"@id\":\"https:\/\/www.thebusinesscouncil.ca\/fr\/publication\/accelerer-les-possibilites-pour-les-jeunes\/#primaryimage\"},\"thumbnailUrl\":\"https:\/\/www.thebusinesscouncil.ca\/wp-content\/uploads\/2023\/02\/MicrosoftTeams-image-48.png\",\"datePublished\":\"2023-02-07T19:25:48+00:00\",\"dateModified\":\"2023-04-12T18:33:27+00:00\",\"breadcrumb\":{\"@id\":\"https:\/\/www.thebusinesscouncil.ca\/fr\/publication\/accelerer-les-possibilites-pour-les-jeunes\/#breadcrumb\"},\"inLanguage\":\"fr-FR\",\"potentialAction\":[{\"@type\":\"ReadAction\",\"target\":[\"https:\/\/www.thebusinesscouncil.ca\/fr\/publication\/accelerer-les-possibilites-pour-les-jeunes\/\"]}]},{\"@type\":\"ImageObject\",\"inLanguage\":\"fr-FR\",\"@id\":\"https:\/\/www.thebusinesscouncil.ca\/fr\/publication\/accelerer-les-possibilites-pour-les-jeunes\/#primaryimage\",\"url\":\"https:\/\/www.thebusinesscouncil.ca\/wp-content\/uploads\/2023\/02\/MicrosoftTeams-image-48.png\",\"contentUrl\":\"https:\/\/www.thebusinesscouncil.ca\/wp-content\/uploads\/2023\/02\/MicrosoftTeams-image-48.png\",\"width\":1440,\"height\":900},{\"@type\":\"BreadcrumbList\",\"@id\":\"https:\/\/www.thebusinesscouncil.ca\/fr\/publication\/accelerer-les-possibilites-pour-les-jeunes\/#breadcrumb\",\"itemListElement\":[{\"@type\":\"ListItem\",\"position\":1,\"name\":\"Home\",\"item\":\"https:\/\/www.thebusinesscouncil.ca\/fr\/\"},{\"@type\":\"ListItem\",\"position\":2,\"name\":\"Acc\u00e9l\u00e9rer les possibilit\u00e9s pour les jeunes\"}]},{\"@type\":\"WebSite\",\"@id\":\"https:\/\/www.thebusinesscouncil.ca\/#website\",\"url\":\"https:\/\/www.thebusinesscouncil.ca\/\",\"name\":\"Business Council of Canada\",\"description\":\"\",\"publisher\":{\"@id\":\"https:\/\/www.thebusinesscouncil.ca\/#organization\"},\"potentialAction\":[{\"@type\":\"SearchAction\",\"target\":{\"@type\":\"EntryPoint\",\"urlTemplate\":\"https:\/\/www.thebusinesscouncil.ca\/?s={search_term_string}\"},\"query-input\":{\"@type\":\"PropertyValueSpecification\",\"valueRequired\":true,\"valueName\":\"search_term_string\"}}],\"inLanguage\":\"fr-FR\"},{\"@type\":\"Organization\",\"@id\":\"https:\/\/www.thebusinesscouncil.ca\/#organization\",\"name\":\"Business Council of Canada\",\"url\":\"https:\/\/www.thebusinesscouncil.ca\/\",\"logo\":{\"@type\":\"ImageObject\",\"inLanguage\":\"fr-FR\",\"@id\":\"https:\/\/www.thebusinesscouncil.ca\/#\/schema\/logo\/image\/\",\"url\":\"https:\/\/www.thebusinesscouncil.ca\/wp-content\/uploads\/2020\/10\/Business-Council-of-Canada-Generic.png\",\"contentUrl\":\"https:\/\/www.thebusinesscouncil.ca\/wp-content\/uploads\/2020\/10\/Business-Council-of-Canada-Generic.png\",\"width\":1440,\"height\":900,\"caption\":\"Business Council of Canada\"},\"image\":{\"@id\":\"https:\/\/www.thebusinesscouncil.ca\/#\/schema\/logo\/image\/\"},\"sameAs\":[\"https:\/\/x.com\/BizCouncilofCan\",\"https:\/\/www.linkedin.com\/company\/business-council-of-canda\",\"https:\/\/www.youtube.com\/user\/CdnCEOCouncil\"]}]}<\/script>\n<!-- \/ Yoast SEO plugin. -->","yoast_head_json":{"title":"Acc\u00e9l\u00e9rer les possibilit\u00e9s pour les jeunes | Business Council of Canada","robots":{"index":"index","follow":"follow","max-snippet":"max-snippet:-1","max-image-preview":"max-image-preview:large","max-video-preview":"max-video-preview:-1"},"canonical":"https:\/\/www.thebusinesscouncil.ca\/fr\/publication\/accelerer-les-possibilites-pour-les-jeunes\/","og_locale":"fr_FR","og_type":"article","og_title":"Acc\u00e9l\u00e9rer les possibilit\u00e9s pour les jeunes | Business Council of Canada","og_description":"Guy Cormier est convaincu que c\u2019est en \u00e9coutant les id\u00e9es et les passions des jeunes que l\u2019on peut susciter le changement et avoir un impact important sur la soci\u00e9t\u00e9. Il partage son point de vue \u00e0 l\u2019occasion de l\u2019annonce par...","og_url":"https:\/\/www.thebusinesscouncil.ca\/fr\/publication\/accelerer-les-possibilites-pour-les-jeunes\/","og_site_name":"Business Council of Canada","article_modified_time":"2023-04-12T18:33:27+00:00","og_image":[{"width":1440,"height":900,"url":"https:\/\/thebusinesscouncil.ca\/wp-content\/uploads\/2023\/02\/MicrosoftTeams-image-48.png","type":"image\/png"}],"twitter_card":"summary_large_image","twitter_site":"@BizCouncilofCan","schema":{"@context":"https:\/\/schema.org","@graph":[{"@type":"WebPage","@id":"https:\/\/www.thebusinesscouncil.ca\/fr\/publication\/accelerer-les-possibilites-pour-les-jeunes\/","url":"https:\/\/www.thebusinesscouncil.ca\/fr\/publication\/accelerer-les-possibilites-pour-les-jeunes\/","name":"Acc\u00e9l\u00e9rer les possibilit\u00e9s pour les jeunes | Business Council of Canada","isPartOf":{"@id":"https:\/\/www.thebusinesscouncil.ca\/#website"},"primaryImageOfPage":{"@id":"https:\/\/www.thebusinesscouncil.ca\/fr\/publication\/accelerer-les-possibilites-pour-les-jeunes\/#primaryimage"},"image":{"@id":"https:\/\/www.thebusinesscouncil.ca\/fr\/publication\/accelerer-les-possibilites-pour-les-jeunes\/#primaryimage"},"thumbnailUrl":"https:\/\/www.thebusinesscouncil.ca\/wp-content\/uploads\/2023\/02\/MicrosoftTeams-image-48.png","datePublished":"2023-02-07T19:25:48+00:00","dateModified":"2023-04-12T18:33:27+00:00","breadcrumb":{"@id":"https:\/\/www.thebusinesscouncil.ca\/fr\/publication\/accelerer-les-possibilites-pour-les-jeunes\/#breadcrumb"},"inLanguage":"fr-FR","potentialAction":[{"@type":"ReadAction","target":["https:\/\/www.thebusinesscouncil.ca\/fr\/publication\/accelerer-les-possibilites-pour-les-jeunes\/"]}]},{"@type":"ImageObject","inLanguage":"fr-FR","@id":"https:\/\/www.thebusinesscouncil.ca\/fr\/publication\/accelerer-les-possibilites-pour-les-jeunes\/#primaryimage","url":"https:\/\/www.thebusinesscouncil.ca\/wp-content\/uploads\/2023\/02\/MicrosoftTeams-image-48.png","contentUrl":"https:\/\/www.thebusinesscouncil.ca\/wp-content\/uploads\/2023\/02\/MicrosoftTeams-image-48.png","width":1440,"height":900},{"@type":"BreadcrumbList","@id":"https:\/\/www.thebusinesscouncil.ca\/fr\/publication\/accelerer-les-possibilites-pour-les-jeunes\/#breadcrumb","itemListElement":[{"@type":"ListItem","position":1,"name":"Home","item":"https:\/\/www.thebusinesscouncil.ca\/fr\/"},{"@type":"ListItem","position":2,"name":"Acc\u00e9l\u00e9rer les possibilit\u00e9s pour les jeunes"}]},{"@type":"WebSite","@id":"https:\/\/www.thebusinesscouncil.ca\/#website","url":"https:\/\/www.thebusinesscouncil.ca\/","name":"Business Council of Canada","description":"","publisher":{"@id":"https:\/\/www.thebusinesscouncil.ca\/#organization"},"potentialAction":[{"@type":"SearchAction","target":{"@type":"EntryPoint","urlTemplate":"https:\/\/www.thebusinesscouncil.ca\/?s={search_term_string}"},"query-input":{"@type":"PropertyValueSpecification","valueRequired":true,"valueName":"search_term_string"}}],"inLanguage":"fr-FR"},{"@type":"Organization","@id":"https:\/\/www.thebusinesscouncil.ca\/#organization","name":"Business Council of Canada","url":"https:\/\/www.thebusinesscouncil.ca\/","logo":{"@type":"ImageObject","inLanguage":"fr-FR","@id":"https:\/\/www.thebusinesscouncil.ca\/#\/schema\/logo\/image\/","url":"https:\/\/www.thebusinesscouncil.ca\/wp-content\/uploads\/2020\/10\/Business-Council-of-Canada-Generic.png","contentUrl":"https:\/\/www.thebusinesscouncil.ca\/wp-content\/uploads\/2020\/10\/Business-Council-of-Canada-Generic.png","width":1440,"height":900,"caption":"Business Council of Canada"},"image":{"@id":"https:\/\/www.thebusinesscouncil.ca\/#\/schema\/logo\/image\/"},"sameAs":["https:\/\/x.com\/BizCouncilofCan","https:\/\/www.linkedin.com\/company\/business-council-of-canda","https:\/\/www.youtube.com\/user\/CdnCEOCouncil"]}]}},"publishpress_future_workflow_manual_trigger":{"enabledWorkflows":[]},"_links":{"self":[{"href":"https:\/\/www.thebusinesscouncil.ca\/fr\/wp-json\/wp\/v2\/publication\/15260","targetHints":{"allow":["GET"]}}],"collection":[{"href":"https:\/\/www.thebusinesscouncil.ca\/fr\/wp-json\/wp\/v2\/publication"}],"about":[{"href":"https:\/\/www.thebusinesscouncil.ca\/fr\/wp-json\/wp\/v2\/types\/publication"}],"author":[{"embeddable":true,"href":"https:\/\/www.thebusinesscouncil.ca\/fr\/wp-json\/wp\/v2\/users\/234"}],"wp:featuredmedia":[{"embeddable":true,"href":"https:\/\/www.thebusinesscouncil.ca\/fr\/wp-json\/wp\/v2\/media\/14708"}],"wp:attachment":[{"href":"https:\/\/www.thebusinesscouncil.ca\/fr\/wp-json\/wp\/v2\/media?parent=15260"}],"wp:term":[{"taxonomy":"post_types","embeddable":true,"href":"https:\/\/www.thebusinesscouncil.ca\/fr\/wp-json\/wp\/v2\/post_types?post=15260"},{"taxonomy":"topics","embeddable":true,"href":"https:\/\/www.thebusinesscouncil.ca\/fr\/wp-json\/wp\/v2\/topics?post=15260"}],"curies":[{"name":"wp","href":"https:\/\/api.w.org\/{rel}","templated":true}]}}

<strong>Accélérer les possibilités pour les jeunes</strong>

<p>Guy Cormier est convaincu que c’est en écoutant les idées et les passions des jeunes que l’on peut susciter le changement et avoir un impact important sur la société. Il partage son point de vue à l’occasion de l’annonce par Desjardins du lancement de son nouvel événement &#8220;Rêver l’impossible&#8221;, qui réunira des centaines de jeunes à Montréal pour des ateliers et du réseautage afin de les aider à lancer de nouvelles initiatives.</p>



<blockquote class="wp-block-quote is-layout-flow wp-block-quote-is-layout-flow">
<p>« Trop souvent, on rejette les idées ou on conteste la légitimité d’occuper des fonctions sur le critère de l’âge. Je l’ai vécu dans ma carrière. C’est pourquoi je tiens tant, avec les moyens à ma disposition, à accompagner les jeunes et à leur ouvrir des portes. J’aimerais les amener plus rapidement à destination et leur faire une plus grande place. ».</p>
<cite>Guy Cormier,  président et chef de la direction, Desjardins</cite></blockquote>



<div class="wp-block-buttons is-layout-flex wp-block-buttons-is-layout-flex">
<div class="wp-block-button"><a class="wp-block-button__link wp-element-button" href="https://www.desjardins.com/on/fr/nouvelles/rever-l-impossible.html" target="_blank" rel="noreferrer noopener">Lire la suite</a></div>
</div>

<!-- This site is optimized with the Yoast SEO plugin v27.1.1 - https://yoast.com/product/yoast-seo-wordpress/ -->
<title>Accélérer les possibilités pour les jeunes | Business Council of Canada</title>
<meta name="robots" content="index, follow, max-snippet:-1, max-image-preview:large, max-video-preview:-1" />
<link rel="canonical" href="https://www.thebusinesscouncil.ca/fr/publication/accelerer-les-possibilites-pour-les-jeunes/" />
<meta property="og:locale" content="fr_FR" />
<meta property="og:type" content="article" />
<meta property="og:title" content="Accélérer les possibilités pour les jeunes | Business Council of Canada" />
<meta property="og:description" content="Guy Cormier est convaincu que c’est en écoutant les idées et les passions des jeunes que l’on peut susciter le changement et avoir un impact important sur la société. Il partage son point de vue à l’occasion de l’annonce par..." />
<meta property="og:url" content="https://www.thebusinesscouncil.ca/fr/publication/accelerer-les-possibilites-pour-les-jeunes/" />
<meta property="og:site_name" content="Business Council of Canada" />
<meta property="article:modified_time" content="2023-04-12T18:33:27+00:00" />
<meta property="og:image" content="https://thebusinesscouncil.ca/wp-content/uploads/2023/02/MicrosoftTeams-image-48.png" />
	<meta property="og:image:width" content="1440" />
	<meta property="og:image:height" content="900" />
	<meta property="og:image:type" content="image/png" />
<meta name="twitter:card" content="summary_large_image" />
<meta name="twitter:site" content="@BizCouncilofCan" />
<script type="application/ld+json" class="yoast-schema-graph">{"@context":"https://schema.org","@graph":[{"@type":"WebPage","@id":"https://www.thebusinesscouncil.ca/fr/publication/accelerer-les-possibilites-pour-les-jeunes/","url":"https://www.thebusinesscouncil.ca/fr/publication/accelerer-les-possibilites-pour-les-jeunes/","name":"Accélérer les possibilités pour les jeunes | Business Council of Canada","isPartOf":{"@id":"https://www.thebusinesscouncil.ca/#website"},"primaryImageOfPage":{"@id":"https://www.thebusinesscouncil.ca/fr/publication/accelerer-les-possibilites-pour-les-jeunes/#primaryimage"},"image":{"@id":"https://www.thebusinesscouncil.ca/fr/publication/accelerer-les-possibilites-pour-les-jeunes/#primaryimage"},"thumbnailUrl":"https://www.thebusinesscouncil.ca/wp-content/uploads/2023/02/MicrosoftTeams-image-48.png","datePublished":"2023-02-07T19:25:48+00:00","dateModified":"2023-04-12T18:33:27+00:00","breadcrumb":{"@id":"https://www.thebusinesscouncil.ca/fr/publication/accelerer-les-possibilites-pour-les-jeunes/#breadcrumb"},"inLanguage":"fr-FR","potentialAction":[{"@type":"ReadAction","target":["https://www.thebusinesscouncil.ca/fr/publication/accelerer-les-possibilites-pour-les-jeunes/"]}]},{"@type":"ImageObject","inLanguage":"fr-FR","@id":"https://www.thebusinesscouncil.ca/fr/publication/accelerer-les-possibilites-pour-les-jeunes/#primaryimage","url":"https://www.thebusinesscouncil.ca/wp-content/uploads/2023/02/MicrosoftTeams-image-48.png","contentUrl":"https://www.thebusinesscouncil.ca/wp-content/uploads/2023/02/MicrosoftTeams-image-48.png","width":1440,"height":900},{"@type":"BreadcrumbList","@id":"https://www.thebusinesscouncil.ca/fr/publication/accelerer-les-possibilites-pour-les-jeunes/#breadcrumb","itemListElement":[{"@type":"ListItem","position":1,"name":"Home","item":"https://www.thebusinesscouncil.ca/fr/"},{"@type":"ListItem","position":2,"name":"Accélérer les possibilités pour les jeunes"}]},{"@type":"WebSite","@id":"https://www.thebusinesscouncil.ca/#website","url":"https://www.thebusinesscouncil.ca/","name":"Business Council of Canada","description":"","publisher":{"@id":"https://www.thebusinesscouncil.ca/#organization"},"potentialAction":[{"@type":"SearchAction","target":{"@type":"EntryPoint","urlTemplate":"https://www.thebusinesscouncil.ca/?s={search_term_string}"},"query-input":{"@type":"PropertyValueSpecification","valueRequired":true,"valueName":"search_term_string"}}],"inLanguage":"fr-FR"},{"@type":"Organization","@id":"https://www.thebusinesscouncil.ca/#organization","name":"Business Council of Canada","url":"https://www.thebusinesscouncil.ca/","logo":{"@type":"ImageObject","inLanguage":"fr-FR","@id":"https://www.thebusinesscouncil.ca/#/schema/logo/image/","url":"https://www.thebusinesscouncil.ca/wp-content/uploads/2020/10/Business-Council-of-Canada-Generic.png","contentUrl":"https://www.thebusinesscouncil.ca/wp-content/uploads/2020/10/Business-Council-of-Canada-Generic.png","width":1440,"height":900,"caption":"Business Council of Canada"},"image":{"@id":"https://www.thebusinesscouncil.ca/#/schema/logo/image/"},"sameAs":["https://x.com/BizCouncilofCan","https://www.linkedin.com/company/business-council-of-canda","https://www.youtube.com/user/CdnCEOCouncil"]}]}</script>
<!-- / Yoast SEO plugin. -->

Accélérer les possibilités pour les jeunes | Business Council of Canada

Guy Cormier est convaincu que c’est en écoutant les idées et les passions des jeunes que l’on peut susciter le changement et avoir un impact important sur la société. Il partage son point de vue à l’occasion de l’annonce par...

Accélérer les possibilités pour les jeunes
