{"id":14242,"date":"2022-12-01T16:27:00","date_gmt":"2022-12-01T21:27:00","guid":{"rendered":"https:\/\/thebusinesscouncil.ca\/?post_type=publication&#038;p=14242"},"modified":"2022-12-15T16:28:02","modified_gmt":"2022-12-15T21:28:02","slug":"lelaboration-de-politiques-economiques-en-pratique","status":"publish","type":"publication","link":"https:\/\/www.thebusinesscouncil.ca\/fr\/publication\/lelaboration-de-politiques-economiques-en-pratique\/","title":{"rendered":"L\u2019\u00e9laboration de politiques \u00e9conomiques en pratique"},"content":{"rendered":"\n<p>Robert Asselin se joint \u00e0 Randall Bartlett et aux membres de l\u2019Association canadienne de science \u00e9conomique des affaires pour discuter en profondeur de sa carri\u00e8re, de la r\u00e9\u00e9mergence de l\u2019\u00e9conomie politique et de ce que le Canada peut faire pour \u00eatre concurrentiel \u00e0 l\u2019\u00e9chelle mondiale.<\/p>\n\n\n\n<blockquote class=\"wp-block-quote is-layout-flow wp-block-quote-is-layout-flow\"><p>\u00abDans quels domaines pensons-nous \u00eatre concurrentiels \u00e0 l\u2019avenir et comment pouvons-nous att\u00e9nuer les risques li\u00e9s aux investissements priv\u00e9s dans ces secteurs pour qu\u2019ils soient plus productifs?\u00bb<\/p><cite>Robert Asselin, Premier vice-pr\u00e9sident, Conseil canadien des affaires<\/cite><\/blockquote>\n\n\n\n<div class=\"wp-block-buttons is-layout-flex wp-block-buttons-is-layout-flex\">\n<div class=\"wp-block-button\"><a class=\"wp-block-button__link\" href=\"https:\/\/cabe.ca\/webinar\/economic-policymaking-in-practice-in-conversation-with-robert-asselin\/\" target=\"_blank\" rel=\"noreferrer noopener\">Regardez ici<\/a><\/div>\n<\/div>\n","protected":false},"author":234,"featured_media":8656,"template":"","post_types":[95],"topics":[86,88,91,83,84,90,66,67],"class_list":["post-14242","publication","type-publication","status-publish","has-post-thumbnail","hentry","post_types-dans-lactualite"],"acf":[],"yoast_head":"<!-- This site is optimized with the Yoast SEO plugin v27.1.1 - https:\/\/yoast.com\/product\/yoast-seo-wordpress\/ -->\n<title>L\u2019\u00e9laboration de politiques \u00e9conomiques en pratique | Business Council of Canada<\/title>\n<meta name=\"robots\" content=\"index, follow, max-snippet:-1, max-image-preview:large, max-video-preview:-1\" \/>\n<link rel=\"canonical\" href=\"https:\/\/www.thebusinesscouncil.ca\/fr\/publication\/lelaboration-de-politiques-economiques-en-pratique\/\" \/>\n<meta property=\"og:locale\" content=\"fr_FR\" \/>\n<meta property=\"og:type\" content=\"article\" \/>\n<meta property=\"og:title\" content=\"L\u2019\u00e9laboration de politiques \u00e9conomiques en pratique | Business Council of Canada\" \/>\n<meta property=\"og:description\" content=\"Robert Asselin se joint \u00e0 Randall Bartlett et aux membres de l\u2019Association canadienne de science \u00e9conomique des affaires pour discuter en profondeur de sa carri\u00e8re, de la r\u00e9\u00e9mergence de l\u2019\u00e9conomie politique et de ce que le Canada peut faire pour...\" \/>\n<meta property=\"og:url\" content=\"https:\/\/www.thebusinesscouncil.ca\/fr\/publication\/lelaboration-de-politiques-economiques-en-pratique\/\" \/>\n<meta property=\"og:site_name\" content=\"Business Council of Canada\" \/>\n<meta property=\"article:modified_time\" content=\"2022-12-15T21:28:02+00:00\" \/>\n<meta property=\"og:image\" content=\"https:\/\/thebusinesscouncil.ca\/wp-content\/uploads\/2022\/07\/In-The-News_TV_RobertAsselin.png\" \/>\n\t<meta property=\"og:image:width\" content=\"4400\" \/>\n\t<meta property=\"og:image:height\" content=\"2750\" \/>\n\t<meta property=\"og:image:type\" content=\"image\/png\" \/>\n<meta name=\"twitter:card\" content=\"summary_large_image\" \/>\n<meta name=\"twitter:site\" content=\"@BizCouncilofCan\" \/>\n<script type=\"application\/ld+json\" class=\"yoast-schema-graph\">{\"@context\":\"https:\/\/schema.org\",\"@graph\":[{\"@type\":\"WebPage\",\"@id\":\"https:\/\/www.thebusinesscouncil.ca\/fr\/publication\/lelaboration-de-politiques-economiques-en-pratique\/\",\"url\":\"https:\/\/www.thebusinesscouncil.ca\/fr\/publication\/lelaboration-de-politiques-economiques-en-pratique\/\",\"name\":\"L\u2019\u00e9laboration de politiques \u00e9conomiques en pratique | Business Council of Canada\",\"isPartOf\":{\"@id\":\"https:\/\/www.thebusinesscouncil.ca\/#website\"},\"primaryImageOfPage\":{\"@id\":\"https:\/\/www.thebusinesscouncil.ca\/fr\/publication\/lelaboration-de-politiques-economiques-en-pratique\/#primaryimage\"},\"image\":{\"@id\":\"https:\/\/www.thebusinesscouncil.ca\/fr\/publication\/lelaboration-de-politiques-economiques-en-pratique\/#primaryimage\"},\"thumbnailUrl\":\"https:\/\/www.thebusinesscouncil.ca\/wp-content\/uploads\/2022\/07\/In-The-News_TV_RobertAsselin.png\",\"datePublished\":\"2022-12-01T21:27:00+00:00\",\"dateModified\":\"2022-12-15T21:28:02+00:00\",\"breadcrumb\":{\"@id\":\"https:\/\/www.thebusinesscouncil.ca\/fr\/publication\/lelaboration-de-politiques-economiques-en-pratique\/#breadcrumb\"},\"inLanguage\":\"fr-FR\",\"potentialAction\":[{\"@type\":\"ReadAction\",\"target\":[\"https:\/\/www.thebusinesscouncil.ca\/fr\/publication\/lelaboration-de-politiques-economiques-en-pratique\/\"]}]},{\"@type\":\"ImageObject\",\"inLanguage\":\"fr-FR\",\"@id\":\"https:\/\/www.thebusinesscouncil.ca\/fr\/publication\/lelaboration-de-politiques-economiques-en-pratique\/#primaryimage\",\"url\":\"https:\/\/www.thebusinesscouncil.ca\/wp-content\/uploads\/2022\/07\/In-The-News_TV_RobertAsselin.png\",\"contentUrl\":\"https:\/\/www.thebusinesscouncil.ca\/wp-content\/uploads\/2022\/07\/In-The-News_TV_RobertAsselin.png\",\"width\":4400,\"height\":2750},{\"@type\":\"BreadcrumbList\",\"@id\":\"https:\/\/www.thebusinesscouncil.ca\/fr\/publication\/lelaboration-de-politiques-economiques-en-pratique\/#breadcrumb\",\"itemListElement\":[{\"@type\":\"ListItem\",\"position\":1,\"name\":\"Home\",\"item\":\"https:\/\/www.thebusinesscouncil.ca\/fr\/\"},{\"@type\":\"ListItem\",\"position\":2,\"name\":\"L\u2019\u00e9laboration de politiques \u00e9conomiques en pratique\"}]},{\"@type\":\"WebSite\",\"@id\":\"https:\/\/www.thebusinesscouncil.ca\/#website\",\"url\":\"https:\/\/www.thebusinesscouncil.ca\/\",\"name\":\"Business Council of Canada\",\"description\":\"\",\"publisher\":{\"@id\":\"https:\/\/www.thebusinesscouncil.ca\/#organization\"},\"potentialAction\":[{\"@type\":\"SearchAction\",\"target\":{\"@type\":\"EntryPoint\",\"urlTemplate\":\"https:\/\/www.thebusinesscouncil.ca\/?s={search_term_string}\"},\"query-input\":{\"@type\":\"PropertyValueSpecification\",\"valueRequired\":true,\"valueName\":\"search_term_string\"}}],\"inLanguage\":\"fr-FR\"},{\"@type\":\"Organization\",\"@id\":\"https:\/\/www.thebusinesscouncil.ca\/#organization\",\"name\":\"Business Council of Canada\",\"url\":\"https:\/\/www.thebusinesscouncil.ca\/\",\"logo\":{\"@type\":\"ImageObject\",\"inLanguage\":\"fr-FR\",\"@id\":\"https:\/\/www.thebusinesscouncil.ca\/#\/schema\/logo\/image\/\",\"url\":\"https:\/\/www.thebusinesscouncil.ca\/wp-content\/uploads\/2020\/10\/Business-Council-of-Canada-Generic.png\",\"contentUrl\":\"https:\/\/www.thebusinesscouncil.ca\/wp-content\/uploads\/2020\/10\/Business-Council-of-Canada-Generic.png\",\"width\":1440,\"height\":900,\"caption\":\"Business Council of Canada\"},\"image\":{\"@id\":\"https:\/\/www.thebusinesscouncil.ca\/#\/schema\/logo\/image\/\"},\"sameAs\":[\"https:\/\/x.com\/BizCouncilofCan\",\"https:\/\/www.linkedin.com\/company\/business-council-of-canda\",\"https:\/\/www.youtube.com\/user\/CdnCEOCouncil\"]}]}<\/script>\n<!-- \/ Yoast SEO plugin. -->","yoast_head_json":{"title":"L\u2019\u00e9laboration de politiques \u00e9conomiques en pratique | Business Council of Canada","robots":{"index":"index","follow":"follow","max-snippet":"max-snippet:-1","max-image-preview":"max-image-preview:large","max-video-preview":"max-video-preview:-1"},"canonical":"https:\/\/www.thebusinesscouncil.ca\/fr\/publication\/lelaboration-de-politiques-economiques-en-pratique\/","og_locale":"fr_FR","og_type":"article","og_title":"L\u2019\u00e9laboration de politiques \u00e9conomiques en pratique | Business Council of Canada","og_description":"Robert Asselin se joint \u00e0 Randall Bartlett et aux membres de l\u2019Association canadienne de science \u00e9conomique des affaires pour discuter en profondeur de sa carri\u00e8re, de la r\u00e9\u00e9mergence de l\u2019\u00e9conomie politique et de ce que le Canada peut faire pour...","og_url":"https:\/\/www.thebusinesscouncil.ca\/fr\/publication\/lelaboration-de-politiques-economiques-en-pratique\/","og_site_name":"Business Council of Canada","article_modified_time":"2022-12-15T21:28:02+00:00","og_image":[{"width":4400,"height":2750,"url":"https:\/\/thebusinesscouncil.ca\/wp-content\/uploads\/2022\/07\/In-The-News_TV_RobertAsselin.png","type":"image\/png"}],"twitter_card":"summary_large_image","twitter_site":"@BizCouncilofCan","schema":{"@context":"https:\/\/schema.org","@graph":[{"@type":"WebPage","@id":"https:\/\/www.thebusinesscouncil.ca\/fr\/publication\/lelaboration-de-politiques-economiques-en-pratique\/","url":"https:\/\/www.thebusinesscouncil.ca\/fr\/publication\/lelaboration-de-politiques-economiques-en-pratique\/","name":"L\u2019\u00e9laboration de politiques \u00e9conomiques en pratique | Business Council of Canada","isPartOf":{"@id":"https:\/\/www.thebusinesscouncil.ca\/#website"},"primaryImageOfPage":{"@id":"https:\/\/www.thebusinesscouncil.ca\/fr\/publication\/lelaboration-de-politiques-economiques-en-pratique\/#primaryimage"},"image":{"@id":"https:\/\/www.thebusinesscouncil.ca\/fr\/publication\/lelaboration-de-politiques-economiques-en-pratique\/#primaryimage"},"thumbnailUrl":"https:\/\/www.thebusinesscouncil.ca\/wp-content\/uploads\/2022\/07\/In-The-News_TV_RobertAsselin.png","datePublished":"2022-12-01T21:27:00+00:00","dateModified":"2022-12-15T21:28:02+00:00","breadcrumb":{"@id":"https:\/\/www.thebusinesscouncil.ca\/fr\/publication\/lelaboration-de-politiques-economiques-en-pratique\/#breadcrumb"},"inLanguage":"fr-FR","potentialAction":[{"@type":"ReadAction","target":["https:\/\/www.thebusinesscouncil.ca\/fr\/publication\/lelaboration-de-politiques-economiques-en-pratique\/"]}]},{"@type":"ImageObject","inLanguage":"fr-FR","@id":"https:\/\/www.thebusinesscouncil.ca\/fr\/publication\/lelaboration-de-politiques-economiques-en-pratique\/#primaryimage","url":"https:\/\/www.thebusinesscouncil.ca\/wp-content\/uploads\/2022\/07\/In-The-News_TV_RobertAsselin.png","contentUrl":"https:\/\/www.thebusinesscouncil.ca\/wp-content\/uploads\/2022\/07\/In-The-News_TV_RobertAsselin.png","width":4400,"height":2750},{"@type":"BreadcrumbList","@id":"https:\/\/www.thebusinesscouncil.ca\/fr\/publication\/lelaboration-de-politiques-economiques-en-pratique\/#breadcrumb","itemListElement":[{"@type":"ListItem","position":1,"name":"Home","item":"https:\/\/www.thebusinesscouncil.ca\/fr\/"},{"@type":"ListItem","position":2,"name":"L\u2019\u00e9laboration de politiques \u00e9conomiques en pratique"}]},{"@type":"WebSite","@id":"https:\/\/www.thebusinesscouncil.ca\/#website","url":"https:\/\/www.thebusinesscouncil.ca\/","name":"Business Council of Canada","description":"","publisher":{"@id":"https:\/\/www.thebusinesscouncil.ca\/#organization"},"potentialAction":[{"@type":"SearchAction","target":{"@type":"EntryPoint","urlTemplate":"https:\/\/www.thebusinesscouncil.ca\/?s={search_term_string}"},"query-input":{"@type":"PropertyValueSpecification","valueRequired":true,"valueName":"search_term_string"}}],"inLanguage":"fr-FR"},{"@type":"Organization","@id":"https:\/\/www.thebusinesscouncil.ca\/#organization","name":"Business Council of Canada","url":"https:\/\/www.thebusinesscouncil.ca\/","logo":{"@type":"ImageObject","inLanguage":"fr-FR","@id":"https:\/\/www.thebusinesscouncil.ca\/#\/schema\/logo\/image\/","url":"https:\/\/www.thebusinesscouncil.ca\/wp-content\/uploads\/2020\/10\/Business-Council-of-Canada-Generic.png","contentUrl":"https:\/\/www.thebusinesscouncil.ca\/wp-content\/uploads\/2020\/10\/Business-Council-of-Canada-Generic.png","width":1440,"height":900,"caption":"Business Council of Canada"},"image":{"@id":"https:\/\/www.thebusinesscouncil.ca\/#\/schema\/logo\/image\/"},"sameAs":["https:\/\/x.com\/BizCouncilofCan","https:\/\/www.linkedin.com\/company\/business-council-of-canda","https:\/\/www.youtube.com\/user\/CdnCEOCouncil"]}]}},"publishpress_future_workflow_manual_trigger":{"enabledWorkflows":[]},"_links":{"self":[{"href":"https:\/\/www.thebusinesscouncil.ca\/fr\/wp-json\/wp\/v2\/publication\/14242","targetHints":{"allow":["GET"]}}],"collection":[{"href":"https:\/\/www.thebusinesscouncil.ca\/fr\/wp-json\/wp\/v2\/publication"}],"about":[{"href":"https:\/\/www.thebusinesscouncil.ca\/fr\/wp-json\/wp\/v2\/types\/publication"}],"author":[{"embeddable":true,"href":"https:\/\/www.thebusinesscouncil.ca\/fr\/wp-json\/wp\/v2\/users\/234"}],"wp:featuredmedia":[{"embeddable":true,"href":"https:\/\/www.thebusinesscouncil.ca\/fr\/wp-json\/wp\/v2\/media\/8656"}],"wp:attachment":[{"href":"https:\/\/www.thebusinesscouncil.ca\/fr\/wp-json\/wp\/v2\/media?parent=14242"}],"wp:term":[{"taxonomy":"post_types","embeddable":true,"href":"https:\/\/www.thebusinesscouncil.ca\/fr\/wp-json\/wp\/v2\/post_types?post=14242"},{"taxonomy":"topics","embeddable":true,"href":"https:\/\/www.thebusinesscouncil.ca\/fr\/wp-json\/wp\/v2\/topics?post=14242"}],"curies":[{"name":"wp","href":"https:\/\/api.w.org\/{rel}","templated":true}]}}

L’élaboration de politiques économiques en pratique

<p>Robert Asselin se joint à Randall Bartlett et aux membres de l’Association canadienne de science économique des affaires pour discuter en profondeur de sa carrière, de la réémergence de l’économie politique et de ce que le Canada peut faire pour être concurrentiel à l’échelle mondiale.</p>



<blockquote class="wp-block-quote is-layout-flow wp-block-quote-is-layout-flow"><p>«Dans quels domaines pensons-nous être concurrentiels à l’avenir et comment pouvons-nous atténuer les risques liés aux investissements privés dans ces secteurs pour qu’ils soient plus productifs?»</p><cite>Robert Asselin, Premier vice-président, Conseil canadien des affaires</cite></blockquote>



<div class="wp-block-buttons is-layout-flex wp-block-buttons-is-layout-flex">
<div class="wp-block-button"><a class="wp-block-button__link" href="https://cabe.ca/webinar/economic-policymaking-in-practice-in-conversation-with-robert-asselin/" target="_blank" rel="noreferrer noopener">Regardez ici</a></div>
</div>

<!-- This site is optimized with the Yoast SEO plugin v27.1.1 - https://yoast.com/product/yoast-seo-wordpress/ -->
<title>L’élaboration de politiques économiques en pratique | Business Council of Canada</title>
<meta name="robots" content="index, follow, max-snippet:-1, max-image-preview:large, max-video-preview:-1" />
<link rel="canonical" href="https://www.thebusinesscouncil.ca/fr/publication/lelaboration-de-politiques-economiques-en-pratique/" />
<meta property="og:locale" content="fr_FR" />
<meta property="og:type" content="article" />
<meta property="og:title" content="L’élaboration de politiques économiques en pratique | Business Council of Canada" />
<meta property="og:description" content="Robert Asselin se joint à Randall Bartlett et aux membres de l’Association canadienne de science économique des affaires pour discuter en profondeur de sa carrière, de la réémergence de l’économie politique et de ce que le Canada peut faire pour..." />
<meta property="og:url" content="https://www.thebusinesscouncil.ca/fr/publication/lelaboration-de-politiques-economiques-en-pratique/" />
<meta property="og:site_name" content="Business Council of Canada" />
<meta property="article:modified_time" content="2022-12-15T21:28:02+00:00" />
<meta property="og:image" content="https://thebusinesscouncil.ca/wp-content/uploads/2022/07/In-The-News_TV_RobertAsselin.png" />
	<meta property="og:image:width" content="4400" />
	<meta property="og:image:height" content="2750" />
	<meta property="og:image:type" content="image/png" />
<meta name="twitter:card" content="summary_large_image" />
<meta name="twitter:site" content="@BizCouncilofCan" />
<script type="application/ld+json" class="yoast-schema-graph">{"@context":"https://schema.org","@graph":[{"@type":"WebPage","@id":"https://www.thebusinesscouncil.ca/fr/publication/lelaboration-de-politiques-economiques-en-pratique/","url":"https://www.thebusinesscouncil.ca/fr/publication/lelaboration-de-politiques-economiques-en-pratique/","name":"L’élaboration de politiques économiques en pratique | Business Council of Canada","isPartOf":{"@id":"https://www.thebusinesscouncil.ca/#website"},"primaryImageOfPage":{"@id":"https://www.thebusinesscouncil.ca/fr/publication/lelaboration-de-politiques-economiques-en-pratique/#primaryimage"},"image":{"@id":"https://www.thebusinesscouncil.ca/fr/publication/lelaboration-de-politiques-economiques-en-pratique/#primaryimage"},"thumbnailUrl":"https://www.thebusinesscouncil.ca/wp-content/uploads/2022/07/In-The-News_TV_RobertAsselin.png","datePublished":"2022-12-01T21:27:00+00:00","dateModified":"2022-12-15T21:28:02+00:00","breadcrumb":{"@id":"https://www.thebusinesscouncil.ca/fr/publication/lelaboration-de-politiques-economiques-en-pratique/#breadcrumb"},"inLanguage":"fr-FR","potentialAction":[{"@type":"ReadAction","target":["https://www.thebusinesscouncil.ca/fr/publication/lelaboration-de-politiques-economiques-en-pratique/"]}]},{"@type":"ImageObject","inLanguage":"fr-FR","@id":"https://www.thebusinesscouncil.ca/fr/publication/lelaboration-de-politiques-economiques-en-pratique/#primaryimage","url":"https://www.thebusinesscouncil.ca/wp-content/uploads/2022/07/In-The-News_TV_RobertAsselin.png","contentUrl":"https://www.thebusinesscouncil.ca/wp-content/uploads/2022/07/In-The-News_TV_RobertAsselin.png","width":4400,"height":2750},{"@type":"BreadcrumbList","@id":"https://www.thebusinesscouncil.ca/fr/publication/lelaboration-de-politiques-economiques-en-pratique/#breadcrumb","itemListElement":[{"@type":"ListItem","position":1,"name":"Home","item":"https://www.thebusinesscouncil.ca/fr/"},{"@type":"ListItem","position":2,"name":"L’élaboration de politiques économiques en pratique"}]},{"@type":"WebSite","@id":"https://www.thebusinesscouncil.ca/#website","url":"https://www.thebusinesscouncil.ca/","name":"Business Council of Canada","description":"","publisher":{"@id":"https://www.thebusinesscouncil.ca/#organization"},"potentialAction":[{"@type":"SearchAction","target":{"@type":"EntryPoint","urlTemplate":"https://www.thebusinesscouncil.ca/?s={search_term_string}"},"query-input":{"@type":"PropertyValueSpecification","valueRequired":true,"valueName":"search_term_string"}}],"inLanguage":"fr-FR"},{"@type":"Organization","@id":"https://www.thebusinesscouncil.ca/#organization","name":"Business Council of Canada","url":"https://www.thebusinesscouncil.ca/","logo":{"@type":"ImageObject","inLanguage":"fr-FR","@id":"https://www.thebusinesscouncil.ca/#/schema/logo/image/","url":"https://www.thebusinesscouncil.ca/wp-content/uploads/2020/10/Business-Council-of-Canada-Generic.png","contentUrl":"https://www.thebusinesscouncil.ca/wp-content/uploads/2020/10/Business-Council-of-Canada-Generic.png","width":1440,"height":900,"caption":"Business Council of Canada"},"image":{"@id":"https://www.thebusinesscouncil.ca/#/schema/logo/image/"},"sameAs":["https://x.com/BizCouncilofCan","https://www.linkedin.com/company/business-council-of-canda","https://www.youtube.com/user/CdnCEOCouncil"]}]}</script>
<!-- / Yoast SEO plugin. -->

L’élaboration de politiques économiques en pratique | Business Council of Canada

Robert Asselin se joint à Randall Bartlett et aux membres de l’Association canadienne de science économique des affaires pour discuter en profondeur de sa carrière, de la réémergence de l’économie politique et de ce que le Canada peut faire pour...
