{"version":"1.0","provider_name":"Business Council of Canada","provider_url":"https:\/\/www.thebusinesscouncil.ca\/fr\/","title":"Acc\u00e9l\u00e9rer les possibilit\u00e9s pour les jeunes | Business Council of Canada","type":"rich","width":600,"height":338,"html":"<blockquote class=\"wp-embedded-content\" data-secret=\"DY34IphJ3n\"><a href=\"https:\/\/www.thebusinesscouncil.ca\/fr\/publication\/accelerer-les-possibilites-pour-les-jeunes\/\"><strong>Acc\u00e9l\u00e9rer les possibilit\u00e9s pour les jeunes<\/strong><\/a><\/blockquote><iframe sandbox=\"allow-scripts\" security=\"restricted\" src=\"https:\/\/www.thebusinesscouncil.ca\/fr\/publication\/accelerer-les-possibilites-pour-les-jeunes\/embed\/#?secret=DY34IphJ3n\" width=\"600\" height=\"338\" title=\"&#8220;&lt;strong&gt;Acc\u00e9l\u00e9rer les possibilit\u00e9s pour les jeunes&lt;\/strong&gt;&#8221; &#8212; Business Council of Canada\" data-secret=\"DY34IphJ3n\" frameborder=\"0\" marginwidth=\"0\" marginheight=\"0\" scrolling=\"no\" class=\"wp-embedded-content\"><\/iframe><script type=\"text\/javascript\">\n\/* <![CDATA[ *\/\n\/*! This file is auto-generated *\/\n!function(d,l){\"use strict\";l.querySelector&&d.addEventListener&&\"undefined\"!=typeof URL&&(d.wp=d.wp||{},d.wp.receiveEmbedMessage||(d.wp.receiveEmbedMessage=function(e){var t=e.data;if((t||t.secret||t.message||t.value)&&!\/[^a-zA-Z0-9]\/.test(t.secret)){for(var s,r,n,a=l.querySelectorAll('iframe[data-secret=\"'+t.secret+'\"]'),o=l.querySelectorAll('blockquote[data-secret=\"'+t.secret+'\"]'),c=new RegExp(\"^https?:$\",\"i\"),i=0;i<o.length;i++)o[i].style.display=\"none\";for(i=0;i<a.length;i++)s=a[i],e.source===s.contentWindow&&(s.removeAttribute(\"style\"),\"height\"===t.message?(1e3<(r=parseInt(t.value,10))?r=1e3:~~r<200&&(r=200),s.height=r):\"link\"===t.message&&(r=new URL(s.getAttribute(\"src\")),n=new URL(t.value),c.test(n.protocol))&&n.host===r.host&&l.activeElement===s&&(d.top.location.href=t.value))}},d.addEventListener(\"message\",d.wp.receiveEmbedMessage,!1),l.addEventListener(\"DOMContentLoaded\",function(){for(var e,t,s=l.querySelectorAll(\"iframe.wp-embedded-content\"),r=0;r<s.length;r++)(t=(e=s[r]).getAttribute(\"data-secret\"))||(t=Math.random().toString(36).substring(2,12),e.src+=\"#?secret=\"+t,e.setAttribute(\"data-secret\",t)),e.contentWindow.postMessage({message:\"ready\",secret:t},\"*\")},!1)))}(window,document);\n\/\/# sourceURL=https:\/\/www.thebusinesscouncil.ca\/wp-includes\/js\/wp-embed.min.js\n\/* ]]> *\/\n<\/script>\n","thumbnail_url":"https:\/\/thebusinesscouncil.ca\/wp-content\/uploads\/2023\/02\/MicrosoftTeams-image-48.png","thumbnail_width":1440,"thumbnail_height":900,"description":"Guy Cormier est convaincu que c\u2019est en \u00e9coutant les id\u00e9es et les passions des jeunes que l\u2019on peut susciter le changement et avoir un impact important sur la soci\u00e9t\u00e9. Il partage son point de vue \u00e0 l\u2019occasion de l\u2019annonce par..."}

Accélérer les possibilités pour les jeunes | Business Council of Canada

<blockquote class="wp-embedded-content" data-secret="DY34IphJ3n"><a href="https://www.thebusinesscouncil.ca/fr/publication/accelerer-les-possibilites-pour-les-jeunes/"><strong>Accélérer les possibilités pour les jeunes</strong></a></blockquote><iframe sandbox="allow-scripts" security="restricted" src="https://www.thebusinesscouncil.ca/fr/publication/accelerer-les-possibilites-pour-les-jeunes/embed/#?secret=DY34IphJ3n" width="600" height="338" title="&#8220;&lt;strong&gt;Accélérer les possibilités pour les jeunes&lt;/strong&gt;&#8221; &#8212; Business Council of Canada" data-secret="DY34IphJ3n" frameborder="0" marginwidth="0" marginheight="0" scrolling="no" class="wp-embedded-content"></iframe><script type="text/javascript">
/* <![CDATA[ */
/*! This file is auto-generated */
!function(d,l){"use strict";l.querySelector&&d.addEventListener&&"undefined"!=typeof URL&&(d.wp=d.wp||{},d.wp.receiveEmbedMessage||(d.wp.receiveEmbedMessage=function(e){var t=e.data;if((t||t.secret||t.message||t.value)&&!/[^a-zA-Z0-9]/.test(t.secret)){for(var s,r,n,a=l.querySelectorAll('iframe[data-secret="'+t.secret+'"]'),o=l.querySelectorAll('blockquote[data-secret="'+t.secret+'"]'),c=new RegExp("^https?:$","i"),i=0;i<o.length;i++)o[i].style.display="none";for(i=0;i<a.length;i++)s=a[i],e.source===s.contentWindow&&(s.removeAttribute("style"),"height"===t.message?(1e3<(r=parseInt(t.value,10))?r=1e3:~~r<200&&(r=200),s.height=r):"link"===t.message&&(r=new URL(s.getAttribute("src")),n=new URL(t.value),c.test(n.protocol))&&n.host===r.host&&l.activeElement===s&&(d.top.location.href=t.value))}},d.addEventListener("message",d.wp.receiveEmbedMessage,!1),l.addEventListener("DOMContentLoaded",function(){for(var e,t,s=l.querySelectorAll("iframe.wp-embedded-content"),r=0;r<s.length;r++)(t=(e=s[r]).getAttribute("data-secret"))||(t=Math.random().toString(36).substring(2,12),e.src+="#?secret="+t,e.setAttribute("data-secret",t)),e.contentWindow.postMessage({message:"ready",secret:t},"*")},!1)))}(window,document);
//# sourceURL=https://www.thebusinesscouncil.ca/wp-includes/js/wp-embed.min.js
/* ]]> */
</script>

Guy Cormier est convaincu que c’est en écoutant les idées et les passions des jeunes que l’on peut susciter le changement et avoir un impact important sur la société. Il partage son point de vue à l’occasion de l’annonce par...
